UI.pm #Debug code added by Kenneth as guided by CC for item 1576 debugging print STDERR "KENNETH DEBUG DUMP\n"; print STDERR $query->Dump(); print STDERR "ZERO PARAMS FAILURE:\n ", join(' ', map{ my $l="$_ = $ENV{$_}\n"; $l} keys( %ENV )), "\n" unless scalar($query->param()); my $session = new TWiki( $user, $query ); $session->enterContext( 'command_line' ) if $scripted; local $SIG{__DIE__} = \&Carp::confess; # Kenneth Lavrsen's httpd.conf file for TWiki. #Anti-sucker BrowserMatchNoCase ^SiteSucker suckers BrowserMatchNoCase ^iGetter suckers BrowserMatchNoCase ^larbin suckers BrowserMatchNoCase ^LeechGet suckers BrowserMatchNoCase ^RealDownload suckers BrowserMatchNoCase ^Teleport suckers BrowserMatchNoCase ^Webwhacker suckers BrowserMatchNoCase ^WebDevil suckers BrowserMatchNoCase ^Webzip suckers BrowserMatchNoCase ^Attache suckers BrowserMatchNoCase ^SiteSnagger suckers BrowserMatchNoCase ^WX_mail suckers BrowserMatchNoCase ^EmailCollector suckers BrowserMatchNoCase ^WhoWhere suckers BrowserMatchNoCase ^Roverbot suckers BrowserMatchNoCase ^ActiveAgent suckers BrowserMatchNoCase ^EmailSiphon suckers #Mod_perl preloading PerlSwitches -T Perlrequire /usr/local/apache2/conf/dakar-perl-uses.pl # The first parameter will be part of the URL to your installation e.g. # http://my.co.uk/twiki/bin/view/... # The second parameter must point to the physical path on your disc. Be # careful not to lose any trailing /'s. #### Change the _second_ path to match your local installation ScriptAlias /twiki/bin "/usr/local/apache2/twiki/bin" # This defines a url that points to the root of the twiki installation. It is # used to access files in the pub directory (attachments etc) # It must come _after_ the ScriptAlias. #### Change the path to match your local installation Alias /twiki "/usr/local/apache2/twiki" # This specifies the options on the TWiki scripts directory. The ExecCGI # and SetHandler tell apache that it contains scripts. "Allow from all" # lets any IP address access this URL. #### Change the path to match your local installation AllowOverride All Deny from env=suckers Allow From All # Password file for TWiki users AuthUserFile /usr/local/apache2/twiki/data/.htpasswd AuthName 'Enter your WikiName: (First name and last name, no space, no dots, capitalized, e.g. JohnSmith). Cancel to register if you do not have one.' AuthType Basic # File to return on access control error (e.g. wrong password) # By convention this is the TWikiRegistration page, that allows users # to register with the TWiki. Apache requires this to be a *local* path. ErrorDocument 401 /twiki/bin/view/TWiki/TWikiRegistration SetHandler cgi-script Order deny,allow Deny from all Allow from 192.168.1.4 192.168.1.9 127.0.0.1 require valid-user Options +ExecCGI +FollowSymLinks SetHandler perl-script PerlResponseHandler ModPerl::Registry PerlSendHeader On PerlOptions +ParseHeaders Options +ExecCGI +FollowSymLinks SetHandler cgi-script # This sets the options on the pub directory, which contains attachments and # other files like CSS stylesheets and icons. AllowOverride None stops a # user installing a .htaccess file that overrides these options. # Note that files in pub are *not* protected by TWiki Access Controls, # so if you want to control access to files attached to topics, you may # need to add your own .htaccess files to subdirectories of pub. See the # Apache documentation on .htaccess for more info. #### Change the path to match your local installation Options FollowSymLinks +Includes AllowOverride None Allow from all # Security note: All other directories should be set so # that they are *not* visible as URLs, so we set them as =deny from all=. #### Change the paths to match your local installation deny from all deny from all deny from all deny from all
128.117.193.95 - - [28/Feb/2006:00:27:01 +0100] "GET /twiki/pub/Motion/WebPreferences/motion-trans.gif HTTP/1.1" 200 1948 "http://www.lavrsen.dk/twiki/bin/view/Motion/WebHome" "Mozilla/5.0 (X11; U; Linux i686; en-US; rv:1.8) Gecko/20051111 Firefox/1.5"
128.117.193.95 - - [28/Feb/2006:00:27:01 +0100] "GET /twiki/pub/TWiki/TWikiDocGraphics/arrowright.gif HTTP/1.1" 200 97 "http://www.lavrsen.dk/twiki/bin/view/Motion/WebHome" "Mozilla/5.0 (X11; U; Linux i686; en-US; rv:1.8) Gecko/20051111 Firefox/1.5"
128.117.193.95 - - [28/Feb/2006:00:27:02 +0100] "GET /twiki/pub/TWiki/TWikiDocGraphics/searchtopic.gif HTTP/1.1" 200 580 "http://www.lavrsen.dk/twiki/bin/view/Motion/WebHome" "Mozilla/5.0 (X11; U; Linux i686; en-US; rv:1.8) Gecko/20051111 Firefox/1.5"
128.117.193.95 - - [28/Feb/2006:00:27:02 +0100] "GET /twiki/pub/TWiki/TWikiDocGraphics/key.gif HTTP/1.1" 200 91 "http://www.lavrsen.dk/twiki/bin/view/Motion/WebHome" "Mozilla/5.0 (X11; U; Linux i686; en-US; rv:1.8) Gecko/20051111 Firefox/1.5"
128.117.193.95 - - [28/Feb/2006:00:27:02 +0100] "GET /twiki/pub/TWiki/TWikiDocGraphics/web-bg.gif HTTP/1.1" 200 85 "http://www.lavrsen.dk/twiki/bin/view/Motion/WebHome" "Mozilla/5.0 (X11; U; Linux i686; en-US; rv:1.8) Gecko/20051111 Firefox/1.5"
128.117.193.95 - - [28/Feb/2006:00:27:02 +0100] "GET /twiki/pub/TWiki/TWikiDocGraphics/web-bg-small.gif HTTP/1.1" 200 77 "http://www.lavrsen.dk/twiki/bin/view/Motion/WebHome" "Mozilla/5.0 (X11; U; Linux i686; en-US; rv:1.8) Gecko/20051111 Firefox/1.5"
128.117.193.95 - - [28/Feb/2006:00:27:02 +0100] "GET /twiki/bin/view/Motion/WebHome HTTP/1.1" 200 26956 "http://www.lavrsen.dk/twiki/bin/view/Motion/WebHome" "Mozilla/5.0 (X11; U; Linux i686; en-US; rv:1.8) Gecko/20051111 Firefox/1.5"
65.54.188.92 - - [28/Feb/2006:00:27:07 +0100] "GET /twiki/bin/view/TWiki/TWikiSite HTTP/1.0" 200 23830 "-" "msnbot/1.0 (+http://search.msn.com/msnbot.htm)"
65.31.75.197 - - [28/Feb/2006:00:27:09 +0100] "GET /twiki/bin/view/Motion/WebHome HTTP/1.1" 200 26956 "-" "Mozilla/4.0 (compatible; Powermarks/3.5; Windows 95/98/2000/NT)"
203.221.251.99 - - [28/Feb/2006:00:27:23 +0100] "GET /twiki/bin/view/Open2300/FrequentlyAskedQuestions HTTP/1.1" 200 17829 "http://www.lavrsen.dk/twiki/bin/view/Open2300/WebHome" "Mozilla/5.0 (Photon; U; QNX x86pc; en-US; rv:1.7.5) Gecko/20041126 Firefox/1.0"
80.221.240.228 - - [28/Feb/2006:00:27:33 +0100] "GET /twiki/pub/TWiki/TWikiJavascripts/twiki.js HTTP/1.1" 304 - "http://www.lavrsen.dk/twiki/bin/view/Open2300/WebChanges?CGISESSID=5d23fb1a24d9f831e0cf69b228e75813" "Mozilla/5.0 (X11; U; FreeBSD i386; en-US; rv:1.1) Gecko/20021219"
203.221.251.99 - - [28/Feb/2006:00:27:32 +0100] "GET /twiki/pub/TWiki/TWikiJavascripts/twiki.js HTTP/1.1" 304 - "http://www.lavrsen.dk/twiki/bin/view/Open2300/FrequentlyAskedQuestions" "Mozilla/5.0 (Photon; U; QNX x86pc; en-US; rv:1.7.5) Gecko/20041126 Firefox/1.0"
80.221.240.228 - - [28/Feb/2006:00:27:33 +0100] "GET /twiki/pub/TWiki/PatternSkin/pattern.js HTTP/1.1" 304 - "http://www.lavrsen.dk/twiki/bin/view/Open2300/WebChanges?CGISESSID=5d23fb1a24d9f831e0cf69b228e75813" "Mozilla/5.0 (X11; U; FreeBSD i386; en-US; rv:1.1) Gecko/20021219"
80.221.240.228 - - [28/Feb/2006:00:27:31 +0100] "GET /twiki/bin/view/Open2300/WebChanges?CGISESSID=5d23fb1a24d9f831e0cf69b228e75813 HTTP/1.1" 200 52904 "http://www.google.fi/search?q=lacrosse+weather&hl=fi&lr=&start=50&sa=N" "Mozilla/5.0 (X11; U; FreeBSD i386; en-US; rv:1.1) Gecko/20021219"
80.221.240.228 - - [28/Feb/2006:00:27:33 +0100] "GET /twiki/pub/TWiki/TwistyContrib/twist.js HTTP/1.1" 304 - "http://www.lavrsen.dk/twiki/bin/view/Open2300/WebChanges?CGISESSID=5d23fb1a24d9f831e0cf69b228e75813" "Mozilla/5.0 (X11; U; FreeBSD i386; en-US; rv:1.1) Gecko/20021219"
80.221.240.228 - - [28/Feb/2006:00:27:33 +0100] "GET /twiki/pub/TWiki/TwistyContrib/twist.css HTTP/1.1" 304 - "http://www.lavrsen.dk/twiki/bin/view/Open2300/WebChanges?CGISESSID=5d23fb1a24d9f831e0cf69b228e75813" "Mozilla/5.0 (X11; U; FreeBSD i386; en-US; rv:1.1) Gecko/20021219"
80.221.240.228 - - [28/Feb/2006:00:27:34 +0100] "GET /twiki/pub/TWiki/PatternSkin/style.css HTTP/1.1" 304 - "http://www.lavrsen.dk/twiki/bin/view/Open2300/WebChanges?CGISESSID=5d23fb1a24d9f831e0cf69b228e75813" "Mozilla/5.0 (X11; U; FreeBSD i386; en-US; rv:1.1) Gecko/20021219"
80.221.240.228 - - [28/Feb/2006:00:27:34 +0100] "GET /twiki/pub/TWiki/PatternSkin/layout.css HTTP/1.1" 304 - "http://www.lavrsen.dk/twiki/bin/view/Open2300/WebChanges?CGISESSID=5d23fb1a24d9f831e0cf69b228e75813" "Mozilla/5.0 (X11; U; FreeBSD i386; en-US; rv:1.1) Gecko/20021219"
80.221.240.228 - - [28/Feb/2006:00:27:34 +0100] "GET /twiki/pub/TWiki/PatternSkin/colors.css HTTP/1.1" 304 - "http://www.lavrsen.dk/twiki/bin/view/Open2300/WebChanges?CGISESSID=5d23fb1a24d9f831e0cf69b228e75813" "Mozilla/5.0 (X11; U; FreeBSD i386; en-US; rv:1.1) Gecko/20021219"
80.221.240.228 - - [28/Feb/2006:00:27:34 +0100] "GET /twiki/pub/TWiki/TWikiDocGraphics/searchtopic.gif HTTP/1.1" 304 - "http://www.lavrsen.dk/twiki/bin/view/Open2300/WebChanges?CGISESSID=5d23fb1a24d9f831e0cf69b228e75813" "Mozilla/5.0 (X11; U; FreeBSD i386; en-US; rv:1.1) Gecko/20021219"
80.221.240.228 - - [28/Feb/2006:00:27:34 +0100] "GET /twiki/pub/TWiki/TWikiDocGraphics/arrowright.gif HTTP/1.1" 304 - "http://www.lavrsen.dk/twiki/bin/view/Open2300/WebChanges?CGISESSID=5d23fb1a24d9f831e0cf69b228e75813" "Mozilla/5.0 (X11; U; FreeBSD i386; en-US; rv:1.1) Gecko/20021219"
80.221.240.228 - - [28/Feb/2006:00:27:34 +0100] "GET /twiki/pub/TWiki/TWikiDocGraphics/key.gif HTTP/1.1" 304 - "http://www.lavrsen.dk/twiki/bin/view/Open2300/WebChanges?CGISESSID=5d23fb1a24d9f831e0cf69b228e75813" "Mozilla/5.0 (X11; U; FreeBSD i386; en-US; rv:1.1) Gecko/20021219"
80.221.240.228 - - [28/Feb/2006:00:27:34 +0100] "GET /twiki/pub/TWiki/TWikiDocGraphics/web-bg.gif HTTP/1.1" 304 - "http://www.lavrsen.dk/twiki/bin/view/Open2300/WebChanges?CGISESSID=5d23fb1a24d9f831e0cf69b228e75813" "Mozilla/5.0 (X11; U; FreeBSD i386; en-US; rv:1.1) Gecko/20021219"
80.221.240.228 - - [28/Feb/2006:00:27:34 +0100] "GET /twiki/pub/TWiki/TWikiDocGraphics/web-bg-small.gif HTTP/1.1" 304 - "http://www.lavrsen.dk/twiki/bin/view/Open2300/WebChanges?CGISESSID=5d23fb1a24d9f831e0cf69b228e75813" "Mozilla/5.0 (X11; U; FreeBSD i386; en-US; rv:1.1) Gecko/20021219"
203.221.251.99 - - [28/Feb/2006:00:27:33 +0100] "GET /twiki/pub/TWiki/PatternSkin/pattern.js HTTP/1.1" 304 - "http://www.lavrsen.dk/twiki/bin/view/Open2300/FrequentlyAskedQuestions" "Mozilla/5.0 (Photon; U; QNX x86pc; en-US; rv:1.7.5) Gecko/20041126 Firefox/1.0"
203.221.251.99 - - [28/Feb/2006:00:27:35 +0100] "GET /twiki/pub/TWiki/TwistyContrib/twist.js HTTP/1.1" 304 - "http://www.lavrsen.dk/twiki/bin/view/Open2300/FrequentlyAskedQuestions" "Mozilla/5.0 (Photon; U; QNX x86pc; en-US; rv:1.7.5) Gecko/20041126 Firefox/1.0"
203.221.251.99 - - [28/Feb/2006:00:27:36 +0100] "GET /twiki/pub/TWiki/TwistyContrib/twist.css HTTP/1.1" 304 - "http://www.lavrsen.dk/twiki/bin/view/Open2300/FrequentlyAskedQuestions" "Mozilla/5.0 (Photon; U; QNX x86pc; en-US; rv:1.7.5) Gecko/20041126 Firefox/1.0"
203.221.251.99 - - [28/Feb/2006:00:27:36 +0100] "GET /twiki/pub/TWiki/PatternSkin/layout.css HTTP/1.1" 304 - "http://www.lavrsen.dk/twiki/bin/view/Open2300/FrequentlyAskedQuestions" "Mozilla/5.0 (Photon; U; QNX x86pc; en-US; rv:1.7.5) Gecko/20041126 Firefox/1.0"
203.221.251.99 - - [28/Feb/2006:00:27:36 +0100] "GET /twiki/pub/TWiki/PatternSkin/style.css HTTP/1.1" 304 - "http://www.lavrsen.dk/twiki/bin/view/Open2300/FrequentlyAskedQuestions" "Mozilla/5.0 (Photon; U; QNX x86pc; en-US; rv:1.7.5) Gecko/20041126 Firefox/1.0"
203.221.251.99 - - [28/Feb/2006:00:27:37 +0100] "GET /twiki/pub/TWiki/PatternSkin/colors.css HTTP/1.1" 304 - "http://www.lavrsen.dk/twiki/bin/view/Open2300/FrequentlyAskedQuestions" "Mozilla/5.0 (Photon; U; QNX x86pc; en-US; rv:1.7.5) Gecko/20041126 Firefox/1.0"
203.221.251.99 - - [28/Feb/2006:00:27:38 +0100] "GET /twiki/pub/TWiki/TWikiDocGraphics/arrowright.gif HTTP/1.1" 304 - "http://www.lavrsen.dk/twiki/bin/view/Open2300/FrequentlyAskedQuestions" "Mozilla/5.0 (Photon; U; QNX x86pc; en-US; rv:1.7.5) Gecko/20041126 Firefox/1.0"
203.221.251.99 - - [28/Feb/2006:00:27:38 +0100] "GET /twiki/pub/TWiki/TWikiDocGraphics/searchtopic.gif HTTP/1.1" 304 - "http://www.lavrsen.dk/twiki/bin/view/Open2300/FrequentlyAskedQuestions" "Mozilla/5.0 (Photon; U; QNX x86pc; en-US; rv:1.7.5) Gecko/20041126 Firefox/1.0"
203.221.251.99 - - [28/Feb/2006:00:27:38 +0100] "GET /twiki/pub/TWiki/TWikiDocGraphics/key.gif HTTP/1.1" 304 - "http://www.lavrsen.dk/twiki/bin/view/Open2300/FrequentlyAskedQuestions" "Mozilla/5.0 (Photon; U; QNX x86pc; en-US; rv:1.7.5) Gecko/20041126 Firefox/1.0"
80.221.240.228 - - [28/Feb/2006:00:27:37 +0100] "GET /twiki/bin/view/Open2300/WebChanges HTTP/1.1" 200 52864 "http://www.lavrsen.dk/twiki/bin/view/Open2300/WebChanges?CGISESSID=5d23fb1a24d9f831e0cf69b228e75813" "Mozilla/5.0 (X11; U; FreeBSD i386; en-US; rv:1.1) Gecko/20021219"
203.221.251.99 - - [28/Feb/2006:00:27:39 +0100] "GET /twiki/pub/TWiki/TWikiDocGraphics/web-bg.gif HTTP/1.1" 304 - "http://www.lavrsen.dk/twiki/bin/view/Open2300/FrequentlyAskedQuestions" "Mozilla/5.0 (Photon; U; QNX x86pc; en-US; rv:1.7.5) Gecko/20041126 Firefox/1.0"
203.221.251.99 - - [28/Feb/2006:00:27:38 +0100] "GET /twiki/bin/view/Open2300/FrequentlyAskedQuestions HTTP/1.1" 200 17829 "http://www.lavrsen.dk/twiki/bin/view/Open2300/FrequentlyAskedQuestions" "Mozilla/5.0 (Photon; U; QNX x86pc; en-US; rv:1.7.5) Gecko/20041126 Firefox/1.0"
203.221.251.99 - - [28/Feb/2006:00:27:40 +0100] "GET /twiki/pub/TWiki/TWikiDocGraphics/web-bg-small.gif HTTP/1.1" 304 - "http://www.lavrsen.dk/twiki/bin/view/Open2300/FrequentlyAskedQuestions" "Mozilla/5.0 (Photon; U; QNX x86pc; en-US; rv:1.7.5) Gecko/20041126 Firefox/1.0"
203.221.251.99 - - [28/Feb/2006:00:27:41 +0100] "GET /twiki/pub/TWiki/PatternSkin/bullet-down.gif HTTP/1.1" 200 441 "http://www.lavrsen.dk/twiki/bin/view/Open2300/FrequentlyAskedQuestions" "Mozilla/5.0 (Photon; U; QNX x86pc; en-US; rv:1.7.5) Gecko/20041126 Firefox/1.0"
24.232.192.56 - - [28/Feb/2006:00:27:54 +0100] "GET /photos/legoland-2004/ HTTP/1.1" 200 18714 "-" "Mozilla/4.0 (compatible; MSIE 6.0; Windows NT 5.1; SV1; HbTools 4.7.0)"
24.232.192.56 - - [28/Feb/2006:00:27:54 +0100] "GET /photos/legoland-2004/unisize-img_2825.jpg HTTP/1.1" 200 82016 "-" "Mozilla/4.0 (compatible; MSIE 6.0; Windows NT 5.1; SV1; HbTools 4.7.0)"
63.198.128.208 - - [28/Feb/2006:00:27:56 +0100] "GET /twiki/bin/view/Motion/WebHome HTTP/1.1" 200 26956 "http://motion.sourceforge.net/" "Mozilla/5.0 (Windows; U; Windows NT 5.2; en-US; rv:1.8.0.1) Gecko/20060111 Firefox/1.5.0.1"
63.198.128.208 - - [28/Feb/2006:00:27:59 +0100] "GET /twiki/bin/view/Motion/WebHome HTTP/1.1" 200 26956 "http://www.lavrsen.dk/twiki/bin/view/Motion/WebHome" "Mozilla/5.0 (Windows; U; Windows NT 5.2; en-US; rv:1.8.0.1) Gecko/20060111 Firefox/1.5.0.1"
24.232.192.56 - - [28/Feb/2006:00:28:18 +0100] "GET /photos/legoland-2004/ HTTP/1.1" 200 18714 "-" "Mozilla/4.0 (compatible; MSIE 6.0; Windows NT 5.1; SV1; HbTools 4.7.0)"
200.203.32.53 - - [28/Feb/2006:00:28:20 +0100] "GET /twiki/bin/view/Motion/DownloadFiles HTTP/1.1" 200 20458 "http://www.lavrsen.dk/twiki/bin/view/Motion/WebHome" "Mozilla/5.0 (Windows; U; Windows NT 5.1; pt-BR; rv:1.8.0.1) Gecko/20060111 Firefox/1.5.0.1"
200.203.32.53 - - [28/Feb/2006:00:28:23 +0100] "GET /twiki/bin/view/Motion/DownloadFiles HTTP/1.1" 200 20458 "http://www.lavrsen.dk/twiki/bin/view/Motion/DownloadFiles" "Mozilla/5.0 (Windows; U; Windows NT 5.1; pt-BR; rv:1.8.0.1) Gecko/20060111 Firefox/1.5.0.1"
63.198.128.208 - - [28/Feb/2006:00:28:23 +0100] "GET /twiki/bin/view/Motion/MotionTechnology HTTP/1.1" 200 22007 "http://www.lavrsen.dk/twiki/bin/view/Motion/WebHome" "Mozilla/5.0 (Windows; U; Windows NT 5.2; en-US; rv:1.8.0.1) Gecko/20060111 Firefox/1.5.0.1"
63.198.128.208 - - [28/Feb/2006:00:28:26 +0100] "GET /twiki/pub/TWiki/TWikiDocGraphics/else.gif HTTP/1.1" 200 366 "http://www.lavrsen.dk/twiki/bin/view/Motion/MotionTechnology" "Mozilla/5.0 (Windows; U; Windows NT 5.2; en-US; rv:1.8.0.1) Gecko/20060111 Firefox/1.5.0.1"
63.198.128.208 - - [28/Feb/2006:00:28:26 +0100] "GET /twiki/bin/view/Motion/MotionTechnology HTTP/1.1" 200 22007 "http://www.lavrsen.dk/twiki/bin/view/Motion/MotionTechnology" "Mozilla/5.0 (Windows; U; Windows NT 5.2; en-US; rv:1.8.0.1) Gecko/20060111 Firefox/1.5.0.1"
193.43.93.1 - - [28/Feb/2006:00:28:27 +0100] "GET /twiki/bin/view/Motion/WebRss HTTP/1.1" 200 14301 "-" "Mozilla/4.0 (compatible; Google Desktop)"
203.221.251.99 - - [28/Feb/2006:00:28:30 +0100] "GET /twiki/bin/view/Motion/MotionRearchitectureDiscussion HTTP/1.1" 200 33820 "http://www.lavrsen.dk/twiki/bin/view/Motion/WebHome" "Mozilla/5.0 (Photon; U; QNX x86pc; en-US; rv:1.7.5) Gecko/20041126 Firefox/1.0"
203.221.251.99 - - [28/Feb/2006:00:28:35 +0100] "GET /twiki/pub/TWiki/TWikiJavascripts/twiki.js HTTP/1.1" 304 - "http://www.lavrsen.dk/twiki/bin/view/Motion/MotionRearchitectureDiscussion" "Mozilla/5.0 (Photon; U; QNX x86pc; en-US; rv:1.7.5) Gecko/20041126 Firefox/1.0"
68.142.250.154 - - [28/Feb/2006:00:28:36 +0100] "GET /robots.txt HTTP/1.0" 200 1192 "-" "Mozilla/5.0 (compatible; Yahoo! Slurp; http://help.yahoo.com/help/us/ysearch/slurp)"
203.221.251.99 - - [28/Feb/2006:00:28:36 +0100] "GET /twiki/pub/TWiki/PatternSkin/pattern.js HTTP/1.1" 304 - "http://www.lavrsen.dk/twiki/bin/view/Motion/MotionRearchitectureDiscussion" "Mozilla/5.0 (Photon; U; QNX x86pc; en-US; rv:1.7.5) Gecko/20041126 Firefox/1.0"
203.221.251.99 - - [28/Feb/2006:00:28:37 +0100] "GET /twiki/pub/TWiki/TwistyContrib/twist.js HTTP/1.1" 304 - "http://www.lavrsen.dk/twiki/bin/view/Motion/MotionRearchitectureDiscussion" "Mozilla/5.0 (Photon; U; QNX x86pc; en-US; rv:1.7.5) Gecko/20041126 Firefox/1.0"
203.221.251.99 - - [28/Feb/2006:00:28:38 +0100] "GET /twiki/pub/TWiki/TwistyContrib/twist.css HTTP/1.1" 304 - "http://www.lavrsen.dk/twiki/bin/view/Motion/MotionRearchitectureDiscussion" "Mozilla/5.0 (Photon; U; QNX x86pc; en-US; rv:1.7.5) Gecko/20041126 Firefox/1.0"
203.221.251.99 - - [28/Feb/2006:00:28:39 +0100] "GET /twiki/pub/TWiki/PatternSkin/layout.css HTTP/1.1" 304 - "http://www.lavrsen.dk/twiki/bin/view/Motion/MotionRearchitectureDiscussion" "Mozilla/5.0 (Photon; U; QNX x86pc; en-US; rv:1.7.5) Gecko/20041126 Firefox/1.0"
203.221.251.99 - - [28/Feb/2006:00:28:39 +0100] "GET /twiki/pub/TWiki/PatternSkin/style.css HTTP/1.1" 304 - "http://www.lavrsen.dk/twiki/bin/view/Motion/MotionRearchitectureDiscussion" "Mozilla/5.0 (Photon; U; QNX x86pc; en-US; rv:1.7.5) Gecko/20041126 Firefox/1.0"
68.142.250.141 - - [28/Feb/2006:00:28:37 +0100] "GET /twiki/bin/view/TWiki/TWikiTip023 HTTP/1.0" 200 18689 "-" "Mozilla/5.0 (compatible; Yahoo! Slurp; http://help.yahoo.com/help/us/ysearch/slurp)"
89.54.101.88 - - [28/Feb/2006:00:28:40 +0100] "GET /twiki/pub/Motion/WebPreferences/favicon.ico HTTP/1.1" 200 318 "-" "Mozilla/5.0 (Windows; U; Windows NT 5.1; de; rv:1.8.0.1) Gecko/20060111 Firefox/1.5.0.1"
203.221.251.99 - - [28/Feb/2006:00:28:40 +0100] "GET /twiki/pub/TWiki/PatternSkin/colors.css HTTP/1.1" 304 - "http://www.lavrsen.dk/twiki/bin/view/Motion/MotionRearchitectureDiscussion" "Mozilla/5.0 (Photon; U; QNX x86pc; en-US; rv:1.7.5) Gecko/20041126 Firefox/1.0"
89.54.101.88 - - [28/Feb/2006:00:28:36 +0100] "GET /twiki/bin/view/Motion/FrequentlyAskedQuestions HTTP/1.1" 200 40850 "-" "Mozilla/5.0 (Windows; U; Windows NT 5.1; de; rv:1.8.0.1) Gecko/20060111 Firefox/1.5.0.1"
68.4.237.112 - - [28/Feb/2006:00:28:36 +0100] "GET /twiki/bin/view/Motion/WebRss?skin=rss&contenttype=text/xml HTTP/1.1" 200 14301 "-" "Mozilla/4.0 (compatible; Google Desktop)"
89.54.101.88 - - [28/Feb/2006:00:28:40 +0100] "GET /twiki/pub/TWiki/TWikiJavascripts/twiki.js HTTP/1.1" 200 12878 "-" "Mozilla/5.0 (Windows; U; Windows NT 5.1; de; rv:1.8.0.1) Gecko/20060111 Firefox/1.5.0.1"
203.221.251.99 - - [28/Feb/2006:00:28:41 +0100] "GET /twiki/pub/TWiki/TWikiDocGraphics/arrowright.gif HTTP/1.1" 304 - "http://www.lavrsen.dk/twiki/bin/view/Motion/MotionRearchitectureDiscussion" "Mozilla/5.0 (Photon; U; QNX x86pc; en-US; rv:1.7.5) Gecko/20041126 Firefox/1.0"
203.221.251.99 - - [28/Feb/2006:00:28:41 +0100] "GET /twiki/pub/TWiki/TWikiDocGraphics/searchtopic.gif HTTP/1.1" 304 - "http://www.lavrsen.dk/twiki/bin/view/Motion/MotionRearchitectureDiscussion" "Mozilla/5.0 (Photon; U; QNX x86pc; en-US; rv:1.7.5) Gecko/20041126 Firefox/1.0"
89.54.101.88 - - [28/Feb/2006:00:28:41 +0100] "GET /twiki/pub/TWiki/PatternSkin/pattern.js HTTP/1.1" 200 429 "-" "Mozilla/5.0 (Windows; U; Windows NT 5.1; de; rv:1.8.0.1) Gecko/20060111 Firefox/1.5.0.1"
89.54.101.88 - - [28/Feb/2006:00:28:41 +0100] "GET /twiki/pub/TWiki/TwistyContrib/twist.js HTTP/1.1" 200 4580 "-" "Mozilla/5.0 (Windows; U; Windows NT 5.1; de; rv:1.8.0.1) Gecko/20060111 Firefox/1.5.0.1"
89.54.101.88 - - [28/Feb/2006:00:28:41 +0100] "GET /twiki/pub/TWiki/TwistyContrib/twist.css HTTP/1.1" 200 523 "-" "Mozilla/5.0 (Windows; U; Windows NT 5.1; de; rv:1.8.0.1) Gecko/20060111 Firefox/1.5.0.1"
89.54.101.88 - - [28/Feb/2006:00:28:41 +0100] "GET /twiki/pub/TWiki/PatternSkin/layout.css HTTP/1.1" 200 1807 "-" "Mozilla/5.0 (Windows; U; Windows NT 5.1; de; rv:1.8.0.1) Gecko/20060111 Firefox/1.5.0.1"
89.54.101.88 - - [28/Feb/2006:00:28:41 +0100] "GET /twiki/pub/TWiki/PatternSkin/style.css HTTP/1.1" 200 20582 "-" "Mozilla/5.0 (Windows; U; Windows NT 5.1; de; rv:1.8.0.1) Gecko/20060111 Firefox/1.5.0.1"
89.54.101.88 - - [28/Feb/2006:00:28:41 +0100] "GET /twiki/pub/TWiki/PatternSkin/colors.css HTTP/1.1" 200 15548 "-" "Mozilla/5.0 (Windows; U; Windows NT 5.1; de; rv:1.8.0.1) Gecko/20060111 Firefox/1.5.0.1"
203.221.251.99 - - [28/Feb/2006:00:28:41 +0100] "GET /twiki/pub/TWiki/TWikiDocGraphics/key.gif HTTP/1.1" 304 - "http://www.lavrsen.dk/twiki/bin/view/Motion/MotionRearchitectureDiscussion" "Mozilla/5.0 (Photon; U; QNX x86pc; en-US; rv:1.7.5) Gecko/20041126 Firefox/1.0"
89.54.101.88 - - [28/Feb/2006:00:28:42 +0100] "GET /twiki/pub/Main/TWikiPreferences/user.css HTTP/1.1" 200 687 "-" "Mozilla/5.0 (Windows; U; Windows NT 5.1; de; rv:1.8.0.1) Gecko/20060111 Firefox/1.5.0.1"
89.54.101.88 - - [28/Feb/2006:00:28:42 +0100] "GET /twiki/pub/Motion/WebPreferences/motion-trans.gif HTTP/1.1" 200 1948 "-" "Mozilla/5.0 (Windows; U; Windows NT 5.1; de; rv:1.8.0.1) Gecko/20060111 Firefox/1.5.0.1"
89.54.101.88 - - [28/Feb/2006:00:28:42 +0100] "GET /twiki/pub/TWiki/TWikiDocGraphics/arrowright.gif HTTP/1.1" 200 97 "-" "Mozilla/5.0 (Windows; U; Windows NT 5.1; de; rv:1.8.0.1) Gecko/20060111 Firefox/1.5.0.1"
89.54.101.88 - - [28/Feb/2006:00:28:42 +0100] "GET /twiki/pub/TWiki/TWikiDocGraphics/searchtopic.gif HTTP/1.1" 200 580 "-" "Mozilla/5.0 (Windows; U; Windows NT 5.1; de; rv:1.8.0.1) Gecko/20060111 Firefox/1.5.0.1"
89.54.101.88 - - [28/Feb/2006:00:28:42 +0100] "GET /twiki/pub/TWiki/TWikiDocGraphics/key.gif HTTP/1.1" 200 91 "-" "Mozilla/5.0 (Windows; U; Windows NT 5.1; de; rv:1.8.0.1) Gecko/20060111 Firefox/1.5.0.1"
89.54.101.88 - - [28/Feb/2006:00:28:42 +0100] "GET /twiki/pub/TWiki/TWikiDocGraphics/web-bg-small.gif HTTP/1.1" 200 77 "-" "Mozilla/5.0 (Windows; U; Windows NT 5.1; de; rv:1.8.0.1) Gecko/20060111 Firefox/1.5.0.1"
89.54.101.88 - - [28/Feb/2006:00:28:42 +0100] "GET /twiki/pub/TWiki/TWikiDocGraphics/web-bg.gif HTTP/1.1" 200 85 "-" "Mozilla/5.0 (Windows; U; Windows NT 5.1; de; rv:1.8.0.1) Gecko/20060111 Firefox/1.5.0.1"
89.54.101.88 - - [28/Feb/2006:00:28:42 +0100] "GET /twiki/pub/TWiki/PatternSkin/bullet-down.gif HTTP/1.1" 200 441 "-" "Mozilla/5.0 (Windows; U; Windows NT 5.1; de; rv:1.8.0.1) Gecko/20060111 Firefox/1.5.0.1"
203.221.251.99 - - [28/Feb/2006:00:28:43 +0100] "GET /twiki/pub/TWiki/TWikiDocGraphics/web-bg.gif HTTP/1.1" 304 - "http://www.lavrsen.dk/twiki/bin/view/Motion/MotionRearchitectureDiscussion" "Mozilla/5.0 (Photon; U; QNX x86pc; en-US; rv:1.7.5) Gecko/20041126 Firefox/1.0"
203.221.251.99 - - [28/Feb/2006:00:28:41 +0100] "GET /twiki/bin/view/Motion/MotionRearchitectureDiscussion HTTP/1.1" 200 33820 "http://www.lavrsen.dk/twiki/bin/view/Motion/MotionRearchitectureDiscussion" "Mozilla/5.0 (Photon; U; QNX x86pc; en-US; rv:1.7.5) Gecko/20041126 Firefox/1.0"
203.221.251.99 - - [28/Feb/2006:00:28:43 +0100] "GET /twiki/pub/TWiki/TWikiDocGraphics/web-bg-small.gif HTTP/1.1" 304 - "http://www.lavrsen.dk/twiki/bin/view/Motion/MotionRearchitectureDiscussion" "Mozilla/5.0 (Photon; U; QNX x86pc; en-US; rv:1.7.5) Gecko/20041126 Firefox/1.0"
89.54.101.88 - - [28/Feb/2006:00:28:42 +0100] "GET /twiki/bin/view/Motion/FrequentlyAskedQuestions HTTP/1.1" 200 40850 "-" "Mozilla/5.0 (Windows; U; Windows NT 5.1; de; rv:1.8.0.1) Gecko/20060111 Firefox/1.5.0.1"
203.221.251.99 - - [28/Feb/2006:00:28:45 +0100] "GET /twiki/pub/TWiki/SmiliesPlugin/smile.gif HTTP/1.1" 200 93 "http://www.lavrsen.dk/twiki/bin/view/Motion/MotionRearchitectureDiscussion" "Mozilla/5.0 (Photon; U; QNX x86pc; en-US; rv:1.7.5) Gecko/20041126 Firefox/1.0"
68.4.237.112 - - [28/Feb/2006:00:28:45 +0100] "GET /twiki/bin/view/Application/WebRss HTTP/1.1" 200 13531 "-" "Mozilla/4.0 (compatible; Google Desktop)"
68.4.237.112 - - [28/Feb/2006:00:28:52 +0100] "GET /twiki/bin/view/PWC/WebRss HTTP/1.1" 200 13302 "-" "Mozilla/4.0 (compatible; Google Desktop)"
68.4.237.112 - - [28/Feb/2006:00:28:54 +0100] "GET /twiki/bin/view/Main/WebRss HTTP/1.1" 200 12908 "-" "Mozilla/4.0 (compatible; Google Desktop)"
69.159.51.119 - - [28/Feb/2006:00:29:01 +0100] "GET /twiki/bin/view/PWC/WebIndex HTTP/1.1" 200 28379 "http://www.lavrsen.dk/twiki/bin/view/PWC/FrequentlyAskedQuestionsPWC" "Mozilla/5.0 (compatible; Konqueror/3.4; Linux) KHTML/3.4.3 (like Gecko)"
69.159.51.119 - - [28/Feb/2006:00:29:08 +0100] "GET /twiki/bin/view/PWC/InstallationPatchedKernelKernel2x6 HTTP/1.1" 200 22158 "http://www.lavrsen.dk/twiki/bin/view/PWC/WebIndex" "Mozilla/5.0 (compatible; Konqueror/3.4; Linux) KHTML/3.4.3 (like Gecko)"
72.192.21.54 - - [28/Feb/2006:00:29:25 +0100] "GET /twiki/pub/TWiki/TwistyContrib/twist.css HTTP/1.1" 200 523 "http://www.lavrsen.dk/twiki/bin/view/Motion/WebHome" "Mozilla/5.0 (X11; U; Linux i686; en-US; rv:1.7.12) Gecko/20050922 Firefox/1.0.7 (Debian package 1.0.7-1)"
72.192.21.54 - - [28/Feb/2006:00:29:23 +0100] "GET /twiki/bin/view/Motion/WebHome HTTP/1.1" 200 26956 "http://software.newsforge.com/article.pl?sid=06/02/16/1753237&from=rss" "Mozilla/5.0 (X11; U; Linux i686; en-US; rv:1.7.12) Gecko/20050922 Firefox/1.0.7 (Debian package 1.0.7-1)"
72.192.21.54 - - [28/Feb/2006:00:29:25 +0100] "GET /twiki/pub/Motion/WebPreferences/favicon.ico HTTP/1.1" 200 318 "-" "Mozilla/5.0 (X11; U; Linux i686; en-US; rv:1.7.12) Gecko/20050922 Firefox/1.0.7 (Debian package 1.0.7-1)"
72.192.21.54 - - [28/Feb/2006:00:29:25 +0100] "GET /twiki/pub/TWiki/PatternSkin/layout.css HTTP/1.1" 200 1807 "http://www.lavrsen.dk/twiki/bin/view/Motion/WebHome" "Mozilla/5.0 (X11; U; Linux i686; en-US; rv:1.7.12) Gecko/20050922 Firefox/1.0.7 (Debian package 1.0.7-1)"
72.192.21.54 - - [28/Feb/2006:00:29:25 +0100] "GET /twiki/pub/TWiki/PatternSkin/colors.css HTTP/1.1" 200 15548 "http://www.lavrsen.dk/twiki/bin/view/Motion/WebHome" "Mozilla/5.0 (X11; U; Linux i686; en-US; rv:1.7.12) Gecko/20050922 Firefox/1.0.7 (Debian package 1.0.7-1)"
72.192.21.54 - - [28/Feb/2006:00:29:25 +0100] "GET /twiki/pub/TWiki/PatternSkin/style.css HTTP/1.1" 200 20582 "http://www.lavrsen.dk/twiki/bin/view/Motion/WebHome" "Mozilla/5.0 (X11; U; Linux i686; en-US; rv:1.7.12) Gecko/20050922 Firefox/1.0.7 (Debian package 1.0.7-1)"
72.192.21.54 - - [28/Feb/2006:00:29:26 +0100] "GET /twiki/pub/Main/TWikiPreferences/user.css HTTP/1.1" 200 687 "http://www.lavrsen.dk/twiki/bin/view/Motion/WebHome" "Mozilla/5.0 (X11; U; Linux i686; en-US; rv:1.7.12) Gecko/20050922 Firefox/1.0.7 (Debian package 1.0.7-1)"
72.192.21.54 - - [28/Feb/2006:00:29:26 +0100] "GET /twiki/pub/Motion/WebPreferences/motion-trans.gif HTTP/1.1" 200 1948 "http://www.lavrsen.dk/twiki/bin/view/Motion/WebHome" "Mozilla/5.0 (X11; U; Linux i686; en-US; rv:1.7.12) Gecko/20050922 Firefox/1.0.7 (Debian package 1.0.7-1)"
72.192.21.54 - - [28/Feb/2006:00:29:27 +0100] "GET /twiki/pub/TWiki/TWikiDocGraphics/arrowright.gif HTTP/1.1" 200 97 "http://www.lavrsen.dk/twiki/bin/view/Motion/WebHome" "Mozilla/5.0 (X11; U; Linux i686; en-US; rv:1.7.12) Gecko/20050922 Firefox/1.0.7 (Debian package 1.0.7-1)"
72.192.21.54 - - [28/Feb/2006:00:29:27 +0100] "GET /twiki/pub/TWiki/TWikiDocGraphics/searchtopic.gif HTTP/1.1" 200 580 "http://www.lavrsen.dk/twiki/bin/view/Motion/WebHome" "Mozilla/5.0 (X11; U; Linux i686; en-US; rv:1.7.12) Gecko/20050922 Firefox/1.0.7 (Debian package 1.0.7-1)"
72.192.21.54 - - [28/Feb/2006:00:29:27 +0100] "GET /twiki/pub/TWiki/TWikiDocGraphics/key.gif HTTP/1.1" 200 91 "http://www.lavrsen.dk/twiki/bin/view/Motion/WebHome" "Mozilla/5.0 (X11; U; Linux i686; en-US; rv:1.7.12) Gecko/20050922 Firefox/1.0.7 (Debian package 1.0.7-1)"
72.192.21.54 - - [28/Feb/2006:00:29:27 +0100] "GET /twiki/pub/TWiki/TWikiDocGraphics/web-bg.gif HTTP/1.1" 200 85 "http://www.lavrsen.dk/twiki/bin/view/Motion/WebHome" "Mozilla/5.0 (X11; U; Linux i686; en-US; rv:1.7.12) Gecko/20050922 Firefox/1.0.7 (Debian package 1.0.7-1)"
72.192.21.54 - - [28/Feb/2006:00:29:27 +0100] "GET /twiki/pub/TWiki/TWikiDocGraphics/web-bg-small.gif HTTP/1.1" 200 77 "http://www.lavrsen.dk/twiki/bin/view/Motion/WebHome" "Mozilla/5.0 (X11; U; Linux i686; en-US; rv:1.7.12) Gecko/20050922 Firefox/1.0.7 (Debian package 1.0.7-1)"
72.192.21.54 - - [28/Feb/2006:00:29:26 +0100] "GET /twiki/bin/view/Motion/WebHome HTTP/1.1" 200 26956 "http://www.lavrsen.dk/twiki/bin/view/Motion/WebHome" "Mozilla/5.0 (X11; U; Linux i686; en-US; rv:1.7.12) Gecko/20050922 Firefox/1.0.7 (Debian package 1.0.7-1)"
72.192.21.54 - - [28/Feb/2006:00:30:59 +0100] "GET /twiki/bin/view/TWiki/BlackListPlugin HTTP/1.1" 200 37346 "http://www.lavrsen.dk/twiki/bin/view/Motion/WebHome" "Mozilla/5.0 (X11; U; Linux i686; en-US; rv:1.7.12) Gecko/20050922 Firefox/1.0.7 (Debian package 1.0.7-1)"
72.192.21.54 - - [28/Feb/2006:00:31:01 +0100] "GET /twiki/pub/Main/TWikiPreferences/kennethwiki-trans.gif HTTP/1.1" 200 1424 "http://www.lavrsen.dk/twiki/bin/view/TWiki/BlackListPlugin" "Mozilla/5.0 (X11; U; Linux i686; en-US; rv:1.7.12) Gecko/20050922 Firefox/1.0.7 (Debian package 1.0.7-1)"
72.192.21.54 - - [28/Feb/2006:00:31:01 +0100] "GET /twiki/pub/TWiki/TWikiDocGraphics/home.gif HTTP/1.1" 200 342 "http://www.lavrsen.dk/twiki/bin/view/TWiki/BlackListPlugin" "Mozilla/5.0 (X11; U; Linux i686; en-US; rv:1.7.12) Gecko/20050922 Firefox/1.0.7 (Debian package 1.0.7-1)"
72.192.21.54 - - [28/Feb/2006:00:31:01 +0100] "GET /twiki/pub/TWiki/TWikiDocGraphics/person.gif HTTP/1.1" 200 166 "http://www.lavrsen.dk/twiki/bin/view/TWiki/BlackListPlugin" "Mozilla/5.0 (X11; U; Linux i686; en-US; rv:1.7.12) Gecko/20050922 Firefox/1.0.7 (Debian package 1.0.7-1)"
72.192.21.54 - - [28/Feb/2006:00:31:01 +0100] "GET /twiki/pub/TWiki/WebPreferences/favicon.ico HTTP/1.1" 200 1406 "-" "Mozilla/5.0 (X11; U; Linux i686; en-US; rv:1.7.12) Gecko/20050922 Firefox/1.0.7 (Debian package 1.0.7-1)"
72.192.21.54 - - [28/Feb/2006:00:31:01 +0100] "GET /twiki/pub/TWiki/TWikiDocGraphics/group.gif HTTP/1.1" 200 182 "http://www.lavrsen.dk/twiki/bin/view/TWiki/BlackListPlugin" "Mozilla/5.0 (X11; U; Linux i686; en-US; rv:1.7.12) Gecko/20050922 Firefox/1.0.7 (Debian package 1.0.7-1)"
72.192.21.54 - - [28/Feb/2006:00:31:01 +0100] "GET /twiki/pub/TWiki/TWikiDocGraphics/index.gif HTTP/1.1" 200 100 "http://www.lavrsen.dk/twiki/bin/view/TWiki/BlackListPlugin" "Mozilla/5.0 (X11; U; Linux i686; en-US; rv:1.7.12) Gecko/20050922 Firefox/1.0.7 (Debian package 1.0.7-1)"
72.192.21.54 - - [28/Feb/2006:00:31:01 +0100] "GET /twiki/pub/TWiki/TWikiDocGraphics/changes.gif HTTP/1.1" 200 118 "http://www.lavrsen.dk/twiki/bin/view/TWiki/BlackListPlugin" "Mozilla/5.0 (X11; U; Linux i686; en-US; rv:1.7.12) Gecko/20050922 Firefox/1.0.7 (Debian package 1.0.7-1)"
72.192.21.54 - - [28/Feb/2006:00:31:01 +0100] "GET /twiki/pub/TWiki/TWikiDocGraphics/notify.gif HTTP/1.1" 200 347 "http://www.lavrsen.dk/twiki/bin/view/TWiki/BlackListPlugin" "Mozilla/5.0 (X11; U; Linux i686; en-US; rv:1.7.12) Gecko/20050922 Firefox/1.0.7 (Debian package 1.0.7-1)"
72.192.21.54 - - [28/Feb/2006:00:31:01 +0100] "GET /twiki/pub/TWiki/TWikiDocGraphics/statistics.gif HTTP/1.1" 200 118 "http://www.lavrsen.dk/twiki/bin/view/TWiki/BlackListPlugin" "Mozilla/5.0 (X11; U; Linux i686; en-US; rv:1.7.12) Gecko/20050922 Firefox/1.0.7 (Debian package 1.0.7-1)"
72.192.21.54 - - [28/Feb/2006:00:31:02 +0100] "GET /twiki/pub/TWiki/TWikiDocGraphics/wrench.gif HTTP/1.1" 200 377 "http://www.lavrsen.dk/twiki/bin/view/TWiki/BlackListPlugin" "Mozilla/5.0 (X11; U; Linux i686; en-US; rv:1.7.12) Gecko/20050922 Firefox/1.0.7 (Debian package 1.0.7-1)"
72.192.21.54 - - [28/Feb/2006:00:31:02 +0100] "GET /twiki/pub/TWiki/PatternSkin/bullet-down.gif HTTP/1.1" 200 441 "http://www.lavrsen.dk/twiki/bin/view/TWiki/BlackListPlugin" "Mozilla/5.0 (X11; U; Linux i686; en-US; rv:1.7.12) Gecko/20050922 Firefox/1.0.7 (Debian package 1.0.7-1)"
212.195.36.163 - - [28/Feb/2006:00:31:02 +0100] "GET /twiki/pub/TWiki/TWikiJavascripts/twiki.js HTTP/1.1" 304 - "http://www.lavrsen.dk/twiki/bin/view/Motion/WebHome" "Mozilla/4.0 (compatible; MSIE 6.0; Windows NT 5.1; SV1; .NET CLR 2.0.41115)"
212.195.36.163 - - [28/Feb/2006:00:31:02 +0100] "GET /twiki/pub/TWiki/PatternSkin/pattern.js HTTP/1.1" 304 - "http://www.lavrsen.dk/twiki/bin/view/Motion/WebHome" "Mozilla/4.0 (compatible; MSIE 6.0; Windows NT 5.1; SV1; .NET CLR 2.0.41115)"
212.195.36.163 - - [28/Feb/2006:00:31:02 +0100] "GET /twiki/pub/TWiki/TwistyContrib/twist.js HTTP/1.1" 304 - "http://www.lavrsen.dk/twiki/bin/view/Motion/WebHome" "Mozilla/4.0 (compatible; MSIE 6.0; Windows NT 5.1; SV1; .NET CLR 2.0.41115)"
212.195.36.163 - - [28/Feb/2006:00:31:01 +0100] "GET /twiki/bin/view/Motion/WebHome HTTP/1.1" 200 26956 "-" "Mozilla/4.0 (compatible; MSIE 6.0; Windows NT 5.1; SV1; .NET CLR 2.0.41115)"
212.195.36.163 - - [28/Feb/2006:00:31:02 +0100] "GET /twiki/pub/TWiki/TwistyContrib/twist.css HTTP/1.1" 304 - "http://www.lavrsen.dk/twiki/bin/view/Motion/WebHome" "Mozilla/4.0 (compatible; MSIE 6.0; Windows NT 5.1; SV1; .NET CLR 2.0.41115)"
212.195.36.163 - - [28/Feb/2006:00:31:02 +0100] "GET /twiki/pub/TWiki/PatternSkin/layout.css HTTP/1.1" 304 - "http://www.lavrsen.dk/twiki/bin/view/Motion/WebHome" "Mozilla/4.0 (compatible; MSIE 6.0; Windows NT 5.1; SV1; .NET CLR 2.0.41115)"
212.195.36.163 - - [28/Feb/2006:00:31:03 +0100] "GET /twiki/pub/TWiki/PatternSkin/colors.css HTTP/1.1" 304 - "http://www.lavrsen.dk/twiki/bin/view/Motion/WebHome" "Mozilla/4.0 (compatible; MSIE 6.0; Windows NT 5.1; SV1; .NET CLR 2.0.41115)"
212.195.36.163 - - [28/Feb/2006:00:31:03 +0100] "GET /twiki/pub/Motion/WebPreferences/motion-trans.gif HTTP/1.1" 304 - "http://www.lavrsen.dk/twiki/bin/view/Motion/WebHome" "Mozilla/4.0 (compatible; MSIE 6.0; Windows NT 5.1; SV1; .NET CLR 2.0.41115)"
212.195.36.163 - - [28/Feb/2006:00:31:03 +0100] "GET /twiki/pub/TWiki/PatternSkin/style.css HTTP/1.1" 304 - "http://www.lavrsen.dk/twiki/bin/view/Motion/WebHome" "Mozilla/4.0 (compatible; MSIE 6.0; Windows NT 5.1; SV1; .NET CLR 2.0.41115)"
212.195.36.163 - - [28/Feb/2006:00:31:03 +0100] "GET /twiki/pub/Main/TWikiPreferences/user.css HTTP/1.1" 304 - "http://www.lavrsen.dk/twiki/bin/view/Motion/WebHome" "Mozilla/4.0 (compatible; MSIE 6.0; Windows NT 5.1; SV1; .NET CLR 2.0.41115)"
212.195.36.163 - - [28/Feb/2006:00:31:03 +0100] "GET /twiki/pub/TWiki/TWikiDocGraphics/arrowright.gif HTTP/1.1" 304 - "http://www.lavrsen.dk/twiki/bin/view/Motion/WebHome" "Mozilla/4.0 (compatible; MSIE 6.0; Windows NT 5.1; SV1; .NET CLR 2.0.41115)"
212.195.36.163 - - [28/Feb/2006:00:31:03 +0100] "GET /twiki/pub/TWiki/TWikiDocGraphics/searchtopic.gif HTTP/1.1" 304 - "http://www.lavrsen.dk/twiki/bin/view/Motion/WebHome" "Mozilla/4.0 (compatible; MSIE 6.0; Windows NT 5.1; SV1; .NET CLR 2.0.41115)"
212.195.36.163 - - [28/Feb/2006:00:31:03 +0100] "GET /twiki/pub/TWiki/TWikiDocGraphics/key.gif HTTP/1.1" 304 - "http://www.lavrsen.dk/twiki/bin/view/Motion/WebHome" "Mozilla/4.0 (compatible; MSIE 6.0; Windows NT 5.1; SV1; .NET CLR 2.0.41115)"
212.195.36.163 - - [28/Feb/2006:00:31:03 +0100] "GET /twiki/pub/TWiki/TWikiDocGraphics/web-bg.gif HTTP/1.1" 304 - "http://www.lavrsen.dk/twiki/bin/view/Motion/WebHome" "Mozilla/4.0 (compatible; MSIE 6.0; Windows NT 5.1; SV1; .NET CLR 2.0.41115)"
212.195.36.163 - - [28/Feb/2006:00:31:03 +0100] "GET /twiki/pub/TWiki/TWikiDocGraphics/web-bg-small.gif HTTP/1.1" 304 - "http://www.lavrsen.dk/twiki/bin/view/Motion/WebHome" "Mozilla/4.0 (compatible; MSIE 6.0; Windows NT 5.1; SV1; .NET CLR 2.0.41115)"
72.192.21.54 - - [28/Feb/2006:00:31:02 +0100] "GET /twiki/bin/view/TWiki/BlackListPlugin HTTP/1.1" 200 37346 "http://www.lavrsen.dk/twiki/bin/view/TWiki/BlackListPlugin" "Mozilla/5.0 (X11; U; Linux i686; en-US; rv:1.7.12) Gecko/20050922 Firefox/1.0.7 (Debian package 1.0.7-1)"
72.192.21.54 - - [28/Feb/2006:00:31:04 +0100] "GET /twiki/bin/view/Motion/WebHome HTTP/1.1" 200 26956 "http://software.newsforge.com/article.pl?sid=06/02/16/1753237&from=rss" "Mozilla/5.0 (X11; U; Linux i686; en-US; rv:1.7.12) Gecko/20050922 Firefox/1.0.7 (Debian package 1.0.7-1)"
72.30.103.33 - - [28/Feb/2006:00:31:06 +0100] "GET /index_f.htm HTTP/1.0" 200 6835 "-" "Mozilla/5.0 (compatible; Yahoo! Slurp; http://help.yahoo.com/help/us/ysearch/slurp)"
72.192.21.54 - - [28/Feb/2006:00:31:11 +0100] "GET /twiki/bin/view/Motion/FrequentlyAskedQuestions HTTP/1.1" 200 40850 "http://www.lavrsen.dk/twiki/bin/view/Motion/WebHome" "Mozilla/5.0 (X11; U; Linux i686; en-US; rv:1.7.12) Gecko/20050922 Firefox/1.0.7 (Debian package 1.0.7-1)"
72.192.21.54 - - [28/Feb/2006:00:31:13 +0100] "GET /twiki/bin/view/Motion/FrequentlyAskedQuestions HTTP/1.1" 200 40850 "http://www.lavrsen.dk/twiki/bin/view/Motion/FrequentlyAskedQuestions" "Mozilla/5.0 (X11; U; Linux i686; en-US; rv:1.7.12) Gecko/20050922 Firefox/1.0.7 (Debian package 1.0.7-1)"
212.195.36.163 - - [28/Feb/2006:00:31:16 +0100] "GET /twiki/bin/view/Motion/DownloadFiles HTTP/1.1" 200 20458 "http://www.lavrsen.dk/twiki/bin/view/Motion/WebHome" "Mozilla/4.0 (compatible; MSIE 6.0; Windows NT 5.1; SV1; .NET CLR 2.0.41115)"
201.42.183.158 - - [28/Feb/2006:00:32:38 +0100] "GET /twiki/pub/Motion/WebPreferences/favicon.ico HTTP/1.1" 200 318 "-" "Mozilla/5.0 (X11; U; Linux i686; chrome://navigator/locale/navigator.properties; rv:1.8) Gecko/20060110 Debian/1.5.dfsg-4 Firefox/1.5"
201.42.183.158 - - [28/Feb/2006:00:32:37 +0100] "GET /twiki/bin/view/Motion/WebHome HTTP/1.1" 200 26956 "http://www.linux.com/article.pl?sid=06/02/16/1752232" "Mozilla/5.0 (X11; U; Linux i686; chrome://navigator/locale/navigator.properties; rv:1.8) Gecko/20060110 Debian/1.5.dfsg-4 Firefox/1.5"
201.42.183.158 - - [28/Feb/2006:00:32:41 +0100] "GET /twiki/pub/TWiki/TwistyContrib/twist.css HTTP/1.1" 200 523 "http://www.lavrsen.dk/twiki/bin/view/Motion/WebHome" "Mozilla/5.0 (X11; U; Linux i686; chrome://navigator/locale/navigator.properties; rv:1.8) Gecko/20060110 Debian/1.5.dfsg-4 Firefox/1.5"
201.42.183.158 - - [28/Feb/2006:00:32:42 +0100] "GET /twiki/pub/TWiki/PatternSkin/layout.css HTTP/1.1" 200 1807 "http://www.lavrsen.dk/twiki/bin/view/Motion/WebHome" "Mozilla/5.0 (X11; U; Linux i686; chrome://navigator/locale/navigator.properties; rv:1.8) Gecko/20060110 Debian/1.5.dfsg-4 Firefox/1.5"
201.42.183.158 - - [28/Feb/2006:00:32:42 +0100] "GET /twiki/pub/TWiki/PatternSkin/style.css HTTP/1.1" 200 20582 "http://www.lavrsen.dk/twiki/bin/view/Motion/WebHome" "Mozilla/5.0 (X11; U; Linux i686; chrome://navigator/locale/navigator.properties; rv:1.8) Gecko/20060110 Debian/1.5.dfsg-4 Firefox/1.5"
201.42.183.158 - - [28/Feb/2006:00:32:42 +0100] "GET /twiki/pub/TWiki/PatternSkin/colors.css HTTP/1.1" 200 15548 "http://www.lavrsen.dk/twiki/bin/view/Motion/WebHome" "Mozilla/5.0 (X11; U; Linux i686; chrome://navigator/locale/navigator.properties; rv:1.8) Gecko/20060110 Debian/1.5.dfsg-4 Firefox/1.5"
201.42.183.158 - - [28/Feb/2006:00:32:45 +0100] "GET /twiki/pub/Main/TWikiPreferences/user.css HTTP/1.1" 200 687 "http://www.lavrsen.dk/twiki/bin/view/Motion/WebHome" "Mozilla/5.0 (X11; U; Linux i686; chrome://navigator/locale/navigator.properties; rv:1.8) Gecko/20060110 Debian/1.5.dfsg-4 Firefox/1.5"
201.42.183.158 - - [28/Feb/2006:00:32:45 +0100] "GET /twiki/pub/Motion/WebPreferences/motion-trans.gif HTTP/1.1" 200 1948 "http://www.lavrsen.dk/twiki/bin/view/Motion/WebHome" "Mozilla/5.0 (X11; U; Linux i686; chrome://navigator/locale/navigator.properties; rv:1.8) Gecko/20060110 Debian/1.5.dfsg-4 Firefox/1.5"
201.42.183.158 - - [28/Feb/2006:00:32:45 +0100] "GET /twiki/pub/TWiki/TWikiDocGraphics/arrowright.gif HTTP/1.1" 200 97 "http://www.lavrsen.dk/twiki/bin/view/Motion/WebHome" "Mozilla/5.0 (X11; U; Linux i686; chrome://navigator/locale/navigator.properties; rv:1.8) Gecko/20060110 Debian/1.5.dfsg-4 Firefox/1.5"
201.42.183.158 - - [28/Feb/2006:00:32:46 +0100] "GET /twiki/pub/TWiki/TWikiDocGraphics/searchtopic.gif HTTP/1.1" 200 580 "http://www.lavrsen.dk/twiki/bin/view/Motion/WebHome" "Mozilla/5.0 (X11; U; Linux i686; chrome://navigator/locale/navigator.properties; rv:1.8) Gecko/20060110 Debian/1.5.dfsg-4 Firefox/1.5"
201.42.183.158 - - [28/Feb/2006:00:32:46 +0100] "GET /twiki/pub/TWiki/TWikiDocGraphics/key.gif HTTP/1.1" 200 91 "http://www.lavrsen.dk/twiki/bin/view/Motion/WebHome" "Mozilla/5.0 (X11; U; Linux i686; chrome://navigator/locale/navigator.properties; rv:1.8) Gecko/20060110 Debian/1.5.dfsg-4 Firefox/1.5"
201.42.183.158 - - [28/Feb/2006:00:32:46 +0100] "GET /twiki/pub/TWiki/TWikiDocGraphics/web-bg.gif HTTP/1.1" 200 85 "http://www.lavrsen.dk/twiki/bin/view/Motion/WebHome" "Mozilla/5.0 (X11; U; Linux i686; chrome://navigator/locale/navigator.properties; rv:1.8) Gecko/20060110 Debian/1.5.dfsg-4 Firefox/1.5"
201.42.183.158 - - [28/Feb/2006:00:32:46 +0100] "GET /twiki/pub/TWiki/TWikiDocGraphics/web-bg-small.gif HTTP/1.1" 200 77 "http://www.lavrsen.dk/twiki/bin/view/Motion/WebHome" "Mozilla/5.0 (X11; U; Linux i686; chrome://navigator/locale/navigator.properties; rv:1.8) Gecko/20060110 Debian/1.5.dfsg-4 Firefox/1.5"
201.42.183.158 - - [28/Feb/2006:00:32:45 +0100] "GET /twiki/bin/view/Motion/WebHome HTTP/1.1" 200 26956 "http://www.lavrsen.dk/twiki/bin/view/Motion/WebHome" "Mozilla/5.0 (X11; U; Linux i686; chrome://navigator/locale/navigator.properties; rv:1.8) Gecko/20060110 Debian/1.5.dfsg-4 Firefox/1.5"
67.9.34.199 - - [28/Feb/2006:00:32:48 +0100] "GET /twiki/pub/Motion/WebPreferences/favicon.ico HTTP/1.1" 200 318 "-" "Mozilla/5.0 (compatible; Konqueror/3.4; Linux) KHTML/3.4.0 (like Gecko)"
67.9.34.199 - - [28/Feb/2006:00:32:49 +0100] "GET /twiki/pub/Motion/WebPreferences/favicon.ico HTTP/1.1" 200 318 "-" "Mozilla/5.0 (compatible; Konqueror/3.4; Linux) KHTML/3.4.0 (like Gecko)"
67.9.34.199 - - [28/Feb/2006:00:32:47 +0100] "GET /twiki/bin/view/Motion/WebHome HTTP/1.1" 200 26956 "http://www.newsforge.com/" "Mozilla/5.0 (compatible; Konqueror/3.4; Linux) KHTML/3.4.0 (like Gecko)"
67.9.34.199 - - [28/Feb/2006:00:32:49 +0100] "GET /twiki/pub/TWiki/TWikiJavascripts/twiki.js HTTP/1.1" 200 12878 "http://www.lavrsen.dk/twiki/bin/view/Motion/WebHome" "Mozilla/5.0 (compatible; Konqueror/3.4; Linux) KHTML/3.4.0 (like Gecko)"
67.9.34.199 - - [28/Feb/2006:00:32:49 +0100] "GET /twiki/pub/TWiki/PatternSkin/pattern.js HTTP/1.1" 200 429 "http://www.lavrsen.dk/twiki/bin/view/Motion/WebHome" "Mozilla/5.0 (compatible; Konqueror/3.4; Linux) KHTML/3.4.0 (like Gecko)"
67.9.34.199 - - [28/Feb/2006:00:32:49 +0100] "GET /twiki/pub/TWiki/TwistyContrib/twist.js HTTP/1.1" 200 4580 "http://www.lavrsen.dk/twiki/bin/view/Motion/WebHome" "Mozilla/5.0 (compatible; Konqueror/3.4; Linux) KHTML/3.4.0 (like Gecko)"
67.9.34.199 - - [28/Feb/2006:00:32:50 +0100] "GET /twiki/pub/TWiki/TwistyContrib/twist.css HTTP/1.1" 200 523 "http://www.lavrsen.dk/twiki/bin/view/Motion/WebHome" "Mozilla/5.0 (compatible; Konqueror/3.4; Linux) KHTML/3.4.0 (like Gecko)"
67.9.34.199 - - [28/Feb/2006:00:32:50 +0100] "GET /twiki/pub/TWiki/PatternSkin/layout.css HTTP/1.1" 200 1807 "http://www.lavrsen.dk/twiki/bin/view/Motion/WebHome" "Mozilla/5.0 (compatible; Konqueror/3.4; Linux) KHTML/3.4.0 (like Gecko)"
67.9.34.199 - - [28/Feb/2006:00:32:50 +0100] "GET /twiki/pub/Main/TWikiPreferences/user.css HTTP/1.1" 200 687 "http://www.lavrsen.dk/twiki/bin/view/Motion/WebHome" "Mozilla/5.0 (compatible; Konqueror/3.4; Linux) KHTML/3.4.0 (like Gecko)"
67.9.34.199 - - [28/Feb/2006:00:32:50 +0100] "GET /twiki/pub/TWiki/PatternSkin/bullet-down.gif HTTP/1.1" 200 441 "http://www.lavrsen.dk/twiki/bin/view/Motion/WebHome" "Mozilla/5.0 (compatible; Konqueror/3.4; Linux) KHTML/3.4.0 (like Gecko)"
67.9.34.199 - - [28/Feb/2006:00:32:50 +0100] "GET /twiki/pub/TWiki/PatternSkin/style.css HTTP/1.1" 200 20582 "http://www.lavrsen.dk/twiki/bin/view/Motion/WebHome" "Mozilla/5.0 (compatible; Konqueror/3.4; Linux) KHTML/3.4.0 (like Gecko)"
67.9.34.199 - - [28/Feb/2006:00:32:50 +0100] "GET /twiki/pub/TWiki/PatternSkin/colors.css HTTP/1.1" 200 15548 "http://www.lavrsen.dk/twiki/bin/view/Motion/WebHome" "Mozilla/5.0 (compatible; Konqueror/3.4; Linux) KHTML/3.4.0 (like Gecko)"
67.9.34.199 - - [28/Feb/2006:00:32:51 +0100] "GET /twiki/pub/Motion/WebPreferences/motion-trans.gif HTTP/1.1" 200 1948 "http://www.lavrsen.dk/twiki/bin/view/Motion/WebHome" "Mozilla/5.0 (compatible; Konqueror/3.4; Linux) KHTML/3.4.0 (like Gecko)"
67.9.34.199 - - [28/Feb/2006:00:32:51 +0100] "GET /twiki/pub/TWiki/TWikiDocGraphics/arrowright.gif HTTP/1.1" 200 97 "http://www.lavrsen.dk/twiki/bin/view/Motion/WebHome" "Mozilla/5.0 (compatible; Konqueror/3.4; Linux) KHTML/3.4.0 (like Gecko)"
67.9.34.199 - - [28/Feb/2006:00:32:51 +0100] "GET /twiki/pub/TWiki/TWikiDocGraphics/searchtopic.gif HTTP/1.1" 200 580 "http://www.lavrsen.dk/twiki/bin/view/Motion/WebHome" "Mozilla/5.0 (compatible; Konqueror/3.4; Linux) KHTML/3.4.0 (like Gecko)"
67.9.34.199 - - [28/Feb/2006:00:32:51 +0100] "GET /twiki/pub/TWiki/TWikiDocGraphics/web-bg.gif HTTP/1.1" 200 85 "http://www.lavrsen.dk/twiki/bin/view/Motion/WebHome" "Mozilla/5.0 (compatible; Konqueror/3.4; Linux) KHTML/3.4.0 (like Gecko)"
67.9.34.199 - - [28/Feb/2006:00:32:51 +0100] "GET /twiki/pub/TWiki/TWikiDocGraphics/web-bg-small.gif HTTP/1.1" 200 77 "http://www.lavrsen.dk/twiki/bin/view/Motion/WebHome" "Mozilla/5.0 (compatible; Konqueror/3.4; Linux) KHTML/3.4.0 (like Gecko)"
67.9.34.199 - - [28/Feb/2006:00:32:51 +0100] "GET /twiki/pub/TWiki/TWikiDocGraphics/key.gif HTTP/1.1" 200 91 "http://www.lavrsen.dk/twiki/bin/view/Motion/WebHome" "Mozilla/5.0 (compatible; Konqueror/3.4; Linux) KHTML/3.4.0 (like Gecko)"
68.142.250.61 - - [28/Feb/2006:00:33:29 +0100] "GET /sources/webcam/motion_guide.htm HTTP/1.0" 200 606 "-" "Mozilla/5.0 (compatible; Yahoo! Slurp; http://help.yahoo.com/help/us/ysearch/slurp)"
68.142.250.61 - - [28/Feb/2006:00:33:29 +0100] "GET /twiki/bin/view/Motion/MotionGuide HTTP/1.0" 200 21130 "-" "Mozilla/5.0 (compatible; Yahoo! Slurp; http://help.yahoo.com/help/us/ysearch/slurp)"
203.52.130.138 - - [28/Feb/2006:00:33:38 +0100] "GET /twiki/bin/view/Motion/WebHome HTTP/1.0" 200 26956 "http://www.linux.com/" "Mozilla/4.0 (compatible; MSIE 7.0; Windows NT 5.1; SV1; .NET CLR 1.1.4322)"
203.52.130.137 - - [28/Feb/2006:00:33:40 +0100] "GET /twiki/pub/TWiki/TWikiJavascripts/twiki.js HTTP/1.0" 200 12878 "http://www.lavrsen.dk/twiki/bin/view/Motion/WebHome" "Mozilla/4.0 (compatible; MSIE 7.0; Windows NT 5.1; SV1; .NET CLR 1.1.4322)"
203.52.130.139 - - [28/Feb/2006:00:33:42 +0100] "GET /twiki/pub/TWiki/PatternSkin/pattern.js HTTP/1.0" 200 429 "http://www.lavrsen.dk/twiki/bin/view/Motion/WebHome" "Mozilla/4.0 (compatible; MSIE 7.0; Windows NT 5.1; SV1; .NET CLR 1.1.4322)"
203.52.130.139 - - [28/Feb/2006:00:33:43 +0100] "GET /twiki/pub/TWiki/TwistyContrib/twist.js HTTP/1.0" 200 4580 "http://www.lavrsen.dk/twiki/bin/view/Motion/WebHome" "Mozilla/4.0 (compatible; MSIE 7.0; Windows NT 5.1; SV1; .NET CLR 1.1.4322)"
203.52.130.137 - - [28/Feb/2006:00:33:44 +0100] "GET /twiki/pub/TWiki/TWikiDocGraphics/arrowright.gif HTTP/1.0" 200 97 "http://www.lavrsen.dk/twiki/bin/view/Motion/WebHome" "Mozilla/4.0 (compatible; MSIE 7.0; Windows NT 5.1; SV1; .NET CLR 1.1.4322)"
203.52.130.139 - - [28/Feb/2006:00:33:44 +0100] "GET /twiki/pub/TWiki/TwistyContrib/twist.css HTTP/1.0" 200 523 "http://www.lavrsen.dk/twiki/bin/view/Motion/WebHome" "Mozilla/4.0 (compatible; MSIE 7.0; Windows NT 5.1; SV1; .NET CLR 1.1.4322)"
203.52.130.138 - - [28/Feb/2006:00:33:44 +0100] "GET /twiki/pub/TWiki/PatternSkin/layout.css HTTP/1.0" 200 1807 "http://www.lavrsen.dk/twiki/bin/view/Motion/WebHome" "Mozilla/4.0 (compatible; MSIE 7.0; Windows NT 5.1; SV1; .NET CLR 1.1.4322)"
203.52.130.136 - - [28/Feb/2006:00:33:44 +0100] "GET /twiki/pub/Motion/WebPreferences/motion-trans.gif HTTP/1.0" 200 1948 "http://www.lavrsen.dk/twiki/bin/view/Motion/WebHome" "Mozilla/4.0 (compatible; MSIE 7.0; Windows NT 5.1; SV1; .NET CLR 1.1.4322)"
203.52.130.138 - - [28/Feb/2006:00:33:44 +0100] "GET /twiki/pub/TWiki/TWikiDocGraphics/key.gif HTTP/1.0" 200 91 "http://www.lavrsen.dk/twiki/bin/view/Motion/WebHome" "Mozilla/4.0 (compatible; MSIE 7.0; Windows NT 5.1; SV1; .NET CLR 1.1.4322)"
203.52.130.138 - - [28/Feb/2006:00:33:44 +0100] "GET /twiki/pub/TWiki/TWikiDocGraphics/searchtopic.gif HTTP/1.0" 200 580 "http://www.lavrsen.dk/twiki/bin/view/Motion/WebHome" "Mozilla/4.0 (compatible; MSIE 7.0; Windows NT 5.1; SV1; .NET CLR 1.1.4322)"
203.52.130.138 - - [28/Feb/2006:00:33:44 +0100] "GET /twiki/pub/TWiki/TWikiDocGraphics/web-bg.gif HTTP/1.0" 200 85 "http://www.lavrsen.dk/twiki/bin/view/Motion/WebHome" "Mozilla/4.0 (compatible; MSIE 7.0; Windows NT 5.1; SV1; .NET CLR 1.1.4322)"
203.52.130.136 - - [28/Feb/2006:00:33:45 +0100] "GET /twiki/pub/TWiki/TWikiDocGraphics/web-bg-small.gif HTTP/1.0" 200 77 "http://www.lavrsen.dk/twiki/bin/view/Motion/WebHome" "Mozilla/4.0 (compatible; MSIE 7.0; Windows NT 5.1; SV1; .NET CLR 1.1.4322)"
203.52.130.139 - - [28/Feb/2006:00:33:44 +0100] "GET /twiki/pub/TWiki/PatternSkin/style.css HTTP/1.0" 200 20582 "http://www.lavrsen.dk/twiki/bin/view/Motion/WebHome" "Mozilla/4.0 (compatible; MSIE 7.0; Windows NT 5.1; SV1; .NET CLR 1.1.4322)"
