83.91.41.235 - - [28/Feb/2006:00:37:15 +0100] "GET /twiki/pub/TWiki/TWikiDocGraphics/searchtopic.gif HTTP/1.1" 304 - "http://lavrsen.dk/twiki/bin/view/Sandbox/WebHome" "Mozilla/4.0 (compatible; MSIE 6.0; Windows NT 5.1; SV1; .NET CLR 1.1.4322; .NET CLR 2.0.50727)"
83.91.41.235 - - [28/Feb/2006:00:37:15 +0100] "GET /twiki/pub/TWiki/TWikiDocGraphics/home.gif HTTP/1.1" 304 - "http://lavrsen.dk/twiki/bin/view/Sandbox/WebHome" "Mozilla/4.0 (compatible; MSIE 6.0; Windows NT 5.1; SV1; .NET CLR 1.1.4322; .NET CLR 2.0.50727)"
83.91.41.235 - - [28/Feb/2006:00:37:15 +0100] "GET /twiki/pub/TWiki/TWikiDocGraphics/newtopic.gif HTTP/1.1" 304 - "http://lavrsen.dk/twiki/bin/view/Sandbox/WebHome" "Mozilla/4.0 (compatible; MSIE 6.0; Windows NT 5.1; SV1; .NET CLR 1.1.4322; .NET CLR 2.0.50727)"
83.91.41.235 - - [28/Feb/2006:00:37:15 +0100] "GET /twiki/pub/TWiki/TWikiDocGraphics/index.gif HTTP/1.1" 304 - "http://lavrsen.dk/twiki/bin/view/Sandbox/WebHome" "Mozilla/4.0 (compatible; MSIE 6.0; Windows NT 5.1; SV1; .NET CLR 1.1.4322; .NET CLR 2.0.50727)"
83.91.41.235 - - [28/Feb/2006:00:37:15 +0100] "GET /twiki/pub/TWiki/TWikiDocGraphics/changes.gif HTTP/1.1" 304 - "http://lavrsen.dk/twiki/bin/view/Sandbox/WebHome" "Mozilla/4.0 (compatible; MSIE 6.0; Windows NT 5.1; SV1; .NET CLR 1.1.4322; .NET CLR 2.0.50727)"
83.91.41.235 - - [28/Feb/2006:00:37:15 +0100] "GET /twiki/pub/TWiki/TWikiDocGraphics/notify.gif HTTP/1.1" 304 - "http://lavrsen.dk/twiki/bin/view/Sandbox/WebHome" "Mozilla/4.0 (compatible; MSIE 6.0; Windows NT 5.1; SV1; .NET CLR 1.1.4322; .NET CLR 2.0.50727)"
83.91.41.235 - - [28/Feb/2006:00:37:15 +0100] "GET /twiki/pub/TWiki/TWikiDocGraphics/statistics.gif HTTP/1.1" 304 - "http://lavrsen.dk/twiki/bin/view/Sandbox/WebHome" "Mozilla/4.0 (compatible; MSIE 6.0; Windows NT 5.1; SV1; .NET CLR 1.1.4322; .NET CLR 2.0.50727)"
83.91.41.235 - - [28/Feb/2006:00:37:15 +0100] "GET /twiki/pub/TWiki/TWikiDocGraphics/wrench.gif HTTP/1.1" 304 - "http://lavrsen.dk/twiki/bin/view/Sandbox/WebHome" "Mozilla/4.0 (compatible; MSIE 6.0; Windows NT 5.1; SV1; .NET CLR 1.1.4322; .NET CLR 2.0.50727)"
83.91.41.235 - - [28/Feb/2006:00:37:15 +0100] "GET /twiki/pub/TWiki/TWikiDocGraphics/web-bg.gif HTTP/1.1" 304 - "http://lavrsen.dk/twiki/bin/view/Sandbox/WebHome" "Mozilla/4.0 (compatible; MSIE 6.0; Windows NT 5.1; SV1; .NET CLR 1.1.4322; .NET CLR 2.0.50727)"
83.91.41.235 - - [28/Feb/2006:00:37:15 +0100] "GET /twiki/pub/TWiki/TWikiDocGraphics/web-bg-small.gif HTTP/1.1" 304 - "http://lavrsen.dk/twiki/bin/view/Sandbox/WebHome" "Mozilla/4.0 (compatible; MSIE 6.0; Windows NT 5.1; SV1; .NET CLR 1.1.4322; .NET CLR 2.0.50727)"
83.91.41.235 - - [28/Feb/2006:00:37:15 +0100] "GET /twiki/pub/TWiki/TwistyContrib/twist.css HTTP/1.1" 304 - "http://lavrsen.dk/twiki/bin/view/Sandbox/WebHome" "Mozilla/4.0 (compatible; MSIE 6.0; Windows NT 5.1; SV1; .NET CLR 1.1.4322; .NET CLR 2.0.50727)"
83.91.41.235 - - [28/Feb/2006:00:37:15 +0100] "GET /twiki/pub/TWiki/PatternSkin/layout.css HTTP/1.1" 304 - "http://lavrsen.dk/twiki/bin/view/Sandbox/WebHome" "Mozilla/4.0 (compatible; MSIE 6.0; Windows NT 5.1; SV1; .NET CLR 1.1.4322; .NET CLR 2.0.50727)"
83.91.41.235 - - [28/Feb/2006:00:37:15 +0100] "GET /twiki/pub/TWiki/PatternSkin/style.css HTTP/1.1" 304 - "http://lavrsen.dk/twiki/bin/view/Sandbox/WebHome" "Mozilla/4.0 (compatible; MSIE 6.0; Windows NT 5.1; SV1; .NET CLR 1.1.4322; .NET CLR 2.0.50727)"
83.91.41.235 - - [28/Feb/2006:00:37:15 +0100] "GET /twiki/pub/TWiki/PatternSkin/colors.css HTTP/1.1" 304 - "http://lavrsen.dk/twiki/bin/view/Sandbox/WebHome" "Mozilla/4.0 (compatible; MSIE 6.0; Windows NT 5.1; SV1; .NET CLR 1.1.4322; .NET CLR 2.0.50727)"
83.91.41.235 - - [28/Feb/2006:00:37:15 +0100] "GET /twiki/pub/Main/TWikiPreferences/user.css HTTP/1.1" 304 - "http://lavrsen.dk/twiki/bin/view/Sandbox/WebHome" "Mozilla/4.0 (compatible; MSIE 6.0; Windows NT 5.1; SV1; .NET CLR 1.1.4322; .NET CLR 2.0.50727)"
83.91.41.235 - - [28/Feb/2006:00:37:17 +0100] "GET /twiki/pub/TWiki/TWikiJavascripts/twiki.js HTTP/1.1" 304 - "http://lavrsen.dk/twiki/bin/view/Sandbox/TestTopic1" "Mozilla/4.0 (compatible; MSIE 6.0; Windows NT 5.1; SV1; .NET CLR 1.1.4322; .NET CLR 2.0.50727)"
83.91.41.235 - - [28/Feb/2006:00:37:17 +0100] "GET /twiki/pub/TWiki/PatternSkin/pattern.js HTTP/1.1" 304 - "http://lavrsen.dk/twiki/bin/view/Sandbox/TestTopic1" "Mozilla/4.0 (compatible; MSIE 6.0; Windows NT 5.1; SV1; .NET CLR 1.1.4322; .NET CLR 2.0.50727)"
83.91.41.235 - - [28/Feb/2006:00:37:17 +0100] "GET /twiki/bin/view/Sandbox/TestTopic1 HTTP/1.1" 200 20068 "http://lavrsen.dk/twiki/bin/view/Sandbox/WebHome" "Mozilla/4.0 (compatible; MSIE 6.0; Windows NT 5.1; SV1; .NET CLR 1.1.4322; .NET CLR 2.0.50727)"
83.91.41.235 - - [28/Feb/2006:00:37:18 +0100] "GET /twiki/pub/TWiki/TwistyContrib/twist.js HTTP/1.1" 304 - "http://lavrsen.dk/twiki/bin/view/Sandbox/TestTopic1" "Mozilla/4.0 (compatible; MSIE 6.0; Windows NT 5.1; SV1; .NET CLR 1.1.4322; .NET CLR 2.0.50727)"
83.91.41.235 - - [28/Feb/2006:00:37:18 +0100] "GET /twiki/pub/Main/TWikiPreferences/kennethwiki-trans.gif HTTP/1.1" 304 - "http://lavrsen.dk/twiki/bin/view/Sandbox/TestTopic1" "Mozilla/4.0 (compatible; MSIE 6.0; Windows NT 5.1; SV1; .NET CLR 1.1.4322; .NET CLR 2.0.50727)"
83.91.41.235 - - [28/Feb/2006:00:37:18 +0100] "GET /twiki/pub/TWiki/TWikiDocGraphics/arrowright.gif HTTP/1.1" 304 - "http://lavrsen.dk/twiki/bin/view/Sandbox/TestTopic1" "Mozilla/4.0 (compatible; MSIE 6.0; Windows NT 5.1; SV1; .NET CLR 1.1.4322; .NET CLR 2.0.50727)"
83.91.41.235 - - [28/Feb/2006:00:37:18 +0100] "GET /twiki/pub/TWiki/TWikiDocGraphics/searchtopic.gif HTTP/1.1" 304 - "http://lavrsen.dk/twiki/bin/view/Sandbox/TestTopic1" "Mozilla/4.0 (compatible; MSIE 6.0; Windows NT 5.1; SV1; .NET CLR 1.1.4322; .NET CLR 2.0.50727)"
83.91.41.235 - - [28/Feb/2006:00:37:18 +0100] "GET /twiki/pub/TWiki/TWikiDocGraphics/home.gif HTTP/1.1" 304 - "http://lavrsen.dk/twiki/bin/view/Sandbox/TestTopic1" "Mozilla/4.0 (compatible; MSIE 6.0; Windows NT 5.1; SV1; .NET CLR 1.1.4322; .NET CLR 2.0.50727)"
83.91.41.235 - - [28/Feb/2006:00:37:18 +0100] "GET /twiki/pub/TWiki/TWikiDocGraphics/newtopic.gif HTTP/1.1" 304 - "http://lavrsen.dk/twiki/bin/view/Sandbox/TestTopic1" "Mozilla/4.0 (compatible; MSIE 6.0; Windows NT 5.1; SV1; .NET CLR 1.1.4322; .NET CLR 2.0.50727)"
83.91.41.235 - - [28/Feb/2006:00:37:18 +0100] "GET /twiki/pub/TWiki/TWikiDocGraphics/index.gif HTTP/1.1" 304 - "http://lavrsen.dk/twiki/bin/view/Sandbox/TestTopic1" "Mozilla/4.0 (compatible; MSIE 6.0; Windows NT 5.1; SV1; .NET CLR 1.1.4322; .NET CLR 2.0.50727)"
83.91.41.235 - - [28/Feb/2006:00:37:18 +0100] "GET /twiki/pub/TWiki/TWikiDocGraphics/changes.gif HTTP/1.1" 304 - "http://lavrsen.dk/twiki/bin/view/Sandbox/TestTopic1" "Mozilla/4.0 (compatible; MSIE 6.0; Windows NT 5.1; SV1; .NET CLR 1.1.4322; .NET CLR 2.0.50727)"
83.91.41.235 - - [28/Feb/2006:00:37:18 +0100] "GET /twiki/pub/TWiki/TWikiDocGraphics/notify.gif HTTP/1.1" 304 - "http://lavrsen.dk/twiki/bin/view/Sandbox/TestTopic1" "Mozilla/4.0 (compatible; MSIE 6.0; Windows NT 5.1; SV1; .NET CLR 1.1.4322; .NET CLR 2.0.50727)"
83.91.41.235 - - [28/Feb/2006:00:37:18 +0100] "GET /twiki/pub/TWiki/TWikiDocGraphics/statistics.gif HTTP/1.1" 304 - "http://lavrsen.dk/twiki/bin/view/Sandbox/TestTopic1" "Mozilla/4.0 (compatible; MSIE 6.0; Windows NT 5.1; SV1; .NET CLR 1.1.4322; .NET CLR 2.0.50727)"
83.91.41.235 - - [28/Feb/2006:00:37:18 +0100] "GET /twiki/pub/TWiki/TWikiDocGraphics/wrench.gif HTTP/1.1" 304 - "http://lavrsen.dk/twiki/bin/view/Sandbox/TestTopic1" "Mozilla/4.0 (compatible; MSIE 6.0; Windows NT 5.1; SV1; .NET CLR 1.1.4322; .NET CLR 2.0.50727)"
83.91.41.235 - - [28/Feb/2006:00:37:18 +0100] "GET /twiki/pub/TWiki/TWikiDocGraphics/web-bg.gif HTTP/1.1" 304 - "http://lavrsen.dk/twiki/bin/view/Sandbox/TestTopic1" "Mozilla/4.0 (compatible; MSIE 6.0; Windows NT 5.1; SV1; .NET CLR 1.1.4322; .NET CLR 2.0.50727)"
83.91.41.235 - - [28/Feb/2006:00:37:18 +0100] "GET /twiki/pub/TWiki/TWikiDocGraphics/web-bg-small.gif HTTP/1.1" 304 - "http://lavrsen.dk/twiki/bin/view/Sandbox/TestTopic1" "Mozilla/4.0 (compatible; MSIE 6.0; Windows NT 5.1; SV1; .NET CLR 1.1.4322; .NET CLR 2.0.50727)"
83.91.41.235 - - [28/Feb/2006:00:37:18 +0100] "GET /twiki/pub/TWiki/TWikiDocGraphics/toggleopen.gif HTTP/1.1" 304 - "http://lavrsen.dk/twiki/bin/view/Sandbox/TestTopic1" "Mozilla/4.0 (compatible; MSIE 6.0; Windows NT 5.1; SV1; .NET CLR 1.1.4322; .NET CLR 2.0.50727)"
83.91.41.235 - - [28/Feb/2006:00:37:18 +0100] "GET /twiki/pub/TWiki/TWikiDocGraphics/toggleclose.gif HTTP/1.1" 304 - "http://lavrsen.dk/twiki/bin/view/Sandbox/TestTopic1" "Mozilla/4.0 (compatible; MSIE 6.0; Windows NT 5.1; SV1; .NET CLR 1.1.4322; .NET CLR 2.0.50727)"
83.91.41.235 - - [28/Feb/2006:00:37:18 +0100] "GET /twiki/pub/TWiki/TWikiDocGraphics/jpg.gif HTTP/1.1" 304 - "http://lavrsen.dk/twiki/bin/view/Sandbox/TestTopic1" "Mozilla/4.0 (compatible; MSIE 6.0; Windows NT 5.1; SV1; .NET CLR 1.1.4322; .NET CLR 2.0.50727)"
83.91.41.235 - - [28/Feb/2006:00:37:18 +0100] "GET /twiki/pub/TWiki/TWikiDocGraphics/txt.gif HTTP/1.1" 304 - "http://lavrsen.dk/twiki/bin/view/Sandbox/TestTopic1" "Mozilla/4.0 (compatible; MSIE 6.0; Windows NT 5.1; SV1; .NET CLR 1.1.4322; .NET CLR 2.0.50727)"
83.91.41.235 - - [28/Feb/2006:00:37:18 +0100] "GET /twiki/pub/TWiki/TwistyContrib/twist.css HTTP/1.1" 304 - "http://lavrsen.dk/twiki/bin/view/Sandbox/TestTopic1" "Mozilla/4.0 (compatible; MSIE 6.0; Windows NT 5.1; SV1; .NET CLR 1.1.4322; .NET CLR 2.0.50727)"
83.91.41.235 - - [28/Feb/2006:00:37:18 +0100] "GET /twiki/pub/TWiki/PatternSkin/layout.css HTTP/1.1" 304 - "http://lavrsen.dk/twiki/bin/view/Sandbox/TestTopic1" "Mozilla/4.0 (compatible; MSIE 6.0; Windows NT 5.1; SV1; .NET CLR 1.1.4322; .NET CLR 2.0.50727)"
83.91.41.235 - - [28/Feb/2006:00:37:18 +0100] "GET /twiki/pub/TWiki/PatternSkin/style.css HTTP/1.1" 304 - "http://lavrsen.dk/twiki/bin/view/Sandbox/TestTopic1" "Mozilla/4.0 (compatible; MSIE 6.0; Windows NT 5.1; SV1; .NET CLR 1.1.4322; .NET CLR 2.0.50727)"
83.91.41.235 - - [28/Feb/2006:00:37:18 +0100] "GET /twiki/pub/TWiki/PatternSkin/colors.css HTTP/1.1" 304 - "http://lavrsen.dk/twiki/bin/view/Sandbox/TestTopic1" "Mozilla/4.0 (compatible; MSIE 6.0; Windows NT 5.1; SV1; .NET CLR 1.1.4322; .NET CLR 2.0.50727)"
83.91.41.235 - - [28/Feb/2006:00:37:18 +0100] "GET /twiki/pub/Main/TWikiPreferences/user.css HTTP/1.1" 304 - "http://lavrsen.dk/twiki/bin/view/Sandbox/TestTopic1" "Mozilla/4.0 (compatible; MSIE 6.0; Windows NT 5.1; SV1; .NET CLR 1.1.4322; .NET CLR 2.0.50727)"
84.151.5.110 - - [28/Feb/2006:00:37:20 +0100] "GET /twiki/pub/TWiki/TWikiJavascripts/twiki.js HTTP/1.1" 304 - "http://www.lavrsen.dk/twiki/bin/view/Open2300/WebHome" "Mozilla/4.0 (compatible; MSIE 6.0; Windows NT 5.1; SV1; .NET CLR 1.1.4322)"
84.151.5.110 - - [28/Feb/2006:00:37:19 +0100] "GET /twiki/bin/view/Open2300/WebHome HTTP/1.1" 200 23258 "http://www.lavrsen.dk/twiki/bin/view/Motion/WebHome" "Mozilla/4.0 (compatible; MSIE 6.0; Windows NT 5.1; SV1; .NET CLR 1.1.4322)"
84.151.5.110 - - [28/Feb/2006:00:37:20 +0100] "GET /twiki/pub/TWiki/PatternSkin/pattern.js HTTP/1.1" 304 - "http://www.lavrsen.dk/twiki/bin/view/Open2300/WebHome" "Mozilla/4.0 (compatible; MSIE 6.0; Windows NT 5.1; SV1; .NET CLR 1.1.4322)"
84.151.5.110 - - [28/Feb/2006:00:37:20 +0100] "GET /twiki/pub/TWiki/TwistyContrib/twist.js HTTP/1.1" 304 - "http://www.lavrsen.dk/twiki/bin/view/Open2300/WebHome" "Mozilla/4.0 (compatible; MSIE 6.0; Windows NT 5.1; SV1; .NET CLR 1.1.4322)"
84.151.5.110 - - [28/Feb/2006:00:37:20 +0100] "GET /twiki/pub/TWiki/TwistyContrib/twist.css HTTP/1.1" 304 - "http://www.lavrsen.dk/twiki/bin/view/Open2300/WebHome" "Mozilla/4.0 (compatible; MSIE 6.0; Windows NT 5.1; SV1; .NET CLR 1.1.4322)"
84.151.5.110 - - [28/Feb/2006:00:37:20 +0100] "GET /twiki/pub/TWiki/PatternSkin/colors.css HTTP/1.1" 304 - "http://www.lavrsen.dk/twiki/bin/view/Open2300/WebHome" "Mozilla/4.0 (compatible; MSIE 6.0; Windows NT 5.1; SV1; .NET CLR 1.1.4322)"
84.151.5.110 - - [28/Feb/2006:00:37:21 +0100] "GET /twiki/pub/TWiki/TWikiDocGraphics/web-bg-small.gif HTTP/1.1" 304 - "http://www.lavrsen.dk/twiki/bin/view/Open2300/WebHome" "Mozilla/4.0 (compatible; MSIE 6.0; Windows NT 5.1; SV1; .NET CLR 1.1.4322)"
84.151.5.110 - - [28/Feb/2006:00:37:21 +0100] "GET /twiki/pub/TWiki/PatternSkin/style.css HTTP/1.1" 304 - "http://www.lavrsen.dk/twiki/bin/view/Open2300/WebHome" "Mozilla/4.0 (compatible; MSIE 6.0; Windows NT 5.1; SV1; .NET CLR 1.1.4322)"
84.151.5.110 - - [28/Feb/2006:00:37:21 +0100] "GET /twiki/pub/Main/TWikiPreferences/user.css HTTP/1.1" 304 - "http://www.lavrsen.dk/twiki/bin/view/Open2300/WebHome" "Mozilla/4.0 (compatible; MSIE 6.0; Windows NT 5.1; SV1; .NET CLR 1.1.4322)"
84.151.5.110 - - [28/Feb/2006:00:37:21 +0100] "GET /twiki/pub/TWiki/PatternSkin/layout.css HTTP/1.1" 304 - "http://www.lavrsen.dk/twiki/bin/view/Open2300/WebHome" "Mozilla/4.0 (compatible; MSIE 6.0; Windows NT 5.1; SV1; .NET CLR 1.1.4322)"
84.151.5.110 - - [28/Feb/2006:00:37:21 +0100] "GET /twiki/pub/Main/TWikiPreferences/kennethwiki-trans.gif HTTP/1.1" 200 1424 "http://www.lavrsen.dk/twiki/bin/view/Open2300/WebHome" "Mozilla/4.0 (compatible; MSIE 6.0; Windows NT 5.1; SV1; .NET CLR 1.1.4322)"
84.151.5.110 - - [28/Feb/2006:00:37:21 +0100] "GET /twiki/pub/TWiki/TWikiDocGraphics/arrowright.gif HTTP/1.1" 304 - "http://www.lavrsen.dk/twiki/bin/view/Open2300/WebHome" "Mozilla/4.0 (compatible; MSIE 6.0; Windows NT 5.1; SV1; .NET CLR 1.1.4322)"
84.151.5.110 - - [28/Feb/2006:00:37:21 +0100] "GET /twiki/pub/TWiki/TWikiDocGraphics/searchtopic.gif HTTP/1.1" 304 - "http://www.lavrsen.dk/twiki/bin/view/Open2300/WebHome" "Mozilla/4.0 (compatible; MSIE 6.0; Windows NT 5.1; SV1; .NET CLR 1.1.4322)"
84.151.5.110 - - [28/Feb/2006:00:37:21 +0100] "GET /twiki/pub/TWiki/TWikiDocGraphics/key.gif HTTP/1.1" 304 - "http://www.lavrsen.dk/twiki/bin/view/Open2300/WebHome" "Mozilla/4.0 (compatible; MSIE 6.0; Windows NT 5.1; SV1; .NET CLR 1.1.4322)"
84.151.5.110 - - [28/Feb/2006:00:37:21 +0100] "GET /twiki/pub/TWiki/TWikiDocGraphics/web-bg.gif HTTP/1.1" 304 - "http://www.lavrsen.dk/twiki/bin/view/Open2300/WebHome" "Mozilla/4.0 (compatible; MSIE 6.0; Windows NT 5.1; SV1; .NET CLR 1.1.4322)"
67.9.34.199 - - [28/Feb/2006:00:37:21 +0100] "GET /twiki/bin/view/Motion/MotionTechnology HTTP/1.1" 200 22007 "http://www.lavrsen.dk/twiki/bin/view/Motion/WebHome" "Mozilla/5.0 (compatible; Konqueror/3.4; Linux) KHTML/3.4.0 (like Gecko)"
83.91.41.235 - - [28/Feb/2006:00:37:22 +0100] "GET /twiki/pub/TWiki/TWikiJavascripts/twiki.js HTTP/1.1" 304 - "http://lavrsen.dk/twiki/bin/edit/Sandbox/TestTopic1?t=1141083437" "Mozilla/4.0 (compatible; MSIE 6.0; Windows NT 5.1; SV1; .NET CLR 1.1.4322; .NET CLR 2.0.50727)"
83.91.41.235 - - [28/Feb/2006:00:37:22 +0100] "GET /twiki/pub/TWiki/PatternSkin/pattern.js HTTP/1.1" 304 - "http://lavrsen.dk/twiki/bin/edit/Sandbox/TestTopic1?t=1141083437" "Mozilla/4.0 (compatible; MSIE 6.0; Windows NT 5.1; SV1; .NET CLR 1.1.4322; .NET CLR 2.0.50727)"
67.9.34.199 - - [28/Feb/2006:00:37:22 +0100] "GET /twiki/pub/TWiki/TWikiDocGraphics/toggleopen.gif HTTP/1.1" 200 143 "http://www.lavrsen.dk/twiki/bin/view/Motion/MotionTechnology" "Mozilla/5.0 (compatible; Konqueror/3.4; Linux) KHTML/3.4.0 (like Gecko)"
83.91.41.235 - KennethLavrsen [28/Feb/2006:00:37:21 +0100] "GET /twiki/bin/edit/Sandbox/TestTopic1?t=1141083437 HTTP/1.1" 200 12907 "http://lavrsen.dk/twiki/bin/view/Sandbox/TestTopic1" "Mozilla/4.0 (compatible; MSIE 6.0; Windows NT 5.1; SV1; .NET CLR 1.1.4322; .NET CLR 2.0.50727)"
83.91.41.235 - - [28/Feb/2006:00:37:23 +0100] "GET /twiki/pub/TWiki/TwistyContrib/twist.js HTTP/1.1" 304 - "http://lavrsen.dk/twiki/bin/edit/Sandbox/TestTopic1?t=1141083437" "Mozilla/4.0 (compatible; MSIE 6.0; Windows NT 5.1; SV1; .NET CLR 1.1.4322; .NET CLR 2.0.50727)"
83.91.41.235 - - [28/Feb/2006:00:37:23 +0100] "GET /twiki/pub/TWiki/TWikiJavascripts/twiki_edit.js HTTP/1.1" 304 - "http://lavrsen.dk/twiki/bin/edit/Sandbox/TestTopic1?t=1141083437" "Mozilla/4.0 (compatible; MSIE 6.0; Windows NT 5.1; SV1; .NET CLR 1.1.4322; .NET CLR 2.0.50727)"
83.91.41.235 - - [28/Feb/2006:00:37:23 +0100] "GET /twiki/pub/TWiki/TWikiDocGraphics/toggleopen-small.gif HTTP/1.1" 304 - "http://lavrsen.dk/twiki/bin/edit/Sandbox/TestTopic1?t=1141083437" "Mozilla/4.0 (compatible; MSIE 6.0; Windows NT 5.1; SV1; .NET CLR 1.1.4322; .NET CLR 2.0.50727)"
83.91.41.235 - - [28/Feb/2006:00:37:23 +0100] "GET /twiki/pub/TWiki/TWikiDocGraphics/toggleclose-small.gif HTTP/1.1" 304 - "http://lavrsen.dk/twiki/bin/edit/Sandbox/TestTopic1?t=1141083437" "Mozilla/4.0 (compatible; MSIE 6.0; Windows NT 5.1; SV1; .NET CLR 1.1.4322; .NET CLR 2.0.50727)"
83.91.41.235 - - [28/Feb/2006:00:37:23 +0100] "GET /twiki/pub/TWiki/TWikiDocGraphics/monospace.gif HTTP/1.1" 304 - "http://lavrsen.dk/twiki/bin/edit/Sandbox/TestTopic1?t=1141083437" "Mozilla/4.0 (compatible; MSIE 6.0; Windows NT 5.1; SV1; .NET CLR 1.1.4322; .NET CLR 2.0.50727)"
83.91.41.235 - - [28/Feb/2006:00:37:23 +0100] "GET /twiki/pub/TWiki/TWikiDocGraphics/proportional.gif HTTP/1.1" 304 - "http://lavrsen.dk/twiki/bin/edit/Sandbox/TestTopic1?t=1141083437" "Mozilla/4.0 (compatible; MSIE 6.0; Windows NT 5.1; SV1; .NET CLR 1.1.4322; .NET CLR 2.0.50727)"
83.91.41.235 - - [28/Feb/2006:00:37:23 +0100] "GET /twiki/pub/TWiki/TWikiDocGraphics/arrowdown.gif HTTP/1.1" 304 - "http://lavrsen.dk/twiki/bin/edit/Sandbox/TestTopic1?t=1141083437" "Mozilla/4.0 (compatible; MSIE 6.0; Windows NT 5.1; SV1; .NET CLR 1.1.4322; .NET CLR 2.0.50727)"
83.91.41.235 - - [28/Feb/2006:00:37:23 +0100] "GET /twiki/pub/TWiki/TWikiDocGraphics/arrowup.gif HTTP/1.1" 304 - "http://lavrsen.dk/twiki/bin/edit/Sandbox/TestTopic1?t=1141083437" "Mozilla/4.0 (compatible; MSIE 6.0; Windows NT 5.1; SV1; .NET CLR 1.1.4322; .NET CLR 2.0.50727)"
83.91.41.235 - - [28/Feb/2006:00:37:23 +0100] "GET /twiki/pub/TWiki/TwistyContrib/twist.css HTTP/1.1" 304 - "http://lavrsen.dk/twiki/bin/edit/Sandbox/TestTopic1?t=1141083437" "Mozilla/4.0 (compatible; MSIE 6.0; Windows NT 5.1; SV1; .NET CLR 1.1.4322; .NET CLR 2.0.50727)"
83.91.41.235 - - [28/Feb/2006:00:37:23 +0100] "GET /twiki/pub/TWiki/PatternSkin/layout.css HTTP/1.1" 304 - "http://lavrsen.dk/twiki/bin/edit/Sandbox/TestTopic1?t=1141083437" "Mozilla/4.0 (compatible; MSIE 6.0; Windows NT 5.1; SV1; .NET CLR 1.1.4322; .NET CLR 2.0.50727)"
83.91.41.235 - - [28/Feb/2006:00:37:23 +0100] "GET /twiki/pub/TWiki/PatternSkin/style.css HTTP/1.1" 304 - "http://lavrsen.dk/twiki/bin/edit/Sandbox/TestTopic1?t=1141083437" "Mozilla/4.0 (compatible; MSIE 6.0; Windows NT 5.1; SV1; .NET CLR 1.1.4322; .NET CLR 2.0.50727)"
83.91.41.235 - - [28/Feb/2006:00:37:23 +0100] "GET /twiki/pub/TWiki/PatternSkin/colors.css HTTP/1.1" 304 - "http://lavrsen.dk/twiki/bin/edit/Sandbox/TestTopic1?t=1141083437" "Mozilla/4.0 (compatible; MSIE 6.0; Windows NT 5.1; SV1; .NET CLR 1.1.4322; .NET CLR 2.0.50727)"
83.91.41.235 - - [28/Feb/2006:00:37:23 +0100] "GET /twiki/pub/Main/TWikiPreferences/user.css HTTP/1.1" 304 - "http://lavrsen.dk/twiki/bin/edit/Sandbox/TestTopic1?t=1141083437" "Mozilla/4.0 (compatible; MSIE 6.0; Windows NT 5.1; SV1; .NET CLR 1.1.4322; .NET CLR 2.0.50727)"
83.91.41.235 - KennethLavrsen [28/Feb/2006:00:37:25 +0100] "POST /twiki/bin/save/Sandbox/TestTopic1 HTTP/1.1" 302 - "http://lavrsen.dk/twiki/bin/edit/Sandbox/TestTopic1?t=1141083437" "Mozilla/4.0 (compatible; MSIE 6.0; Windows NT 5.1; SV1; .NET CLR 1.1.4322; .NET CLR 2.0.50727)"
83.91.41.235 - - [28/Feb/2006:00:37:27 +0100] "GET /twiki/pub/TWiki/TWikiJavascripts/twiki.js HTTP/1.1" 304 - "http://lavrsen.dk/twiki/bin/view/Sandbox/TestTopic1" "Mozilla/4.0 (compatible; MSIE 6.0; Windows NT 5.1; SV1; .NET CLR 1.1.4322; .NET CLR 2.0.50727)"
84.151.5.110 - - [28/Feb/2006:00:37:27 +0100] "GET /twiki/pub/TWiki/TWikiJavascripts/twiki.js HTTP/1.1" 304 - "http://www.lavrsen.dk/twiki/bin/view/Motion/FrequentlyAskedQuestions" "Mozilla/4.0 (compatible; MSIE 6.0; Windows NT 5.1; SV1; .NET CLR 1.1.4322)"
83.91.41.235 - - [28/Feb/2006:00:37:27 +0100] "GET /twiki/pub/TWiki/PatternSkin/pattern.js HTTP/1.1" 304 - "http://lavrsen.dk/twiki/bin/view/Sandbox/TestTopic1" "Mozilla/4.0 (compatible; MSIE 6.0; Windows NT 5.1; SV1; .NET CLR 1.1.4322; .NET CLR 2.0.50727)"
83.91.41.235 - - [28/Feb/2006:00:37:27 +0100] "GET /twiki/pub/TWiki/TwistyContrib/twist.js HTTP/1.1" 304 - "http://lavrsen.dk/twiki/bin/view/Sandbox/TestTopic1" "Mozilla/4.0 (compatible; MSIE 6.0; Windows NT 5.1; SV1; .NET CLR 1.1.4322; .NET CLR 2.0.50727)"
84.151.5.110 - - [28/Feb/2006:00:37:27 +0100] "GET /twiki/pub/TWiki/PatternSkin/pattern.js HTTP/1.1" 304 - "http://www.lavrsen.dk/twiki/bin/view/Motion/FrequentlyAskedQuestions" "Mozilla/4.0 (compatible; MSIE 6.0; Windows NT 5.1; SV1; .NET CLR 1.1.4322)"
83.91.41.235 - - [28/Feb/2006:00:37:27 +0100] "GET /twiki/pub/Main/TWikiPreferences/kennethwiki-trans.gif HTTP/1.1" 304 - "http://lavrsen.dk/twiki/bin/view/Sandbox/TestTopic1" "Mozilla/4.0 (compatible; MSIE 6.0; Windows NT 5.1; SV1; .NET CLR 1.1.4322; .NET CLR 2.0.50727)"
83.91.41.235 - - [28/Feb/2006:00:37:27 +0100] "GET /twiki/pub/TWiki/TWikiDocGraphics/arrowright.gif HTTP/1.1" 304 - "http://lavrsen.dk/twiki/bin/view/Sandbox/TestTopic1" "Mozilla/4.0 (compatible; MSIE 6.0; Windows NT 5.1; SV1; .NET CLR 1.1.4322; .NET CLR 2.0.50727)"
84.151.5.110 - - [28/Feb/2006:00:37:27 +0100] "GET /twiki/pub/TWiki/TwistyContrib/twist.js HTTP/1.1" 304 - "http://www.lavrsen.dk/twiki/bin/view/Motion/FrequentlyAskedQuestions" "Mozilla/4.0 (compatible; MSIE 6.0; Windows NT 5.1; SV1; .NET CLR 1.1.4322)"
83.91.41.235 - - [28/Feb/2006:00:37:26 +0100] "GET /twiki/bin/view/Sandbox/TestTopic1 HTTP/1.1" 200 20068 "http://lavrsen.dk/twiki/bin/edit/Sandbox/TestTopic1?t=1141083437" "Mozilla/4.0 (compatible; MSIE 6.0; Windows NT 5.1; SV1; .NET CLR 1.1.4322; .NET CLR 2.0.50727)"
84.151.5.110 - - [28/Feb/2006:00:37:26 +0100] "GET /twiki/bin/view/Motion/FrequentlyAskedQuestions HTTP/1.1" 200 40850 "http://www.lavrsen.dk/twiki/bin/view/Motion/WebHome" "Mozilla/4.0 (compatible; MSIE 6.0; Windows NT 5.1; SV1; .NET CLR 1.1.4322)"
83.91.41.235 - - [28/Feb/2006:00:37:28 +0100] "GET /twiki/pub/TWiki/TWikiDocGraphics/searchtopic.gif HTTP/1.1" 304 - "http://lavrsen.dk/twiki/bin/view/Sandbox/TestTopic1" "Mozilla/4.0 (compatible; MSIE 6.0; Windows NT 5.1; SV1; .NET CLR 1.1.4322; .NET CLR 2.0.50727)"
83.91.41.235 - - [28/Feb/2006:00:37:28 +0100] "GET /twiki/pub/TWiki/TWikiDocGraphics/home.gif HTTP/1.1" 304 - "http://lavrsen.dk/twiki/bin/view/Sandbox/TestTopic1" "Mozilla/4.0 (compatible; MSIE 6.0; Windows NT 5.1; SV1; .NET CLR 1.1.4322; .NET CLR 2.0.50727)"
83.91.41.235 - - [28/Feb/2006:00:37:28 +0100] "GET /twiki/pub/TWiki/TwistyContrib/twist.css HTTP/1.1" 304 - "http://lavrsen.dk/twiki/bin/view/Sandbox/TestTopic1" "Mozilla/4.0 (compatible; MSIE 6.0; Windows NT 5.1; SV1; .NET CLR 1.1.4322; .NET CLR 2.0.50727)"
83.91.41.235 - - [28/Feb/2006:00:37:28 +0100] "GET /twiki/pub/TWiki/TWikiDocGraphics/index.gif HTTP/1.1" 304 - "http://lavrsen.dk/twiki/bin/view/Sandbox/TestTopic1" "Mozilla/4.0 (compatible; MSIE 6.0; Windows NT 5.1; SV1; .NET CLR 1.1.4322; .NET CLR 2.0.50727)"
83.91.41.235 - - [28/Feb/2006:00:37:28 +0100] "GET /twiki/pub/TWiki/PatternSkin/layout.css HTTP/1.1" 304 - "http://lavrsen.dk/twiki/bin/view/Sandbox/TestTopic1" "Mozilla/4.0 (compatible; MSIE 6.0; Windows NT 5.1; SV1; .NET CLR 1.1.4322; .NET CLR 2.0.50727)"
83.91.41.235 - - [28/Feb/2006:00:37:28 +0100] "GET /twiki/pub/TWiki/TWikiDocGraphics/newtopic.gif HTTP/1.1" 304 - "http://lavrsen.dk/twiki/bin/view/Sandbox/TestTopic1" "Mozilla/4.0 (compatible; MSIE 6.0; Windows NT 5.1; SV1; .NET CLR 1.1.4322; .NET CLR 2.0.50727)"
83.91.41.235 - - [28/Feb/2006:00:37:28 +0100] "GET /twiki/pub/TWiki/PatternSkin/style.css HTTP/1.1" 304 - "http://lavrsen.dk/twiki/bin/view/Sandbox/TestTopic1" "Mozilla/4.0 (compatible; MSIE 6.0; Windows NT 5.1; SV1; .NET CLR 1.1.4322; .NET CLR 2.0.50727)"
83.91.41.235 - - [28/Feb/2006:00:37:28 +0100] "GET /twiki/pub/TWiki/TWikiDocGraphics/changes.gif HTTP/1.1" 304 - "http://lavrsen.dk/twiki/bin/view/Sandbox/TestTopic1" "Mozilla/4.0 (compatible; MSIE 6.0; Windows NT 5.1; SV1; .NET CLR 1.1.4322; .NET CLR 2.0.50727)"
83.91.41.235 - - [28/Feb/2006:00:37:28 +0100] "GET /twiki/pub/TWiki/PatternSkin/colors.css HTTP/1.1" 304 - "http://lavrsen.dk/twiki/bin/view/Sandbox/TestTopic1" "Mozilla/4.0 (compatible; MSIE 6.0; Windows NT 5.1; SV1; .NET CLR 1.1.4322; .NET CLR 2.0.50727)"
84.151.5.110 - - [28/Feb/2006:00:37:28 +0100] "GET /twiki/pub/TWiki/TwistyContrib/twist.css HTTP/1.1" 304 - "http://www.lavrsen.dk/twiki/bin/view/Motion/FrequentlyAskedQuestions" "Mozilla/4.0 (compatible; MSIE 6.0; Windows NT 5.1; SV1; .NET CLR 1.1.4322)"
84.151.5.110 - - [28/Feb/2006:00:37:28 +0100] "GET /twiki/pub/TWiki/PatternSkin/style.css HTTP/1.1" 304 - "http://www.lavrsen.dk/twiki/bin/view/Motion/FrequentlyAskedQuestions" "Mozilla/4.0 (compatible; MSIE 6.0; Windows NT 5.1; SV1; .NET CLR 1.1.4322)"
84.151.5.110 - - [28/Feb/2006:00:37:28 +0100] "GET /twiki/pub/TWiki/PatternSkin/colors.css HTTP/1.1" 304 - "http://www.lavrsen.dk/twiki/bin/view/Motion/FrequentlyAskedQuestions" "Mozilla/4.0 (compatible; MSIE 6.0; Windows NT 5.1; SV1; .NET CLR 1.1.4322)"
84.151.5.110 - - [28/Feb/2006:00:37:28 +0100] "GET /twiki/pub/TWiki/PatternSkin/layout.css HTTP/1.1" 304 - "http://www.lavrsen.dk/twiki/bin/view/Motion/FrequentlyAskedQuestions" "Mozilla/4.0 (compatible; MSIE 6.0; Windows NT 5.1; SV1; .NET CLR 1.1.4322)"
84.151.5.110 - - [28/Feb/2006:00:37:28 +0100] "GET /twiki/pub/Main/TWikiPreferences/user.css HTTP/1.1" 304 - "http://www.lavrsen.dk/twiki/bin/view/Motion/FrequentlyAskedQuestions" "Mozilla/4.0 (compatible; MSIE 6.0; Windows NT 5.1; SV1; .NET CLR 1.1.4322)"
83.91.41.235 - - [28/Feb/2006:00:37:28 +0100] "GET /twiki/pub/TWiki/TWikiDocGraphics/notify.gif HTTP/1.1" 304 - "http://lavrsen.dk/twiki/bin/view/Sandbox/TestTopic1" "Mozilla/4.0 (compatible; MSIE 6.0; Windows NT 5.1; SV1; .NET CLR 1.1.4322; .NET CLR 2.0.50727)"
84.151.5.110 - - [28/Feb/2006:00:37:28 +0100] "GET /twiki/pub/Motion/WebPreferences/motion-trans.gif HTTP/1.1" 304 - "http://www.lavrsen.dk/twiki/bin/view/Motion/FrequentlyAskedQuestions" "Mozilla/4.0 (compatible; MSIE 6.0; Windows NT 5.1; SV1; .NET CLR 1.1.4322)"
83.91.41.235 - - [28/Feb/2006:00:37:28 +0100] "GET /twiki/pub/TWiki/TWikiDocGraphics/statistics.gif HTTP/1.1" 304 - "http://lavrsen.dk/twiki/bin/view/Sandbox/TestTopic1" "Mozilla/4.0 (compatible; MSIE 6.0; Windows NT 5.1; SV1; .NET CLR 1.1.4322; .NET CLR 2.0.50727)"
84.151.5.110 - - [28/Feb/2006:00:37:28 +0100] "GET /twiki/pub/TWiki/TWikiDocGraphics/arrowright.gif HTTP/1.1" 304 - "http://www.lavrsen.dk/twiki/bin/view/Motion/FrequentlyAskedQuestions" "Mozilla/4.0 (compatible; MSIE 6.0; Windows NT 5.1; SV1; .NET CLR 1.1.4322)"
84.151.5.110 - - [28/Feb/2006:00:37:28 +0100] "GET /twiki/pub/TWiki/TWikiDocGraphics/searchtopic.gif HTTP/1.1" 304 - "http://www.lavrsen.dk/twiki/bin/view/Motion/FrequentlyAskedQuestions" "Mozilla/4.0 (compatible; MSIE 6.0; Windows NT 5.1; SV1; .NET CLR 1.1.4322)"
84.151.5.110 - - [28/Feb/2006:00:37:28 +0100] "GET /twiki/pub/TWiki/TWikiDocGraphics/key.gif HTTP/1.1" 304 - "http://www.lavrsen.dk/twiki/bin/view/Motion/FrequentlyAskedQuestions" "Mozilla/4.0 (compatible; MSIE 6.0; Windows NT 5.1; SV1; .NET CLR 1.1.4322)"
83.91.41.235 - - [28/Feb/2006:00:37:28 +0100] "GET /twiki/pub/Main/TWikiPreferences/user.css HTTP/1.1" 304 - "http://lavrsen.dk/twiki/bin/view/Sandbox/TestTopic1" "Mozilla/4.0 (compatible; MSIE 6.0; Windows NT 5.1; SV1; .NET CLR 1.1.4322; .NET CLR 2.0.50727)"
83.91.41.235 - - [28/Feb/2006:00:37:28 +0100] "GET /twiki/pub/TWiki/TWikiDocGraphics/wrench.gif HTTP/1.1" 304 - "http://lavrsen.dk/twiki/bin/view/Sandbox/TestTopic1" "Mozilla/4.0 (compatible; MSIE 6.0; Windows NT 5.1; SV1; .NET CLR 1.1.4322; .NET CLR 2.0.50727)"
84.151.5.110 - - [28/Feb/2006:00:37:28 +0100] "GET /twiki/pub/TWiki/TWikiDocGraphics/web-bg.gif HTTP/1.1" 304 - "http://www.lavrsen.dk/twiki/bin/view/Motion/FrequentlyAskedQuestions" "Mozilla/4.0 (compatible; MSIE 6.0; Windows NT 5.1; SV1; .NET CLR 1.1.4322)"
83.91.41.235 - - [28/Feb/2006:00:37:28 +0100] "GET /twiki/pub/TWiki/TWikiDocGraphics/web-bg.gif HTTP/1.1" 304 - "http://lavrsen.dk/twiki/bin/view/Sandbox/TestTopic1" "Mozilla/4.0 (compatible; MSIE 6.0; Windows NT 5.1; SV1; .NET CLR 1.1.4322; .NET CLR 2.0.50727)"
83.91.41.235 - - [28/Feb/2006:00:37:28 +0100] "GET /twiki/pub/TWiki/TWikiDocGraphics/web-bg-small.gif HTTP/1.1" 304 - "http://lavrsen.dk/twiki/bin/view/Sandbox/TestTopic1" "Mozilla/4.0 (compatible; MSIE 6.0; Windows NT 5.1; SV1; .NET CLR 1.1.4322; .NET CLR 2.0.50727)"
83.91.41.235 - - [28/Feb/2006:00:37:28 +0100] "GET /twiki/pub/TWiki/TWikiDocGraphics/toggleopen.gif HTTP/1.1" 304 - "http://lavrsen.dk/twiki/bin/view/Sandbox/TestTopic1" "Mozilla/4.0 (compatible; MSIE 6.0; Windows NT 5.1; SV1; .NET CLR 1.1.4322; .NET CLR 2.0.50727)"
84.151.5.110 - - [28/Feb/2006:00:37:28 +0100] "GET /twiki/pub/TWiki/TWikiDocGraphics/web-bg-small.gif HTTP/1.1" 304 - "http://www.lavrsen.dk/twiki/bin/view/Motion/FrequentlyAskedQuestions" "Mozilla/4.0 (compatible; MSIE 6.0; Windows NT 5.1; SV1; .NET CLR 1.1.4322)"
83.91.41.235 - - [28/Feb/2006:00:37:28 +0100] "GET /twiki/pub/TWiki/TWikiDocGraphics/toggleclose.gif HTTP/1.1" 304 - "http://lavrsen.dk/twiki/bin/view/Sandbox/TestTopic1" "Mozilla/4.0 (compatible; MSIE 6.0; Windows NT 5.1; SV1; .NET CLR 1.1.4322; .NET CLR 2.0.50727)"
83.91.41.235 - - [28/Feb/2006:00:37:28 +0100] "GET /twiki/pub/TWiki/TWikiDocGraphics/jpg.gif HTTP/1.1" 304 - "http://lavrsen.dk/twiki/bin/view/Sandbox/TestTopic1" "Mozilla/4.0 (compatible; MSIE 6.0; Windows NT 5.1; SV1; .NET CLR 1.1.4322; .NET CLR 2.0.50727)"
83.91.41.235 - - [28/Feb/2006:00:37:28 +0100] "GET /twiki/pub/TWiki/TWikiDocGraphics/txt.gif HTTP/1.1" 304 - "http://lavrsen.dk/twiki/bin/view/Sandbox/TestTopic1" "Mozilla/4.0 (compatible; MSIE 6.0; Windows NT 5.1; SV1; .NET CLR 1.1.4322; .NET CLR 2.0.50727)"
84.151.5.110 - - [28/Feb/2006:00:37:28 +0100] "GET /twiki/pub/TWiki/PatternSkin/bullet-down.gif HTTP/1.1" 304 - "http://www.lavrsen.dk/twiki/bin/view/Motion/FrequentlyAskedQuestions" "Mozilla/4.0 (compatible; MSIE 6.0; Windows NT 5.1; SV1; .NET CLR 1.1.4322)"
83.91.41.235 - - [28/Feb/2006:00:37:31 +0100] "GET /twiki/pub/TWiki/TWikiJavascripts/twiki.js HTTP/1.1" 304 - "http://lavrsen.dk/twiki/bin/edit/Sandbox/TestTopic1?t=1141083447" "Mozilla/4.0 (compatible; MSIE 6.0; Windows NT 5.1; SV1; .NET CLR 1.1.4322; .NET CLR 2.0.50727)"
83.91.41.235 - - [28/Feb/2006:00:37:31 +0100] "GET /twiki/pub/TWiki/PatternSkin/pattern.js HTTP/1.1" 304 - "http://lavrsen.dk/twiki/bin/edit/Sandbox/TestTopic1?t=1141083447" "Mozilla/4.0 (compatible; MSIE 6.0; Windows NT 5.1; SV1; .NET CLR 1.1.4322; .NET CLR 2.0.50727)"
83.91.41.235 - KennethLavrsen [28/Feb/2006:00:37:30 +0100] "GET /twiki/bin/edit/Sandbox/TestTopic1?t=1141083447 HTTP/1.1" 200 12907 "http://lavrsen.dk/twiki/bin/view/Sandbox/TestTopic1" "Mozilla/4.0 (compatible; MSIE 6.0; Windows NT 5.1; SV1; .NET CLR 1.1.4322; .NET CLR 2.0.50727)"
83.91.41.235 - - [28/Feb/2006:00:37:31 +0100] "GET /twiki/pub/TWiki/TwistyContrib/twist.js HTTP/1.1" 304 - "http://lavrsen.dk/twiki/bin/edit/Sandbox/TestTopic1?t=1141083447" "Mozilla/4.0 (compatible; MSIE 6.0; Windows NT 5.1; SV1; .NET CLR 1.1.4322; .NET CLR 2.0.50727)"
83.91.41.235 - - [28/Feb/2006:00:37:31 +0100] "GET /twiki/pub/TWiki/TWikiJavascripts/twiki_edit.js HTTP/1.1" 304 - "http://lavrsen.dk/twiki/bin/edit/Sandbox/TestTopic1?t=1141083447" "Mozilla/4.0 (compatible; MSIE 6.0; Windows NT 5.1; SV1; .NET CLR 1.1.4322; .NET CLR 2.0.50727)"
83.91.41.235 - - [28/Feb/2006:00:37:31 +0100] "GET /twiki/pub/TWiki/TWikiDocGraphics/toggleopen-small.gif HTTP/1.1" 304 - "http://lavrsen.dk/twiki/bin/edit/Sandbox/TestTopic1?t=1141083447" "Mozilla/4.0 (compatible; MSIE 6.0; Windows NT 5.1; SV1; .NET CLR 1.1.4322; .NET CLR 2.0.50727)"
83.91.41.235 - - [28/Feb/2006:00:37:31 +0100] "GET /twiki/pub/TWiki/TWikiDocGraphics/toggleclose-small.gif HTTP/1.1" 304 - "http://lavrsen.dk/twiki/bin/edit/Sandbox/TestTopic1?t=1141083447" "Mozilla/4.0 (compatible; MSIE 6.0; Windows NT 5.1; SV1; .NET CLR 1.1.4322; .NET CLR 2.0.50727)"
83.91.41.235 - - [28/Feb/2006:00:37:31 +0100] "GET /twiki/pub/TWiki/TWikiDocGraphics/monospace.gif HTTP/1.1" 304 - "http://lavrsen.dk/twiki/bin/edit/Sandbox/TestTopic1?t=1141083447" "Mozilla/4.0 (compatible; MSIE 6.0; Windows NT 5.1; SV1; .NET CLR 1.1.4322; .NET CLR 2.0.50727)"
83.91.41.235 - - [28/Feb/2006:00:37:31 +0100] "GET /twiki/pub/TWiki/TWikiDocGraphics/proportional.gif HTTP/1.1" 304 - "http://lavrsen.dk/twiki/bin/edit/Sandbox/TestTopic1?t=1141083447" "Mozilla/4.0 (compatible; MSIE 6.0; Windows NT 5.1; SV1; .NET CLR 1.1.4322; .NET CLR 2.0.50727)"
83.91.41.235 - - [28/Feb/2006:00:37:31 +0100] "GET /twiki/pub/TWiki/TWikiDocGraphics/arrowdown.gif HTTP/1.1" 304 - "http://lavrsen.dk/twiki/bin/edit/Sandbox/TestTopic1?t=1141083447" "Mozilla/4.0 (compatible; MSIE 6.0; Windows NT 5.1; SV1; .NET CLR 1.1.4322; .NET CLR 2.0.50727)"
83.91.41.235 - - [28/Feb/2006:00:37:31 +0100] "GET /twiki/pub/TWiki/TWikiDocGraphics/arrowup.gif HTTP/1.1" 304 - "http://lavrsen.dk/twiki/bin/edit/Sandbox/TestTopic1?t=1141083447" "Mozilla/4.0 (compatible; MSIE 6.0; Windows NT 5.1; SV1; .NET CLR 1.1.4322; .NET CLR 2.0.50727)"
83.91.41.235 - - [28/Feb/2006:00:37:32 +0100] "GET /twiki/pub/TWiki/TwistyContrib/twist.css HTTP/1.1" 304 - "http://lavrsen.dk/twiki/bin/edit/Sandbox/TestTopic1?t=1141083447" "Mozilla/4.0 (compatible; MSIE 6.0; Windows NT 5.1; SV1; .NET CLR 1.1.4322; .NET CLR 2.0.50727)"
83.91.41.235 - - [28/Feb/2006:00:37:32 +0100] "GET /twiki/pub/TWiki/PatternSkin/layout.css HTTP/1.1" 304 - "http://lavrsen.dk/twiki/bin/edit/Sandbox/TestTopic1?t=1141083447" "Mozilla/4.0 (compatible; MSIE 6.0; Windows NT 5.1; SV1; .NET CLR 1.1.4322; .NET CLR 2.0.50727)"
83.91.41.235 - - [28/Feb/2006:00:37:32 +0100] "GET /twiki/pub/TWiki/PatternSkin/style.css HTTP/1.1" 304 - "http://lavrsen.dk/twiki/bin/edit/Sandbox/TestTopic1?t=1141083447" "Mozilla/4.0 (compatible; MSIE 6.0; Windows NT 5.1; SV1; .NET CLR 1.1.4322; .NET CLR 2.0.50727)"
83.91.41.235 - - [28/Feb/2006:00:37:32 +0100] "GET /twiki/pub/TWiki/PatternSkin/colors.css HTTP/1.1" 304 - "http://lavrsen.dk/twiki/bin/edit/Sandbox/TestTopic1?t=1141083447" "Mozilla/4.0 (compatible; MSIE 6.0; Windows NT 5.1; SV1; .NET CLR 1.1.4322; .NET CLR 2.0.50727)"
83.91.41.235 - - [28/Feb/2006:00:37:32 +0100] "GET /twiki/pub/Main/TWikiPreferences/user.css HTTP/1.1" 304 - "http://lavrsen.dk/twiki/bin/edit/Sandbox/TestTopic1?t=1141083447" "Mozilla/4.0 (compatible; MSIE 6.0; Windows NT 5.1; SV1; .NET CLR 1.1.4322; .NET CLR 2.0.50727)"
83.91.41.235 - KennethLavrsen [28/Feb/2006:00:37:33 +0100] "POST /twiki/bin/save/Sandbox/TestTopic1 HTTP/1.1" 302 - "http://lavrsen.dk/twiki/bin/edit/Sandbox/TestTopic1?t=1141083447" "Mozilla/4.0 (compatible; MSIE 6.0; Windows NT 5.1; SV1; .NET CLR 1.1.4322; .NET CLR 2.0.50727)"
83.91.41.235 - - [28/Feb/2006:00:37:35 +0100] "GET /twiki/pub/TWiki/TWikiJavascripts/twiki.js HTTP/1.1" 304 - "http://lavrsen.dk/twiki/bin/view/Sandbox/TestTopic1" "Mozilla/4.0 (compatible; MSIE 6.0; Windows NT 5.1; SV1; .NET CLR 1.1.4322; .NET CLR 2.0.50727)"
83.91.41.235 - - [28/Feb/2006:00:37:34 +0100] "GET /twiki/bin/view/Sandbox/TestTopic1 HTTP/1.1" 200 20068 "http://lavrsen.dk/twiki/bin/edit/Sandbox/TestTopic1?t=1141083447" "Mozilla/4.0 (compatible; MSIE 6.0; Windows NT 5.1; SV1; .NET CLR 1.1.4322; .NET CLR 2.0.50727)"
83.91.41.235 - - [28/Feb/2006:00:37:35 +0100] "GET /twiki/pub/TWiki/PatternSkin/pattern.js HTTP/1.1" 304 - "http://lavrsen.dk/twiki/bin/view/Sandbox/TestTopic1" "Mozilla/4.0 (compatible; MSIE 6.0; Windows NT 5.1; SV1; .NET CLR 1.1.4322; .NET CLR 2.0.50727)"
83.91.41.235 - - [28/Feb/2006:00:37:35 +0100] "GET /twiki/pub/TWiki/TwistyContrib/twist.js HTTP/1.1" 304 - "http://lavrsen.dk/twiki/bin/view/Sandbox/TestTopic1" "Mozilla/4.0 (compatible; MSIE 6.0; Windows NT 5.1; SV1; .NET CLR 1.1.4322; .NET CLR 2.0.50727)"
83.91.41.235 - - [28/Feb/2006:00:37:35 +0100] "GET /twiki/pub/Main/TWikiPreferences/kennethwiki-trans.gif HTTP/1.1" 304 - "http://lavrsen.dk/twiki/bin/view/Sandbox/TestTopic1" "Mozilla/4.0 (compatible; MSIE 6.0; Windows NT 5.1; SV1; .NET CLR 1.1.4322; .NET CLR 2.0.50727)"
83.91.41.235 - - [28/Feb/2006:00:37:35 +0100] "GET /twiki/pub/TWiki/TWikiDocGraphics/arrowright.gif HTTP/1.1" 304 - "http://lavrsen.dk/twiki/bin/view/Sandbox/TestTopic1" "Mozilla/4.0 (compatible; MSIE 6.0; Windows NT 5.1; SV1; .NET CLR 1.1.4322; .NET CLR 2.0.50727)"
83.91.41.235 - - [28/Feb/2006:00:37:35 +0100] "GET /twiki/pub/TWiki/TWikiDocGraphics/searchtopic.gif HTTP/1.1" 304 - "http://lavrsen.dk/twiki/bin/view/Sandbox/TestTopic1" "Mozilla/4.0 (compatible; MSIE 6.0; Windows NT 5.1; SV1; .NET CLR 1.1.4322; .NET CLR 2.0.50727)"
83.91.41.235 - - [28/Feb/2006:00:37:35 +0100] "GET /twiki/pub/TWiki/TWikiDocGraphics/home.gif HTTP/1.1" 304 - "http://lavrsen.dk/twiki/bin/view/Sandbox/TestTopic1" "Mozilla/4.0 (compatible; MSIE 6.0; Windows NT 5.1; SV1; .NET CLR 1.1.4322; .NET CLR 2.0.50727)"
83.91.41.235 - - [28/Feb/2006:00:37:35 +0100] "GET /twiki/pub/TWiki/TWikiDocGraphics/newtopic.gif HTTP/1.1" 304 - "http://lavrsen.dk/twiki/bin/view/Sandbox/TestTopic1" "Mozilla/4.0 (compatible; MSIE 6.0; Windows NT 5.1; SV1; .NET CLR 1.1.4322; .NET CLR 2.0.50727)"
83.91.41.235 - - [28/Feb/2006:00:37:35 +0100] "GET /twiki/pub/TWiki/TWikiDocGraphics/index.gif HTTP/1.1" 304 - "http://lavrsen.dk/twiki/bin/view/Sandbox/TestTopic1" "Mozilla/4.0 (compatible; MSIE 6.0; Windows NT 5.1; SV1; .NET CLR 1.1.4322; .NET CLR 2.0.50727)"
83.91.41.235 - - [28/Feb/2006:00:37:35 +0100] "GET /twiki/pub/TWiki/TWikiDocGraphics/changes.gif HTTP/1.1" 304 - "http://lavrsen.dk/twiki/bin/view/Sandbox/TestTopic1" "Mozilla/4.0 (compatible; MSIE 6.0; Windows NT 5.1; SV1; .NET CLR 1.1.4322; .NET CLR 2.0.50727)"
83.91.41.235 - - [28/Feb/2006:00:37:35 +0100] "GET /twiki/pub/TWiki/TWikiDocGraphics/notify.gif HTTP/1.1" 304 - "http://lavrsen.dk/twiki/bin/view/Sandbox/TestTopic1" "Mozilla/4.0 (compatible; MSIE 6.0; Windows NT 5.1; SV1; .NET CLR 1.1.4322; .NET CLR 2.0.50727)"
83.91.41.235 - - [28/Feb/2006:00:37:36 +0100] "GET /twiki/pub/TWiki/TWikiDocGraphics/statistics.gif HTTP/1.1" 304 - "http://lavrsen.dk/twiki/bin/view/Sandbox/TestTopic1" "Mozilla/4.0 (compatible; MSIE 6.0; Windows NT 5.1; SV1; .NET CLR 1.1.4322; .NET CLR 2.0.50727)"
83.91.41.235 - - [28/Feb/2006:00:37:36 +0100] "GET /twiki/pub/TWiki/TWikiDocGraphics/wrench.gif HTTP/1.1" 304 - "http://lavrsen.dk/twiki/bin/view/Sandbox/TestTopic1" "Mozilla/4.0 (compatible; MSIE 6.0; Windows NT 5.1; SV1; .NET CLR 1.1.4322; .NET CLR 2.0.50727)"
83.91.41.235 - - [28/Feb/2006:00:37:36 +0100] "GET /twiki/pub/TWiki/TWikiDocGraphics/web-bg.gif HTTP/1.1" 304 - "http://lavrsen.dk/twiki/bin/view/Sandbox/TestTopic1" "Mozilla/4.0 (compatible; MSIE 6.0; Windows NT 5.1; SV1; .NET CLR 1.1.4322; .NET CLR 2.0.50727)"
83.91.41.235 - - [28/Feb/2006:00:37:36 +0100] "GET /twiki/pub/TWiki/TWikiDocGraphics/web-bg-small.gif HTTP/1.1" 304 - "http://lavrsen.dk/twiki/bin/view/Sandbox/TestTopic1" "Mozilla/4.0 (compatible; MSIE 6.0; Windows NT 5.1; SV1; .NET CLR 1.1.4322; .NET CLR 2.0.50727)"
83.91.41.235 - - [28/Feb/2006:00:37:36 +0100] "GET /twiki/pub/TWiki/TWikiDocGraphics/toggleopen.gif HTTP/1.1" 304 - "http://lavrsen.dk/twiki/bin/view/Sandbox/TestTopic1" "Mozilla/4.0 (compatible; MSIE 6.0; Windows NT 5.1; SV1; .NET CLR 1.1.4322; .NET CLR 2.0.50727)"
83.91.41.235 - - [28/Feb/2006:00:37:36 +0100] "GET /twiki/pub/TWiki/TWikiDocGraphics/toggleclose.gif HTTP/1.1" 304 - "http://lavrsen.dk/twiki/bin/view/Sandbox/TestTopic1" "Mozilla/4.0 (compatible; MSIE 6.0; Windows NT 5.1; SV1; .NET CLR 1.1.4322; .NET CLR 2.0.50727)"
83.91.41.235 - - [28/Feb/2006:00:37:36 +0100] "GET /twiki/pub/TWiki/TWikiDocGraphics/jpg.gif HTTP/1.1" 304 - "http://lavrsen.dk/twiki/bin/view/Sandbox/TestTopic1" "Mozilla/4.0 (compatible; MSIE 6.0; Windows NT 5.1; SV1; .NET CLR 1.1.4322; .NET CLR 2.0.50727)"
83.91.41.235 - - [28/Feb/2006:00:37:36 +0100] "GET /twiki/pub/TWiki/TWikiDocGraphics/txt.gif HTTP/1.1" 304 - "http://lavrsen.dk/twiki/bin/view/Sandbox/TestTopic1" "Mozilla/4.0 (compatible; MSIE 6.0; Windows NT 5.1; SV1; .NET CLR 1.1.4322; .NET CLR 2.0.50727)"
83.91.41.235 - - [28/Feb/2006:00:37:36 +0100] "GET /twiki/pub/TWiki/TwistyContrib/twist.css HTTP/1.1" 304 - "http://lavrsen.dk/twiki/bin/view/Sandbox/TestTopic1" "Mozilla/4.0 (compatible; MSIE 6.0; Windows NT 5.1; SV1; .NET CLR 1.1.4322; .NET CLR 2.0.50727)"
83.91.41.235 - - [28/Feb/2006:00:37:36 +0100] "GET /twiki/pub/TWiki/PatternSkin/layout.css HTTP/1.1" 304 - "http://lavrsen.dk/twiki/bin/view/Sandbox/TestTopic1" "Mozilla/4.0 (compatible; MSIE 6.0; Windows NT 5.1; SV1; .NET CLR 1.1.4322; .NET CLR 2.0.50727)"
83.91.41.235 - - [28/Feb/2006:00:37:36 +0100] "GET /twiki/pub/TWiki/PatternSkin/style.css HTTP/1.1" 304 - "http://lavrsen.dk/twiki/bin/view/Sandbox/TestTopic1" "Mozilla/4.0 (compatible; MSIE 6.0; Windows NT 5.1; SV1; .NET CLR 1.1.4322; .NET CLR 2.0.50727)"
83.91.41.235 - - [28/Feb/2006:00:37:36 +0100] "GET /twiki/pub/TWiki/PatternSkin/colors.css HTTP/1.1" 304 - "http://lavrsen.dk/twiki/bin/view/Sandbox/TestTopic1" "Mozilla/4.0 (compatible; MSIE 6.0; Windows NT 5.1; SV1; .NET CLR 1.1.4322; .NET CLR 2.0.50727)"
83.91.41.235 - - [28/Feb/2006:00:37:36 +0100] "GET /twiki/pub/Main/TWikiPreferences/user.css HTTP/1.1" 304 - "http://lavrsen.dk/twiki/bin/view/Sandbox/TestTopic1" "Mozilla/4.0 (compatible; MSIE 6.0; Windows NT 5.1; SV1; .NET CLR 1.1.4322; .NET CLR 2.0.50727)"
83.91.41.235 - - [28/Feb/2006:00:37:40 +0100] "GET /twiki/pub/TWiki/TWikiJavascripts/twiki.js HTTP/1.1" 304 - "http://lavrsen.dk/twiki/bin/edit/Sandbox/TestTopic1?t=1141083455" "Mozilla/4.0 (compatible; MSIE 6.0; Windows NT 5.1; SV1; .NET CLR 1.1.4322; .NET CLR 2.0.50727)"
83.91.41.235 - - [28/Feb/2006:00:37:40 +0100] "GET /twiki/pub/TWiki/PatternSkin/pattern.js HTTP/1.1" 304 - "http://lavrsen.dk/twiki/bin/edit/Sandbox/TestTopic1?t=1141083455" "Mozilla/4.0 (compatible; MSIE 6.0; Windows NT 5.1; SV1; .NET CLR 1.1.4322; .NET CLR 2.0.50727)"
83.91.41.235 - KennethLavrsen [28/Feb/2006:00:37:39 +0100] "GET /twiki/bin/edit/Sandbox/TestTopic1?t=1141083455 HTTP/1.1" 200 12907 "http://lavrsen.dk/twiki/bin/view/Sandbox/TestTopic1" "Mozilla/4.0 (compatible; MSIE 6.0; Windows NT 5.1; SV1; .NET CLR 1.1.4322; .NET CLR 2.0.50727)"
83.91.41.235 - - [28/Feb/2006:00:37:40 +0100] "GET /twiki/pub/TWiki/TwistyContrib/twist.js HTTP/1.1" 304 - "http://lavrsen.dk/twiki/bin/edit/Sandbox/TestTopic1?t=1141083455" "Mozilla/4.0 (compatible; MSIE 6.0; Windows NT 5.1; SV1; .NET CLR 1.1.4322; .NET CLR 2.0.50727)"
83.91.41.235 - - [28/Feb/2006:00:37:40 +0100] "GET /twiki/pub/TWiki/TWikiJavascripts/twiki_edit.js HTTP/1.1" 304 - "http://lavrsen.dk/twiki/bin/edit/Sandbox/TestTopic1?t=1141083455" "Mozilla/4.0 (compatible; MSIE 6.0; Windows NT 5.1; SV1; .NET CLR 1.1.4322; .NET CLR 2.0.50727)"
83.91.41.235 - - [28/Feb/2006:00:37:40 +0100] "GET /twiki/pub/TWiki/TWikiDocGraphics/toggleopen-small.gif HTTP/1.1" 304 - "http://lavrsen.dk/twiki/bin/edit/Sandbox/TestTopic1?t=1141083455" "Mozilla/4.0 (compatible; MSIE 6.0; Windows NT 5.1; SV1; .NET CLR 1.1.4322; .NET CLR 2.0.50727)"
83.91.41.235 - - [28/Feb/2006:00:37:40 +0100] "GET /twiki/pub/TWiki/TWikiDocGraphics/toggleclose-small.gif HTTP/1.1" 304 - "http://lavrsen.dk/twiki/bin/edit/Sandbox/TestTopic1?t=1141083455" "Mozilla/4.0 (compatible; MSIE 6.0; Windows NT 5.1; SV1; .NET CLR 1.1.4322; .NET CLR 2.0.50727)"
83.91.41.235 - - [28/Feb/2006:00:37:40 +0100] "GET /twiki/pub/TWiki/TWikiDocGraphics/monospace.gif HTTP/1.1" 304 - "http://lavrsen.dk/twiki/bin/edit/Sandbox/TestTopic1?t=1141083455" "Mozilla/4.0 (compatible; MSIE 6.0; Windows NT 5.1; SV1; .NET CLR 1.1.4322; .NET CLR 2.0.50727)"
83.91.41.235 - - [28/Feb/2006:00:37:40 +0100] "GET /twiki/pub/TWiki/TWikiDocGraphics/proportional.gif HTTP/1.1" 304 - "http://lavrsen.dk/twiki/bin/edit/Sandbox/TestTopic1?t=1141083455" "Mozilla/4.0 (compatible; MSIE 6.0; Windows NT 5.1; SV1; .NET CLR 1.1.4322; .NET CLR 2.0.50727)"
83.91.41.235 - - [28/Feb/2006:00:37:40 +0100] "GET /twiki/pub/TWiki/TWikiDocGraphics/arrowdown.gif HTTP/1.1" 304 - "http://lavrsen.dk/twiki/bin/edit/Sandbox/TestTopic1?t=1141083455" "Mozilla/4.0 (compatible; MSIE 6.0; Windows NT 5.1; SV1; .NET CLR 1.1.4322; .NET CLR 2.0.50727)"
83.91.41.235 - - [28/Feb/2006:00:37:40 +0100] "GET /twiki/pub/TWiki/TWikiDocGraphics/arrowup.gif HTTP/1.1" 304 - "http://lavrsen.dk/twiki/bin/edit/Sandbox/TestTopic1?t=1141083455" "Mozilla/4.0 (compatible; MSIE 6.0; Windows NT 5.1; SV1; .NET CLR 1.1.4322; .NET CLR 2.0.50727)"
83.91.41.235 - - [28/Feb/2006:00:37:40 +0100] "GET /twiki/pub/TWiki/TwistyContrib/twist.css HTTP/1.1" 304 - "http://lavrsen.dk/twiki/bin/edit/Sandbox/TestTopic1?t=1141083455" "Mozilla/4.0 (compatible; MSIE 6.0; Windows NT 5.1; SV1; .NET CLR 1.1.4322; .NET CLR 2.0.50727)"
83.91.41.235 - - [28/Feb/2006:00:37:40 +0100] "GET /twiki/pub/TWiki/PatternSkin/layout.css HTTP/1.1" 304 - "http://lavrsen.dk/twiki/bin/edit/Sandbox/TestTopic1?t=1141083455" "Mozilla/4.0 (compatible; MSIE 6.0; Windows NT 5.1; SV1; .NET CLR 1.1.4322; .NET CLR 2.0.50727)"
83.91.41.235 - - [28/Feb/2006:00:37:40 +0100] "GET /twiki/pub/TWiki/PatternSkin/style.css HTTP/1.1" 304 - "http://lavrsen.dk/twiki/bin/edit/Sandbox/TestTopic1?t=1141083455" "Mozilla/4.0 (compatible; MSIE 6.0; Windows NT 5.1; SV1; .NET CLR 1.1.4322; .NET CLR 2.0.50727)"
83.91.41.235 - - [28/Feb/2006:00:37:40 +0100] "GET /twiki/pub/TWiki/PatternSkin/colors.css HTTP/1.1" 304 - "http://lavrsen.dk/twiki/bin/edit/Sandbox/TestTopic1?t=1141083455" "Mozilla/4.0 (compatible; MSIE 6.0; Windows NT 5.1; SV1; .NET CLR 1.1.4322; .NET CLR 2.0.50727)"
83.91.41.235 - - [28/Feb/2006:00:37:40 +0100] "GET /twiki/pub/Main/TWikiPreferences/user.css HTTP/1.1" 304 - "http://lavrsen.dk/twiki/bin/edit/Sandbox/TestTopic1?t=1141083455" "Mozilla/4.0 (compatible; MSIE 6.0; Windows NT 5.1; SV1; .NET CLR 1.1.4322; .NET CLR 2.0.50727)"
83.91.41.235 - KennethLavrsen [28/Feb/2006:00:37:42 +0100] "POST /twiki/bin/save/Sandbox/TestTopic1 HTTP/1.1" 302 - "http://lavrsen.dk/twiki/bin/edit/Sandbox/TestTopic1?t=1141083455" "Mozilla/4.0 (compatible; MSIE 6.0; Windows NT 5.1; SV1; .NET CLR 1.1.4322; .NET CLR 2.0.50727)"
83.91.41.235 - - [28/Feb/2006:00:37:44 +0100] "GET /twiki/pub/TWiki/TWikiJavascripts/twiki.js HTTP/1.1" 304 - "http://lavrsen.dk/twiki/bin/oops/Sandbox/TestTopic1?template=oopsattention;def=bad_script_parameters;param1=save" "Mozilla/4.0 (compatible; MSIE 6.0; Windows NT 5.1; SV1; .NET CLR 1.1.4322; .NET CLR 2.0.50727)"
83.91.41.235 - - [28/Feb/2006:00:37:43 +0100] "GET /twiki/bin/oops/Sandbox/TestTopic1?template=oopsattention;def=bad_script_parameters;param1=save HTTP/1.1" 200 2844 "http://lavrsen.dk/twiki/bin/edit/Sandbox/TestTopic1?t=1141083455" "Mozilla/4.0 (compatible; MSIE 6.0; Windows NT 5.1; SV1; .NET CLR 1.1.4322; .NET CLR 2.0.50727)"
83.91.41.235 - - [28/Feb/2006:00:37:44 +0100] "GET /twiki/pub/Main/TWikiPreferences/kennethwiki-trans.gif HTTP/1.1" 304 - "http://lavrsen.dk/twiki/bin/oops/Sandbox/TestTopic1?template=oopsattention;def=bad_script_parameters;param1=save" "Mozilla/4.0 (compatible; MSIE 6.0; Windows NT 5.1; SV1; .NET CLR 1.1.4322; .NET CLR 2.0.50727)"
83.91.41.235 - - [28/Feb/2006:00:37:44 +0100] "GET /twiki/pub/TWiki/CascadingStyleSheets/style.css HTTP/1.1" 404 318 "http://lavrsen.dk/twiki/bin/oops/Sandbox/TestTopic1?template=oopsattention;def=bad_script_parameters;param1=save" "Mozilla/4.0 (compatible; MSIE 6.0; Windows NT 5.1; SV1; .NET CLR 1.1.4322; .NET CLR 2.0.50727)" [Tue Feb 28 00:35:57 2006] [warn] Init: Session Cache is not configured [hint: SSLSessionCache] [Tue Feb 28 00:35:58 2006] [notice] Digest: generating secret for digest authentication ... [Tue Feb 28 00:35:58 2006] [notice] Digest: done [Tue Feb 28 00:35:58 2006] [notice] LDAP: Built with OpenLDAP LDAP SDK [Tue Feb 28 00:35:58 2006] [notice] LDAP: SSL support unavailable KENNETH DEBUG DUMP ZERO PARAMS FAILURE: SCRIPT_NAME = /twiki/bin/view PATH_INFO = /Open2300/WebHome REQUEST_METHOD = GET HTTP_ACCEPT = text/xml,application/xml,application/xhtml+xml,text/html;q=0.9,text/plain;q=0.8,video/x-mng,image/png,image/jpeg,image/gif;q=0.2,text/css,*/*;q=0.1 SCRIPT_FILENAME = /usr/local/apache2/twiki/bin/view SERVER_SOFTWARE = Apache/2.0.55 (Unix) QUERY_STRING = REMOTE_PORT = 4918 HTTP_USER_AGENT = Mozilla/5.0 (X11; U; FreeBSD i386; en-US; rv:1.1) Gecko/20021219 SERVER_SIGNATURE =
Apache/2.0.55 (Unix) Server at www.lavrsen.dk Port 80
HTTP_ACCEPT_LANGUAGE = en-us, en;q=0.50 HTTP_KEEP_ALIVE = 300 MOD_PERL_API_VERSION = 2 PATH = /sbin:/usr/sbin:/bin:/usr/bin:/usr/X11R6/bin GATEWAY_INTERFACE = CGI/1.1 DOCUMENT_ROOT = /usr/local/apache2/htdocs PATH_TRANSLATED = /usr/local/apache2/htdocs/Open2300/WebHome UNIQUE_ID = LEsqqMCoAQMAABeci4gAAAAA SERVER_NAME = www.lavrsen.dk HTTP_REFERER = http://www.google.fi/search?q=lacrosse+weather&hl=fi&lr=&start=130&sa=N HTTP_ACCEPT_ENCODING = gzip, deflate, compress;q=0.9 SERVER_ADMIN = kenneth@lavrsen.dk HTTP_CONNECTION = keep-alive HTTP_ACCEPT_CHARSET = ISO-8859-1, utf-8;q=0.66, *;q=0.66 SERVER_PORT = 80 HTTP_COOKIE = TWIKISID=09ad2804fabf5000bb6573a56f3dd289 REMOTE_ADDR = 80.221.240.228 SERVER_PROTOCOL = HTTP/1.1 REQUEST_URI = /twiki/bin/view/Open2300/WebHome SERVER_ADDR = 192.168.1.3 HTTP_HOST = www.lavrsen.dk MOD_PERL = mod_perl/2.0.2 [Tue Feb 28 00:35:59 2006] [notice] Apache/2.0.55 (Unix) configured -- resuming normal operations KENNETH DEBUG DUMP ZERO PARAMS FAILURE: SCRIPT_NAME = /twiki/bin/view PATH_INFO = /Motion/WebHome REQUEST_METHOD = GET HTTP_ACCEPT = image/gif, image/x-xbitmap, image/jpeg, image/pjpeg, application/x-shockwave-flash, application/vnd.ms-powerpoint, application/vnd.ms-excel, application/msword, */* SCRIPT_FILENAME = /usr/local/apache2/twiki/bin/view HTTP_UA_CPU = x86 SERVER_SOFTWARE = Apache/2.0.55 (Unix) QUERY_STRING = REMOTE_PORT = 42213 HTTP_USER_AGENT = Mozilla/4.0 (compatible; MSIE 7.0; Windows NT 5.1; SV1; .NET CLR 1.1.4322) SERVER_SIGNATURE =
Apache/2.0.55 (Unix) Server at www.lavrsen.dk Port 80
