203.52.130.136 - - [28/Feb/2006:00:33:46 +0100] "GET /twiki/pub/Main/TWikiPreferences/user.css HTTP/1.0" 200 687 "http://www.lavrsen.dk/twiki/bin/view/Motion/WebHome" "Mozilla/4.0 (compatible; MSIE 7.0; Windows NT 5.1; SV1; .NET CLR 1.1.4322)"
203.52.130.139 - - [28/Feb/2006:00:33:46 +0100] "GET /twiki/pub/TWiki/PatternSkin/colors.css HTTP/1.0" 200 15548 "http://www.lavrsen.dk/twiki/bin/view/Motion/WebHome" "Mozilla/4.0 (compatible; MSIE 7.0; Windows NT 5.1; SV1; .NET CLR 1.1.4322)"
203.52.130.137 - - [28/Feb/2006:00:33:48 +0100] "GET /twiki/pub/Motion/WebPreferences/favicon.ico HTTP/1.0" 200 318 "-" "Mozilla/4.0 (compatible; MSIE 7.0; Windows NT 5.1; SV1; .NET CLR 1.1.4322)"
201.42.183.158 - - [28/Feb/2006:00:33:47 +0100] "GET /twiki/bin/view/Motion/MotionExamples HTTP/1.1" 200 16711 "http://www.lavrsen.dk/twiki/bin/view/Motion/WebHome" "Mozilla/5.0 (X11; U; Linux i686; chrome://navigator/locale/navigator.properties; rv:1.8) Gecko/20060110 Debian/1.5.dfsg-4 Firefox/1.5"
201.42.183.158 - - [28/Feb/2006:00:33:49 +0100] "GET /twiki/pub/Motion/MotionExamples/output_motion1.jpg HTTP/1.1" 200 4101 "http://www.lavrsen.dk/twiki/bin/view/Motion/MotionExamples" "Mozilla/5.0 (X11; U; Linux i686; chrome://navigator/locale/navigator.properties; rv:1.8) Gecko/20060110 Debian/1.5.dfsg-4 Firefox/1.5"
201.42.183.158 - - [28/Feb/2006:00:33:49 +0100] "GET /twiki/pub/Motion/MotionExamples/locate.jpg HTTP/1.1" 200 10108 "http://www.lavrsen.dk/twiki/bin/view/Motion/MotionExamples" "Mozilla/5.0 (X11; U; Linux i686; chrome://navigator/locale/navigator.properties; rv:1.8) Gecko/20060110 Debian/1.5.dfsg-4 Firefox/1.5"
201.42.183.158 - - [28/Feb/2006:00:33:49 +0100] "GET /twiki/bin/view/Motion/MotionExamples HTTP/1.1" 200 16711 "http://www.lavrsen.dk/twiki/bin/view/Motion/MotionExamples" "Mozilla/5.0 (X11; U; Linux i686; chrome://navigator/locale/navigator.properties; rv:1.8) Gecko/20060110 Debian/1.5.dfsg-4 Firefox/1.5"
201.42.183.158 - - [28/Feb/2006:00:33:49 +0100] "GET /twiki/pub/Motion/MotionExamples/output_normal1.jpg HTTP/1.1" 200 15190 "http://www.lavrsen.dk/twiki/bin/view/Motion/MotionExamples" "Mozilla/5.0 (X11; U; Linux i686; chrome://navigator/locale/navigator.properties; rv:1.8) Gecko/20060110 Debian/1.5.dfsg-4 Firefox/1.5"
201.42.183.158 - - [28/Feb/2006:00:33:49 +0100] "GET /twiki/pub/Motion/MotionExamples/output_normal2.jpg HTTP/1.1" 200 13178 "http://www.lavrsen.dk/twiki/bin/view/Motion/MotionExamples" "Mozilla/5.0 (X11; U; Linux i686; chrome://navigator/locale/navigator.properties; rv:1.8) Gecko/20060110 Debian/1.5.dfsg-4 Firefox/1.5"
67.9.34.199 - - [28/Feb/2006:00:34:20 +0100] "GET /twiki/bin/view/Motion/MotionGuide HTTP/1.1" 200 21130 "http://www.lavrsen.dk/twiki/bin/view/Motion/WebHome" "Mozilla/5.0 (compatible; Konqueror/3.4; Linux) KHTML/3.4.0 (like Gecko)"
67.9.34.199 - - [28/Feb/2006:00:34:22 +0100] "GET /sources/webcam/motion_count.php?t=2006-02-28T00:34:21 HTTP/1.1" 200 95 "http://www.lavrsen.dk/twiki/bin/view/Motion/MotionGuide" "Mozilla/5.0 (compatible; Konqueror/3.4; Linux) KHTML/3.4.0 (like Gecko)"
212.149.48.43 - - [28/Feb/2006:00:34:25 +0100] "GET /twiki/pub/TWiki/PatternSkin/layout.css HTTP/1.1" 200 1807 "-" "Mozilla/4.0 (compatible;)"
67.9.34.199 - - [28/Feb/2006:00:34:31 +0100] "GET /twiki/pub/TWiki/TWikiDocGraphics/warning.gif HTTP/1.1" 200 215 "http://www.lavrsen.dk/twiki/bin/view/Motion/MotionGuideBasicFeatures" "Mozilla/5.0 (compatible; Konqueror/3.4; Linux) KHTML/3.4.0 (like Gecko)"
67.9.34.199 - - [28/Feb/2006:00:34:27 +0100] "GET /twiki/bin/view/Motion/MotionGuideBasicFeatures HTTP/1.1" 200 163319 "http://www.lavrsen.dk/twiki/bin/view/Motion/MotionGuide" "Mozilla/5.0 (compatible; Konqueror/3.4; Linux) KHTML/3.4.0 (like Gecko)"
68.142.249.104 - - [28/Feb/2006:00:34:31 +0100] "GET /weather/light.php HTTP/1.0" 200 5899 "-" "Mozilla/5.0 (compatible; Yahoo! Slurp; http://help.yahoo.com/help/us/ysearch/slurp)"
67.9.34.199 - - [28/Feb/2006:00:34:32 +0100] "GET /twiki/pub/Motion/ConfigOptionMaskFile/mask1.png HTTP/1.1" 200 854 "http://www.lavrsen.dk/twiki/bin/view/Motion/MotionGuideBasicFeatures" "Mozilla/5.0 (compatible; Konqueror/3.4; Linux) KHTML/3.4.0 (like Gecko)"
67.9.34.199 - - [28/Feb/2006:00:34:32 +0100] "GET /twiki/pub/Motion/ConfigOptionMaskFile/normal.jpg HTTP/1.1" 200 14286 "http://www.lavrsen.dk/twiki/bin/view/Motion/MotionGuideBasicFeatures" "Mozilla/5.0 (compatible; Konqueror/3.4; Linux) KHTML/3.4.0 (like Gecko)"
67.9.34.199 - - [28/Feb/2006:00:34:32 +0100] "GET /twiki/pub/Motion/TuningMotion/outputnormal1.jpg HTTP/1.1" 200 15367 "http://www.lavrsen.dk/twiki/bin/view/Motion/MotionGuideBasicFeatures" "Mozilla/5.0 (compatible; Konqueror/3.4; Linux) KHTML/3.4.0 (like Gecko)"
67.9.34.199 - - [28/Feb/2006:00:34:34 +0100] "GET /twiki/pub/Motion/TuningMotion/outputmotion1.jpg HTTP/1.1" 200 6041 "http://www.lavrsen.dk/twiki/bin/view/Motion/MotionGuideBasicFeatures" "Mozilla/5.0 (compatible; Konqueror/3.4; Linux) KHTML/3.4.0 (like Gecko)"
203.52.130.137 - - [28/Feb/2006:00:34:42 +0100] "GET /twiki/bin/view/Motion/MotionExamples HTTP/1.0" 200 16711 "http://www.lavrsen.dk/twiki/bin/view/Motion/WebHome" "Mozilla/4.0 (compatible; MSIE 7.0; Windows NT 5.1; SV1; .NET CLR 1.1.4322)"
203.52.130.137 - - [28/Feb/2006:00:34:44 +0100] "GET /twiki/pub/Motion/MotionExamples/output_motion1.jpg HTTP/1.0" 200 4101 "http://www.lavrsen.dk/twiki/bin/view/Motion/MotionExamples" "Mozilla/4.0 (compatible; MSIE 7.0; Windows NT 5.1; SV1; .NET CLR 1.1.4322)"
203.52.130.139 - - [28/Feb/2006:00:34:44 +0100] "GET /twiki/pub/Motion/MotionExamples/locate.jpg HTTP/1.0" 200 10108 "http://www.lavrsen.dk/twiki/bin/view/Motion/MotionExamples" "Mozilla/4.0 (compatible; MSIE 7.0; Windows NT 5.1; SV1; .NET CLR 1.1.4322)"
203.52.130.139 - - [28/Feb/2006:00:34:44 +0100] "GET /twiki/pub/Motion/MotionExamples/output_normal1.jpg HTTP/1.0" 200 15190 "http://www.lavrsen.dk/twiki/bin/view/Motion/MotionExamples" "Mozilla/4.0 (compatible; MSIE 7.0; Windows NT 5.1; SV1; .NET CLR 1.1.4322)"
203.52.130.139 - - [28/Feb/2006:00:34:44 +0100] "GET /twiki/pub/Motion/MotionExamples/output_normal2.jpg HTTP/1.0" 200 13178 "http://www.lavrsen.dk/twiki/bin/view/Motion/MotionExamples" "Mozilla/4.0 (compatible; MSIE 7.0; Windows NT 5.1; SV1; .NET CLR 1.1.4322)"
67.9.34.199 - - [28/Feb/2006:00:34:49 +0100] "GET /sources/webcam/motion_count.php?t=2006-02-28T00:34:21 HTTP/1.1" 200 95 "http://www.lavrsen.dk/twiki/bin/view/Motion/MotionGuide" "Mozilla/5.0 (compatible; Konqueror/3.4; Linux) KHTML/3.4.0 (like Gecko)"
24.67.253.204 - - [28/Feb/2006:00:35:59 +0100] "GET /photos/victoria-2005/ HTTP/1.1" 200 11301 "-" "Mozilla/4.0 (compatible; MSIE 6.0; Windows NT 5.1)"
80.221.240.228 - - [28/Feb/2006:00:35:59 +0100] "GET /twiki/bin/view/Open2300/WebHome HTTP/1.1" 200 23258 "http://www.google.fi/search?q=lacrosse+weather&hl=fi&lr=&start=130&sa=N" "Mozilla/5.0 (X11; U; FreeBSD i386; en-US; rv:1.1) Gecko/20021219"
212.195.36.163 - - [28/Feb/2006:00:35:59 +0100] "GET /twiki/bin/view/Motion/WebHome HTTP/1.1" 200 26956 "http://motion.sourceforge.net/" "Mozilla/5.0 (compatible; Konqueror/3.3; Linux) KHTML/3.3.2 (like Gecko)"
63.198.128.208 - - [28/Feb/2006:00:35:59 +0100] "GET /twiki/bin/view/Motion/WebHome HTTP/1.1" 200 26956 "http://motion.sourceforge.net/" "Mozilla/5.0 (Windows; U; Windows NT 5.2; en-US; rv:1.8.0.1) Gecko/20060111 Firefox/1.5.0.1"
80.221.240.228 - - [28/Feb/2006:00:36:02 +0100] "GET /twiki/bin/view/Open2300/WebHome HTTP/1.1" 200 23258 "http://www.lavrsen.dk/twiki/bin/view/Open2300/WebHome" "Mozilla/5.0 (X11; U; FreeBSD i386; en-US; rv:1.1) Gecko/20021219"
212.195.36.163 - - [28/Feb/2006:00:36:03 +0100] "GET /twiki/pub/TWiki/TWikiJavascripts/twiki.js HTTP/1.1" 200 12878 "http://www.lavrsen.dk/twiki/bin/view/Motion/WebHome" "Mozilla/5.0 (compatible; Konqueror/3.3; Linux) KHTML/3.3.2 (like Gecko)"
203.52.130.138 - - [28/Feb/2006:00:35:59 +0100] "GET /twiki/bin/view/Motion/WebHome HTTP/1.0" 200 26956 "http://www.lavrsen.dk/twiki/bin/view/Motion/MotionExamples" "Mozilla/4.0 (compatible; MSIE 7.0; Windows NT 5.1; SV1; .NET CLR 1.1.4322)"
212.195.36.163 - - [28/Feb/2006:00:36:04 +0100] "GET /twiki/pub/TWiki/PatternSkin/pattern.js HTTP/1.1" 200 429 "http://www.lavrsen.dk/twiki/bin/view/Motion/WebHome" "Mozilla/5.0 (compatible; Konqueror/3.3; Linux) KHTML/3.3.2 (like Gecko)"
212.195.36.163 - - [28/Feb/2006:00:36:04 +0100] "GET /twiki/pub/TWiki/TwistyContrib/twist.js HTTP/1.1" 200 4580 "http://www.lavrsen.dk/twiki/bin/view/Motion/WebHome" "Mozilla/5.0 (compatible; Konqueror/3.3; Linux) KHTML/3.3.2 (like Gecko)"
212.195.36.163 - - [28/Feb/2006:00:36:04 +0100] "GET /twiki/pub/TWiki/TwistyContrib/twist.css HTTP/1.1" 200 523 "http://www.lavrsen.dk/twiki/bin/view/Motion/WebHome" "Mozilla/5.0 (compatible; Konqueror/3.3; Linux) KHTML/3.3.2 (like Gecko)"
212.195.36.163 - - [28/Feb/2006:00:36:04 +0100] "GET /twiki/pub/TWiki/PatternSkin/layout.css HTTP/1.1" 200 1807 "http://www.lavrsen.dk/twiki/bin/view/Motion/WebHome" "Mozilla/5.0 (compatible; Konqueror/3.3; Linux) KHTML/3.3.2 (like Gecko)"
63.198.128.208 - - [28/Feb/2006:00:36:03 +0100] "GET /twiki/bin/view/Motion/WebHome HTTP/1.1" 200 26956 "http://www.lavrsen.dk/twiki/bin/view/Motion/WebHome" "Mozilla/5.0 (Windows; U; Windows NT 5.2; en-US; rv:1.8.0.1) Gecko/20060111 Firefox/1.5.0.1"
212.195.36.163 - - [28/Feb/2006:00:36:04 +0100] "GET /twiki/pub/TWiki/PatternSkin/bullet-down.gif HTTP/1.1" 200 441 "http://www.lavrsen.dk/twiki/bin/view/Motion/WebHome" "Mozilla/5.0 (compatible; Konqueror/3.3; Linux) KHTML/3.3.2 (like Gecko)"
212.195.36.163 - - [28/Feb/2006:00:36:04 +0100] "GET /twiki/pub/Main/TWikiPreferences/user.css HTTP/1.1" 304 - "http://www.lavrsen.dk/twiki/bin/view/Motion/WebHome" "Mozilla/5.0 (compatible; Konqueror/3.3; Linux) KHTML/3.3.2 (like Gecko)"
212.195.36.163 - - [28/Feb/2006:00:36:04 +0100] "GET /twiki/pub/TWiki/PatternSkin/colors.css HTTP/1.1" 200 15548 "http://www.lavrsen.dk/twiki/bin/view/Motion/WebHome" "Mozilla/5.0 (compatible; Konqueror/3.3; Linux) KHTML/3.3.2 (like Gecko)"
212.195.36.163 - - [28/Feb/2006:00:36:04 +0100] "GET /twiki/pub/TWiki/PatternSkin/style.css HTTP/1.1" 200 20582 "http://www.lavrsen.dk/twiki/bin/view/Motion/WebHome" "Mozilla/5.0 (compatible; Konqueror/3.3; Linux) KHTML/3.3.2 (like Gecko)"
212.195.36.163 - - [28/Feb/2006:00:36:06 +0100] "GET /twiki/pub/Motion/WebPreferences/motion-trans.gif HTTP/1.1" 304 - "http://www.lavrsen.dk/twiki/bin/view/Motion/WebHome" "Mozilla/5.0 (compatible; Konqueror/3.3; Linux) KHTML/3.3.2 (like Gecko)"
212.195.36.163 - - [28/Feb/2006:00:36:06 +0100] "GET /twiki/pub/TWiki/TWikiDocGraphics/searchtopic.gif HTTP/1.1" 200 580 "http://www.lavrsen.dk/twiki/bin/view/Motion/WebHome" "Mozilla/5.0 (compatible; Konqueror/3.3; Linux) KHTML/3.3.2 (like Gecko)"
212.195.36.163 - - [28/Feb/2006:00:36:06 +0100] "GET /twiki/pub/TWiki/TWikiDocGraphics/key.gif HTTP/1.1" 200 91 "http://www.lavrsen.dk/twiki/bin/view/Motion/WebHome" "Mozilla/5.0 (compatible; Konqueror/3.3; Linux) KHTML/3.3.2 (like Gecko)"
212.195.36.163 - - [28/Feb/2006:00:36:06 +0100] "GET /twiki/pub/TWiki/TWikiDocGraphics/arrowright.gif HTTP/1.1" 200 97 "http://www.lavrsen.dk/twiki/bin/view/Motion/WebHome" "Mozilla/5.0 (compatible; Konqueror/3.3; Linux) KHTML/3.3.2 (like Gecko)"
212.195.36.163 - - [28/Feb/2006:00:36:07 +0100] "GET /twiki/pub/TWiki/TWikiDocGraphics/web-bg-small.gif HTTP/1.1" 200 77 "http://www.lavrsen.dk/twiki/bin/view/Motion/WebHome" "Mozilla/5.0 (compatible; Konqueror/3.3; Linux) KHTML/3.3.2 (like Gecko)"
212.195.36.163 - - [28/Feb/2006:00:36:07 +0100] "GET /twiki/pub/TWiki/TWikiDocGraphics/web-bg.gif HTTP/1.1" 200 85 "http://www.lavrsen.dk/twiki/bin/view/Motion/WebHome" "Mozilla/5.0 (compatible; Konqueror/3.3; Linux) KHTML/3.3.2 (like Gecko)"
83.91.41.235 - - [28/Feb/2006:00:36:08 +0100] "GET /twiki/bin/view/Sandbox/TestTopic1 HTTP/1.1" 200 19928 "-" "Mozilla/4.0 (compatible; MSIE 6.0; Windows NT 5.1; SV1; .NET CLR 1.1.4322; .NET CLR 2.0.50727)"
83.91.41.235 - - [28/Feb/2006:00:36:09 +0100] "GET /twiki/pub/TWiki/TWikiJavascripts/twiki.js HTTP/1.1" 200 12878 "http://lavrsen.dk/twiki/bin/view/Sandbox/TestTopic1" "Mozilla/4.0 (compatible; MSIE 6.0; Windows NT 5.1; SV1; .NET CLR 1.1.4322; .NET CLR 2.0.50727)"
83.91.41.235 - - [28/Feb/2006:00:36:10 +0100] "GET /twiki/pub/TWiki/PatternSkin/pattern.js HTTP/1.1" 200 429 "http://lavrsen.dk/twiki/bin/view/Sandbox/TestTopic1" "Mozilla/4.0 (compatible; MSIE 6.0; Windows NT 5.1; SV1; .NET CLR 1.1.4322; .NET CLR 2.0.50727)"
83.91.41.235 - - [28/Feb/2006:00:36:10 +0100] "GET /twiki/pub/TWiki/TwistyContrib/twist.js HTTP/1.1" 200 4580 "http://lavrsen.dk/twiki/bin/view/Sandbox/TestTopic1" "Mozilla/4.0 (compatible; MSIE 6.0; Windows NT 5.1; SV1; .NET CLR 1.1.4322; .NET CLR 2.0.50727)"
83.91.41.235 - - [28/Feb/2006:00:36:10 +0100] "GET /twiki/pub/Main/TWikiPreferences/kennethwiki-trans.gif HTTP/1.1" 304 - "http://lavrsen.dk/twiki/bin/view/Sandbox/TestTopic1" "Mozilla/4.0 (compatible; MSIE 6.0; Windows NT 5.1; SV1; .NET CLR 1.1.4322; .NET CLR 2.0.50727)"
83.91.41.235 - - [28/Feb/2006:00:36:10 +0100] "GET /twiki/pub/TWiki/TWikiDocGraphics/arrowright.gif HTTP/1.1" 200 97 "http://lavrsen.dk/twiki/bin/view/Sandbox/TestTopic1" "Mozilla/4.0 (compatible; MSIE 6.0; Windows NT 5.1; SV1; .NET CLR 1.1.4322; .NET CLR 2.0.50727)"
83.91.41.235 - - [28/Feb/2006:00:36:10 +0100] "GET /twiki/pub/TWiki/TWikiDocGraphics/searchtopic.gif HTTP/1.1" 200 580 "http://lavrsen.dk/twiki/bin/view/Sandbox/TestTopic1" "Mozilla/4.0 (compatible; MSIE 6.0; Windows NT 5.1; SV1; .NET CLR 1.1.4322; .NET CLR 2.0.50727)"
83.91.41.235 - - [28/Feb/2006:00:36:10 +0100] "GET /twiki/pub/TWiki/TWikiDocGraphics/key.gif HTTP/1.1" 200 91 "http://lavrsen.dk/twiki/bin/view/Sandbox/TestTopic1" "Mozilla/4.0 (compatible; MSIE 6.0; Windows NT 5.1; SV1; .NET CLR 1.1.4322; .NET CLR 2.0.50727)"
83.91.41.235 - - [28/Feb/2006:00:36:10 +0100] "GET /twiki/pub/TWiki/TWikiDocGraphics/home.gif HTTP/1.1" 200 342 "http://lavrsen.dk/twiki/bin/view/Sandbox/TestTopic1" "Mozilla/4.0 (compatible; MSIE 6.0; Windows NT 5.1; SV1; .NET CLR 1.1.4322; .NET CLR 2.0.50727)"
83.91.41.235 - - [28/Feb/2006:00:36:10 +0100] "GET /twiki/pub/TWiki/TWikiDocGraphics/newtopic.gif HTTP/1.1" 200 340 "http://lavrsen.dk/twiki/bin/view/Sandbox/TestTopic1" "Mozilla/4.0 (compatible; MSIE 6.0; Windows NT 5.1; SV1; .NET CLR 1.1.4322; .NET CLR 2.0.50727)"
83.91.41.235 - - [28/Feb/2006:00:36:10 +0100] "GET /twiki/pub/TWiki/TWikiDocGraphics/index.gif HTTP/1.1" 200 100 "http://lavrsen.dk/twiki/bin/view/Sandbox/TestTopic1" "Mozilla/4.0 (compatible; MSIE 6.0; Windows NT 5.1; SV1; .NET CLR 1.1.4322; .NET CLR 2.0.50727)"
83.91.41.235 - - [28/Feb/2006:00:36:10 +0100] "GET /twiki/pub/TWiki/TWikiDocGraphics/changes.gif HTTP/1.1" 200 118 "http://lavrsen.dk/twiki/bin/view/Sandbox/TestTopic1" "Mozilla/4.0 (compatible; MSIE 6.0; Windows NT 5.1; SV1; .NET CLR 1.1.4322; .NET CLR 2.0.50727)"
83.91.41.235 - - [28/Feb/2006:00:36:10 +0100] "GET /twiki/pub/TWiki/TWikiDocGraphics/notify.gif HTTP/1.1" 200 347 "http://lavrsen.dk/twiki/bin/view/Sandbox/TestTopic1" "Mozilla/4.0 (compatible; MSIE 6.0; Windows NT 5.1; SV1; .NET CLR 1.1.4322; .NET CLR 2.0.50727)"
83.91.41.235 - - [28/Feb/2006:00:36:10 +0100] "GET /twiki/pub/TWiki/TWikiDocGraphics/statistics.gif HTTP/1.1" 200 118 "http://lavrsen.dk/twiki/bin/view/Sandbox/TestTopic1" "Mozilla/4.0 (compatible; MSIE 6.0; Windows NT 5.1; SV1; .NET CLR 1.1.4322; .NET CLR 2.0.50727)"
83.91.41.235 - - [28/Feb/2006:00:36:10 +0100] "GET /twiki/pub/TWiki/TWikiDocGraphics/wrench.gif HTTP/1.1" 200 377 "http://lavrsen.dk/twiki/bin/view/Sandbox/TestTopic1" "Mozilla/4.0 (compatible; MSIE 6.0; Windows NT 5.1; SV1; .NET CLR 1.1.4322; .NET CLR 2.0.50727)"
83.91.41.235 - - [28/Feb/2006:00:36:10 +0100] "GET /twiki/pub/TWiki/TWikiDocGraphics/web-bg.gif HTTP/1.1" 200 85 "http://lavrsen.dk/twiki/bin/view/Sandbox/TestTopic1" "Mozilla/4.0 (compatible; MSIE 6.0; Windows NT 5.1; SV1; .NET CLR 1.1.4322; .NET CLR 2.0.50727)"
83.91.41.235 - - [28/Feb/2006:00:36:10 +0100] "GET /twiki/pub/TWiki/TWikiDocGraphics/web-bg-small.gif HTTP/1.1" 200 77 "http://lavrsen.dk/twiki/bin/view/Sandbox/TestTopic1" "Mozilla/4.0 (compatible; MSIE 6.0; Windows NT 5.1; SV1; .NET CLR 1.1.4322; .NET CLR 2.0.50727)"
63.198.128.208 - - [28/Feb/2006:00:36:07 +0100] "GET /twiki/bin/view/Motion/WebSearch?search=Illegal+instruction&x=0&y=0 HTTP/1.1" 200 22743 "http://www.lavrsen.dk/twiki/bin/view/Motion/WebHome" "Mozilla/5.0 (Windows; U; Windows NT 5.2; en-US; rv:1.8.0.1) Gecko/20060111 Firefox/1.5.0.1"
83.91.41.235 - - [28/Feb/2006:00:36:10 +0100] "GET /twiki/pub/TWiki/TWikiDocGraphics/toggleopen.gif HTTP/1.1" 200 143 "http://lavrsen.dk/twiki/bin/view/Sandbox/TestTopic1" "Mozilla/4.0 (compatible; MSIE 6.0; Windows NT 5.1; SV1; .NET CLR 1.1.4322; .NET CLR 2.0.50727)"
83.91.41.235 - - [28/Feb/2006:00:36:10 +0100] "GET /twiki/pub/TWiki/TWikiDocGraphics/toggleclose.gif HTTP/1.1" 200 142 "http://lavrsen.dk/twiki/bin/view/Sandbox/TestTopic1" "Mozilla/4.0 (compatible; MSIE 6.0; Windows NT 5.1; SV1; .NET CLR 1.1.4322; .NET CLR 2.0.50727)"
83.91.41.235 - - [28/Feb/2006:00:36:10 +0100] "GET /twiki/pub/TWiki/TWikiDocGraphics/jpg.gif HTTP/1.1" 200 375 "http://lavrsen.dk/twiki/bin/view/Sandbox/TestTopic1" "Mozilla/4.0 (compatible; MSIE 6.0; Windows NT 5.1; SV1; .NET CLR 1.1.4322; .NET CLR 2.0.50727)"
83.91.41.235 - - [28/Feb/2006:00:36:10 +0100] "GET /twiki/pub/TWiki/TWikiDocGraphics/txt.gif HTTP/1.1" 200 375 "http://lavrsen.dk/twiki/bin/view/Sandbox/TestTopic1" "Mozilla/4.0 (compatible; MSIE 6.0; Windows NT 5.1; SV1; .NET CLR 1.1.4322; .NET CLR 2.0.50727)"
83.91.41.235 - - [28/Feb/2006:00:36:10 +0100] "GET /twiki/pub/TWiki/TwistyContrib/twist.css HTTP/1.1" 200 523 "http://lavrsen.dk/twiki/bin/view/Sandbox/TestTopic1" "Mozilla/4.0 (compatible; MSIE 6.0; Windows NT 5.1; SV1; .NET CLR 1.1.4322; .NET CLR 2.0.50727)"
83.91.41.235 - - [28/Feb/2006:00:36:10 +0100] "GET /twiki/pub/TWiki/PatternSkin/layout.css HTTP/1.1" 200 1807 "http://lavrsen.dk/twiki/bin/view/Sandbox/TestTopic1" "Mozilla/4.0 (compatible; MSIE 6.0; Windows NT 5.1; SV1; .NET CLR 1.1.4322; .NET CLR 2.0.50727)"
83.91.41.235 - - [28/Feb/2006:00:36:11 +0100] "GET /twiki/pub/TWiki/PatternSkin/colors.css HTTP/1.1" 200 15548 "http://lavrsen.dk/twiki/bin/view/Sandbox/TestTopic1" "Mozilla/4.0 (compatible; MSIE 6.0; Windows NT 5.1; SV1; .NET CLR 1.1.4322; .NET CLR 2.0.50727)"
83.91.41.235 - - [28/Feb/2006:00:36:10 +0100] "GET /twiki/pub/TWiki/PatternSkin/style.css HTTP/1.1" 200 20582 "http://lavrsen.dk/twiki/bin/view/Sandbox/TestTopic1" "Mozilla/4.0 (compatible; MSIE 6.0; Windows NT 5.1; SV1; .NET CLR 1.1.4322; .NET CLR 2.0.50727)"
83.91.41.235 - - [28/Feb/2006:00:36:11 +0100] "GET /twiki/pub/Main/TWikiPreferences/user.css HTTP/1.1" 304 - "http://lavrsen.dk/twiki/bin/view/Sandbox/TestTopic1" "Mozilla/4.0 (compatible; MSIE 6.0; Windows NT 5.1; SV1; .NET CLR 1.1.4322; .NET CLR 2.0.50727)"
63.198.128.208 - - [28/Feb/2006:00:36:10 +0100] "GET /twiki/bin/view/Motion/WebSearch HTTP/1.1" 200 20570 "http://www.lavrsen.dk/twiki/bin/view/Motion/WebSearch?search=Illegal+instruction&x=0&y=0" "Mozilla/5.0 (Windows; U; Windows NT 5.2; en-US; rv:1.8.0.1) Gecko/20060111 Firefox/1.5.0.1"
203.52.130.136 - - [28/Feb/2006:00:36:12 +0100] "GET /twiki/bin/view/Motion/MotionTechnology HTTP/1.0" 200 22007 "http://www.lavrsen.dk/twiki/bin/view/Motion/WebHome" "Mozilla/4.0 (compatible; MSIE 7.0; Windows NT 5.1; SV1; .NET CLR 1.1.4322)"
203.52.130.137 - - [28/Feb/2006:00:36:14 +0100] "GET /twiki/pub/TWiki/TWikiDocGraphics/toggleopen.gif HTTP/1.0" 200 143 "http://www.lavrsen.dk/twiki/bin/view/Motion/MotionTechnology" "Mozilla/4.0 (compatible; MSIE 7.0; Windows NT 5.1; SV1; .NET CLR 1.1.4322)"
83.91.41.235 - - [28/Feb/2006:00:36:13 +0100] "GET /twiki/bin/edit/Sandbox/TestTopic1?t=1141083368 HTTP/1.1" 401 29472 "http://lavrsen.dk/twiki/bin/view/Sandbox/TestTopic1" "Mozilla/4.0 (compatible; MSIE 6.0; Windows NT 5.1; SV1; .NET CLR 1.1.4322; .NET CLR 2.0.50727)"
203.52.130.137 - - [28/Feb/2006:00:36:14 +0100] "GET /twiki/pub/TWiki/TWikiDocGraphics/toggleclose.gif HTTP/1.0" 200 142 "http://www.lavrsen.dk/twiki/bin/view/Motion/MotionTechnology" "Mozilla/4.0 (compatible; MSIE 7.0; Windows NT 5.1; SV1; .NET CLR 1.1.4322)"
203.52.130.137 - - [28/Feb/2006:00:36:14 +0100] "GET /twiki/pub/TWiki/TWikiDocGraphics/else.gif HTTP/1.0" 200 366 "http://www.lavrsen.dk/twiki/bin/view/Motion/MotionTechnology" "Mozilla/4.0 (compatible; MSIE 7.0; Windows NT 5.1; SV1; .NET CLR 1.1.4322)"
63.198.128.208 - - [28/Feb/2006:00:36:13 +0100] "GET /twiki/bin/view/Motion/BugReport2005x01x30x190907 HTTP/1.1" 200 26213 "http://www.lavrsen.dk/twiki/bin/view/Motion/WebSearch?search=Illegal+instruction&x=0&y=0" "Mozilla/5.0 (Windows; U; Windows NT 5.2; en-US; rv:1.8.0.1) Gecko/20060111 Firefox/1.5.0.1"
63.198.128.208 - - [28/Feb/2006:00:36:15 +0100] "GET /twiki/pub/TWiki/SmiliesPlugin/smile.gif HTTP/1.1" 200 93 "http://www.lavrsen.dk/twiki/bin/view/Motion/BugReport2005x01x30x190907" "Mozilla/5.0 (Windows; U; Windows NT 5.2; en-US; rv:1.8.0.1) Gecko/20060111 Firefox/1.5.0.1"
63.198.128.208 - - [28/Feb/2006:00:36:15 +0100] "GET /twiki/bin/view/Motion/BugReport2005x01x30x190907 HTTP/1.1" 200 26213 "http://www.lavrsen.dk/twiki/bin/view/Motion/BugReport2005x01x30x190907" "Mozilla/5.0 (Windows; U; Windows NT 5.2; en-US; rv:1.8.0.1) Gecko/20060111 Firefox/1.5.0.1"
83.91.41.235 - - [28/Feb/2006:00:36:17 +0100] "GET /twiki/pub/TWiki/TWikiJavascripts/twiki.js HTTP/1.1" 304 - "http://lavrsen.dk/twiki/bin/edit/Sandbox/TestTopic1?t=1141083368" "Mozilla/4.0 (compatible; MSIE 6.0; Windows NT 5.1; SV1; .NET CLR 1.1.4322; .NET CLR 2.0.50727)"
83.91.41.235 - - [28/Feb/2006:00:36:17 +0100] "GET /twiki/pub/TWiki/PatternSkin/pattern.js HTTP/1.1" 304 - "http://lavrsen.dk/twiki/bin/edit/Sandbox/TestTopic1?t=1141083368" "Mozilla/4.0 (compatible; MSIE 6.0; Windows NT 5.1; SV1; .NET CLR 1.1.4322; .NET CLR 2.0.50727)"
83.91.41.235 - KennethLavrsen [28/Feb/2006:00:36:15 +0100] "GET /twiki/bin/edit/Sandbox/TestTopic1?t=1141083368 HTTP/1.1" 200 12905 "http://lavrsen.dk/twiki/bin/view/Sandbox/TestTopic1" "Mozilla/4.0 (compatible; MSIE 6.0; Windows NT 5.1; SV1; .NET CLR 1.1.4322; .NET CLR 2.0.50727)"
212.195.36.163 - - [28/Feb/2006:00:36:15 +0100] "GET /twiki/bin/view/Motion/DownloadFiles HTTP/1.1" 200 20458 "http://www.lavrsen.dk/twiki/bin/view/Motion/WebHome" "Mozilla/5.0 (compatible; Konqueror/3.3; Linux) KHTML/3.3.2 (like Gecko)"
83.91.41.235 - - [28/Feb/2006:00:36:17 +0100] "GET /twiki/pub/TWiki/TwistyContrib/twist.js HTTP/1.1" 304 - "http://lavrsen.dk/twiki/bin/edit/Sandbox/TestTopic1?t=1141083368" "Mozilla/4.0 (compatible; MSIE 6.0; Windows NT 5.1; SV1; .NET CLR 1.1.4322; .NET CLR 2.0.50727)"
83.91.41.235 - - [28/Feb/2006:00:36:18 +0100] "GET /twiki/pub/TWiki/TWikiJavascripts/twiki_edit.js HTTP/1.1" 200 4624 "http://lavrsen.dk/twiki/bin/edit/Sandbox/TestTopic1?t=1141083368" "Mozilla/4.0 (compatible; MSIE 6.0; Windows NT 5.1; SV1; .NET CLR 1.1.4322; .NET CLR 2.0.50727)"
83.91.41.235 - - [28/Feb/2006:00:36:18 +0100] "GET /twiki/pub/TWiki/TWikiDocGraphics/toggleopen-small.gif HTTP/1.1" 200 136 "http://lavrsen.dk/twiki/bin/edit/Sandbox/TestTopic1?t=1141083368" "Mozilla/4.0 (compatible; MSIE 6.0; Windows NT 5.1; SV1; .NET CLR 1.1.4322; .NET CLR 2.0.50727)"
83.91.41.235 - - [28/Feb/2006:00:36:18 +0100] "GET /twiki/pub/TWiki/TWikiDocGraphics/toggleclose-small.gif HTTP/1.1" 200 135 "http://lavrsen.dk/twiki/bin/edit/Sandbox/TestTopic1?t=1141083368" "Mozilla/4.0 (compatible; MSIE 6.0; Windows NT 5.1; SV1; .NET CLR 1.1.4322; .NET CLR 2.0.50727)"
83.91.41.235 - - [28/Feb/2006:00:36:18 +0100] "GET /twiki/pub/TWiki/TWikiDocGraphics/monospace.gif HTTP/1.1" 200 145 "http://lavrsen.dk/twiki/bin/edit/Sandbox/TestTopic1?t=1141083368" "Mozilla/4.0 (compatible; MSIE 6.0; Windows NT 5.1; SV1; .NET CLR 1.1.4322; .NET CLR 2.0.50727)"
83.91.41.235 - - [28/Feb/2006:00:36:18 +0100] "GET /twiki/pub/TWiki/TWikiDocGraphics/proportional.gif HTTP/1.1" 200 137 "http://lavrsen.dk/twiki/bin/edit/Sandbox/TestTopic1?t=1141083368" "Mozilla/4.0 (compatible; MSIE 6.0; Windows NT 5.1; SV1; .NET CLR 1.1.4322; .NET CLR 2.0.50727)"
83.91.41.235 - - [28/Feb/2006:00:36:18 +0100] "GET /twiki/pub/TWiki/TWikiDocGraphics/arrowdown.gif HTTP/1.1" 200 97 "http://lavrsen.dk/twiki/bin/edit/Sandbox/TestTopic1?t=1141083368" "Mozilla/4.0 (compatible; MSIE 6.0; Windows NT 5.1; SV1; .NET CLR 1.1.4322; .NET CLR 2.0.50727)"
83.91.41.235 - - [28/Feb/2006:00:36:18 +0100] "GET /twiki/pub/TWiki/TWikiDocGraphics/arrowup.gif HTTP/1.1" 200 97 "http://lavrsen.dk/twiki/bin/edit/Sandbox/TestTopic1?t=1141083368" "Mozilla/4.0 (compatible; MSIE 6.0; Windows NT 5.1; SV1; .NET CLR 1.1.4322; .NET CLR 2.0.50727)"
83.91.41.235 - - [28/Feb/2006:00:36:18 +0100] "GET /twiki/pub/TWiki/TwistyContrib/twist.css HTTP/1.1" 304 - "http://lavrsen.dk/twiki/bin/edit/Sandbox/TestTopic1?t=1141083368" "Mozilla/4.0 (compatible; MSIE 6.0; Windows NT 5.1; SV1; .NET CLR 1.1.4322; .NET CLR 2.0.50727)"
83.91.41.235 - - [28/Feb/2006:00:36:18 +0100] "GET /twiki/pub/TWiki/PatternSkin/layout.css HTTP/1.1" 304 - "http://lavrsen.dk/twiki/bin/edit/Sandbox/TestTopic1?t=1141083368" "Mozilla/4.0 (compatible; MSIE 6.0; Windows NT 5.1; SV1; .NET CLR 1.1.4322; .NET CLR 2.0.50727)"
83.91.41.235 - - [28/Feb/2006:00:36:18 +0100] "GET /twiki/pub/TWiki/PatternSkin/style.css HTTP/1.1" 304 - "http://lavrsen.dk/twiki/bin/edit/Sandbox/TestTopic1?t=1141083368" "Mozilla/4.0 (compatible; MSIE 6.0; Windows NT 5.1; SV1; .NET CLR 1.1.4322; .NET CLR 2.0.50727)"
83.91.41.235 - - [28/Feb/2006:00:36:18 +0100] "GET /twiki/pub/TWiki/PatternSkin/colors.css HTTP/1.1" 304 - "http://lavrsen.dk/twiki/bin/edit/Sandbox/TestTopic1?t=1141083368" "Mozilla/4.0 (compatible; MSIE 6.0; Windows NT 5.1; SV1; .NET CLR 1.1.4322; .NET CLR 2.0.50727)"
83.91.41.235 - - [28/Feb/2006:00:36:18 +0100] "GET /twiki/pub/Main/TWikiPreferences/user.css HTTP/1.1" 304 - "http://lavrsen.dk/twiki/bin/edit/Sandbox/TestTopic1?t=1141083368" "Mozilla/4.0 (compatible; MSIE 6.0; Windows NT 5.1; SV1; .NET CLR 1.1.4322; .NET CLR 2.0.50727)"
83.91.41.235 - - [28/Feb/2006:00:36:20 +0100] "POST /twiki/bin/save/Sandbox/TestTopic1 HTTP/1.1" 401 29595 "http://lavrsen.dk/twiki/bin/edit/Sandbox/TestTopic1?t=1141083368" "Mozilla/4.0 (compatible; MSIE 6.0; Windows NT 5.1; SV1; .NET CLR 1.1.4322; .NET CLR 2.0.50727)"
83.91.41.235 - KennethLavrsen [28/Feb/2006:00:36:21 +0100] "POST /twiki/bin/save/Sandbox/TestTopic1 HTTP/1.1" 302 - "http://lavrsen.dk/twiki/bin/edit/Sandbox/TestTopic1?t=1141083368" "Mozilla/4.0 (compatible; MSIE 6.0; Windows NT 5.1; SV1; .NET CLR 1.1.4322; .NET CLR 2.0.50727)"
83.91.41.235 - - [28/Feb/2006:00:36:23 +0100] "GET /twiki/pub/TWiki/TWikiJavascripts/twiki.js HTTP/1.1" 304 - "http://lavrsen.dk/twiki/bin/view/Sandbox/TestTopic1" "Mozilla/4.0 (compatible; MSIE 6.0; Windows NT 5.1; SV1; .NET CLR 1.1.4322; .NET CLR 2.0.50727)"
83.91.41.235 - - [28/Feb/2006:00:36:23 +0100] "GET /twiki/pub/TWiki/PatternSkin/pattern.js HTTP/1.1" 304 - "http://lavrsen.dk/twiki/bin/view/Sandbox/TestTopic1" "Mozilla/4.0 (compatible; MSIE 6.0; Windows NT 5.1; SV1; .NET CLR 1.1.4322; .NET CLR 2.0.50727)"
83.91.41.235 - - [28/Feb/2006:00:36:22 +0100] "GET /twiki/bin/view/Sandbox/TestTopic1 HTTP/1.1" 200 20056 "http://lavrsen.dk/twiki/bin/edit/Sandbox/TestTopic1?t=1141083368" "Mozilla/4.0 (compatible; MSIE 6.0; Windows NT 5.1; SV1; .NET CLR 1.1.4322; .NET CLR 2.0.50727)"
83.91.41.235 - - [28/Feb/2006:00:36:24 +0100] "GET /twiki/pub/TWiki/TwistyContrib/twist.js HTTP/1.1" 304 - "http://lavrsen.dk/twiki/bin/view/Sandbox/TestTopic1" "Mozilla/4.0 (compatible; MSIE 6.0; Windows NT 5.1; SV1; .NET CLR 1.1.4322; .NET CLR 2.0.50727)"
83.91.41.235 - - [28/Feb/2006:00:36:24 +0100] "GET /twiki/pub/TWiki/TWikiDocGraphics/arrowright.gif HTTP/1.1" 304 - "http://lavrsen.dk/twiki/bin/view/Sandbox/TestTopic1" "Mozilla/4.0 (compatible; MSIE 6.0; Windows NT 5.1; SV1; .NET CLR 1.1.4322; .NET CLR 2.0.50727)"
83.91.41.235 - - [28/Feb/2006:00:36:24 +0100] "GET /twiki/pub/TWiki/TWikiDocGraphics/searchtopic.gif HTTP/1.1" 304 - "http://lavrsen.dk/twiki/bin/view/Sandbox/TestTopic1" "Mozilla/4.0 (compatible; MSIE 6.0; Windows NT 5.1; SV1; .NET CLR 1.1.4322; .NET CLR 2.0.50727)"
83.91.41.235 - - [28/Feb/2006:00:36:24 +0100] "GET /twiki/pub/Main/TWikiPreferences/kennethwiki-trans.gif HTTP/1.1" 304 - "http://lavrsen.dk/twiki/bin/view/Sandbox/TestTopic1" "Mozilla/4.0 (compatible; MSIE 6.0; Windows NT 5.1; SV1; .NET CLR 1.1.4322; .NET CLR 2.0.50727)"
83.91.41.235 - - [28/Feb/2006:00:36:24 +0100] "GET /twiki/pub/TWiki/TwistyContrib/twist.css HTTP/1.1" 304 - "http://lavrsen.dk/twiki/bin/view/Sandbox/TestTopic1" "Mozilla/4.0 (compatible; MSIE 6.0; Windows NT 5.1; SV1; .NET CLR 1.1.4322; .NET CLR 2.0.50727)"
83.91.41.235 - - [28/Feb/2006:00:36:24 +0100] "GET /twiki/pub/TWiki/TWikiDocGraphics/newtopic.gif HTTP/1.1" 304 - "http://lavrsen.dk/twiki/bin/view/Sandbox/TestTopic1" "Mozilla/4.0 (compatible; MSIE 6.0; Windows NT 5.1; SV1; .NET CLR 1.1.4322; .NET CLR 2.0.50727)"
83.91.41.235 - - [28/Feb/2006:00:36:24 +0100] "GET /twiki/pub/TWiki/TWikiDocGraphics/index.gif HTTP/1.1" 304 - "http://lavrsen.dk/twiki/bin/view/Sandbox/TestTopic1" "Mozilla/4.0 (compatible; MSIE 6.0; Windows NT 5.1; SV1; .NET CLR 1.1.4322; .NET CLR 2.0.50727)"
83.91.41.235 - - [28/Feb/2006:00:36:24 +0100] "GET /twiki/pub/TWiki/PatternSkin/layout.css HTTP/1.1" 304 - "http://lavrsen.dk/twiki/bin/view/Sandbox/TestTopic1" "Mozilla/4.0 (compatible; MSIE 6.0; Windows NT 5.1; SV1; .NET CLR 1.1.4322; .NET CLR 2.0.50727)"
83.91.41.235 - - [28/Feb/2006:00:36:24 +0100] "GET /twiki/pub/TWiki/PatternSkin/style.css HTTP/1.1" 304 - "http://lavrsen.dk/twiki/bin/view/Sandbox/TestTopic1" "Mozilla/4.0 (compatible; MSIE 6.0; Windows NT 5.1; SV1; .NET CLR 1.1.4322; .NET CLR 2.0.50727)"
83.91.41.235 - - [28/Feb/2006:00:36:24 +0100] "GET /twiki/pub/TWiki/TWikiDocGraphics/changes.gif HTTP/1.1" 304 - "http://lavrsen.dk/twiki/bin/view/Sandbox/TestTopic1" "Mozilla/4.0 (compatible; MSIE 6.0; Windows NT 5.1; SV1; .NET CLR 1.1.4322; .NET CLR 2.0.50727)"
83.91.41.235 - - [28/Feb/2006:00:36:24 +0100] "GET /twiki/pub/TWiki/TWikiDocGraphics/home.gif HTTP/1.1" 304 - "http://lavrsen.dk/twiki/bin/view/Sandbox/TestTopic1" "Mozilla/4.0 (compatible; MSIE 6.0; Windows NT 5.1; SV1; .NET CLR 1.1.4322; .NET CLR 2.0.50727)"
83.91.41.235 - - [28/Feb/2006:00:36:24 +0100] "GET /twiki/pub/TWiki/PatternSkin/colors.css HTTP/1.1" 304 - "http://lavrsen.dk/twiki/bin/view/Sandbox/TestTopic1" "Mozilla/4.0 (compatible; MSIE 6.0; Windows NT 5.1; SV1; .NET CLR 1.1.4322; .NET CLR 2.0.50727)"
83.91.41.235 - - [28/Feb/2006:00:36:24 +0100] "GET /twiki/pub/Main/TWikiPreferences/user.css HTTP/1.1" 304 - "http://lavrsen.dk/twiki/bin/view/Sandbox/TestTopic1" "Mozilla/4.0 (compatible; MSIE 6.0; Windows NT 5.1; SV1; .NET CLR 1.1.4322; .NET CLR 2.0.50727)"
83.91.41.235 - - [28/Feb/2006:00:36:24 +0100] "GET /twiki/pub/TWiki/TWikiDocGraphics/statistics.gif HTTP/1.1" 304 - "http://lavrsen.dk/twiki/bin/view/Sandbox/TestTopic1" "Mozilla/4.0 (compatible; MSIE 6.0; Windows NT 5.1; SV1; .NET CLR 1.1.4322; .NET CLR 2.0.50727)"
83.91.41.235 - - [28/Feb/2006:00:36:24 +0100] "GET /twiki/pub/TWiki/TWikiDocGraphics/wrench.gif HTTP/1.1" 304 - "http://lavrsen.dk/twiki/bin/view/Sandbox/TestTopic1" "Mozilla/4.0 (compatible; MSIE 6.0; Windows NT 5.1; SV1; .NET CLR 1.1.4322; .NET CLR 2.0.50727)"
83.91.41.235 - - [28/Feb/2006:00:36:24 +0100] "GET /twiki/pub/TWiki/TWikiDocGraphics/web-bg.gif HTTP/1.1" 304 - "http://lavrsen.dk/twiki/bin/view/Sandbox/TestTopic1" "Mozilla/4.0 (compatible; MSIE 6.0; Windows NT 5.1; SV1; .NET CLR 1.1.4322; .NET CLR 2.0.50727)"
83.91.41.235 - - [28/Feb/2006:00:36:24 +0100] "GET /twiki/pub/TWiki/TWikiDocGraphics/web-bg-small.gif HTTP/1.1" 304 - "http://lavrsen.dk/twiki/bin/view/Sandbox/TestTopic1" "Mozilla/4.0 (compatible; MSIE 6.0; Windows NT 5.1; SV1; .NET CLR 1.1.4322; .NET CLR 2.0.50727)"
83.91.41.235 - - [28/Feb/2006:00:36:24 +0100] "GET /twiki/pub/TWiki/TWikiDocGraphics/toggleopen.gif HTTP/1.1" 304 - "http://lavrsen.dk/twiki/bin/view/Sandbox/TestTopic1" "Mozilla/4.0 (compatible; MSIE 6.0; Windows NT 5.1; SV1; .NET CLR 1.1.4322; .NET CLR 2.0.50727)"
83.91.41.235 - - [28/Feb/2006:00:36:24 +0100] "GET /twiki/pub/TWiki/TWikiDocGraphics/toggleclose.gif HTTP/1.1" 304 - "http://lavrsen.dk/twiki/bin/view/Sandbox/TestTopic1" "Mozilla/4.0 (compatible; MSIE 6.0; Windows NT 5.1; SV1; .NET CLR 1.1.4322; .NET CLR 2.0.50727)"
83.91.41.235 - - [28/Feb/2006:00:36:24 +0100] "GET /twiki/pub/TWiki/TWikiDocGraphics/jpg.gif HTTP/1.1" 304 - "http://lavrsen.dk/twiki/bin/view/Sandbox/TestTopic1" "Mozilla/4.0 (compatible; MSIE 6.0; Windows NT 5.1; SV1; .NET CLR 1.1.4322; .NET CLR 2.0.50727)"
83.91.41.235 - - [28/Feb/2006:00:36:24 +0100] "GET /twiki/pub/TWiki/TWikiDocGraphics/txt.gif HTTP/1.1" 304 - "http://lavrsen.dk/twiki/bin/view/Sandbox/TestTopic1" "Mozilla/4.0 (compatible; MSIE 6.0; Windows NT 5.1; SV1; .NET CLR 1.1.4322; .NET CLR 2.0.50727)"
83.91.41.235 - - [28/Feb/2006:00:36:24 +0100] "GET /twiki/pub/TWiki/TWikiDocGraphics/notify.gif HTTP/1.1" 304 - "http://lavrsen.dk/twiki/bin/view/Sandbox/TestTopic1" "Mozilla/4.0 (compatible; MSIE 6.0; Windows NT 5.1; SV1; .NET CLR 1.1.4322; .NET CLR 2.0.50727)"
203.221.251.99 - - [28/Feb/2006:00:36:25 +0100] "GET /twiki/pub/TWiki/TWikiJavascripts/twiki.js HTTP/1.1" 304 - "http://www.lavrsen.dk/twiki/bin/view/Motion/GSTMotionDiscussion" "Mozilla/5.0 (Photon; U; QNX x86pc; en-US; rv:1.7.5) Gecko/20041126 Firefox/1.0"
203.221.251.99 - - [28/Feb/2006:00:36:22 +0100] "GET /twiki/bin/view/Motion/GSTMotionDiscussion HTTP/1.1" 200 43646 "http://www.lavrsen.dk/twiki/bin/view/Motion/MotionRearchitectureDiscussion" "Mozilla/5.0 (Photon; U; QNX x86pc; en-US; rv:1.7.5) Gecko/20041126 Firefox/1.0"
203.221.251.99 - - [28/Feb/2006:00:36:27 +0100] "GET /twiki/pub/TWiki/PatternSkin/pattern.js HTTP/1.1" 304 - "http://www.lavrsen.dk/twiki/bin/view/Motion/GSTMotionDiscussion" "Mozilla/5.0 (Photon; U; QNX x86pc; en-US; rv:1.7.5) Gecko/20041126 Firefox/1.0"
83.91.41.235 - - [28/Feb/2006:00:36:28 +0100] "GET /twiki/pub/TWiki/TWikiJavascripts/twiki.js HTTP/1.1" 304 - "http://lavrsen.dk/twiki/bin/edit/Sandbox/TestTopic1?t=1141083383" "Mozilla/4.0 (compatible; MSIE 6.0; Windows NT 5.1; SV1; .NET CLR 1.1.4322; .NET CLR 2.0.50727)"
83.91.41.235 - KennethLavrsen [28/Feb/2006:00:36:26 +0100] "GET /twiki/bin/edit/Sandbox/TestTopic1?t=1141083383 HTTP/1.1" 200 12905 "http://lavrsen.dk/twiki/bin/view/Sandbox/TestTopic1" "Mozilla/4.0 (compatible; MSIE 6.0; Windows NT 5.1; SV1; .NET CLR 1.1.4322; .NET CLR 2.0.50727)"
203.221.251.99 - - [28/Feb/2006:00:36:28 +0100] "GET /twiki/pub/TWiki/TwistyContrib/twist.js HTTP/1.1" 304 - "http://www.lavrsen.dk/twiki/bin/view/Motion/GSTMotionDiscussion" "Mozilla/5.0 (Photon; U; QNX x86pc; en-US; rv:1.7.5) Gecko/20041126 Firefox/1.0"
80.221.240.228 - - [28/Feb/2006:00:36:26 +0100] "GET /twiki/bin/view/Open2300/OpenWSAPI HTTP/1.1" 200 41484 "http://www.lavrsen.dk/twiki/bin/view/Open2300/WebHome" "Mozilla/5.0 (X11; U; FreeBSD i386; en-US; rv:1.1) Gecko/20021219"
83.91.41.235 - - [28/Feb/2006:00:36:28 +0100] "GET /twiki/pub/TWiki/PatternSkin/pattern.js HTTP/1.1" 304 - "http://lavrsen.dk/twiki/bin/edit/Sandbox/TestTopic1?t=1141083383" "Mozilla/4.0 (compatible; MSIE 6.0; Windows NT 5.1; SV1; .NET CLR 1.1.4322; .NET CLR 2.0.50727)"
83.91.41.235 - - [28/Feb/2006:00:36:28 +0100] "GET /twiki/pub/TWiki/TwistyContrib/twist.js HTTP/1.1" 304 - "http://lavrsen.dk/twiki/bin/edit/Sandbox/TestTopic1?t=1141083383" "Mozilla/4.0 (compatible; MSIE 6.0; Windows NT 5.1; SV1; .NET CLR 1.1.4322; .NET CLR 2.0.50727)"
83.91.41.235 - - [28/Feb/2006:00:36:28 +0100] "GET /twiki/pub/TWiki/TWikiJavascripts/twiki_edit.js HTTP/1.1" 304 - "http://lavrsen.dk/twiki/bin/edit/Sandbox/TestTopic1?t=1141083383" "Mozilla/4.0 (compatible; MSIE 6.0; Windows NT 5.1; SV1; .NET CLR 1.1.4322; .NET CLR 2.0.50727)"
83.91.41.235 - - [28/Feb/2006:00:36:28 +0100] "GET /twiki/pub/TWiki/TWikiDocGraphics/toggleopen-small.gif HTTP/1.1" 304 - "http://lavrsen.dk/twiki/bin/edit/Sandbox/TestTopic1?t=1141083383" "Mozilla/4.0 (compatible; MSIE 6.0; Windows NT 5.1; SV1; .NET CLR 1.1.4322; .NET CLR 2.0.50727)"
83.91.41.235 - - [28/Feb/2006:00:36:28 +0100] "GET /twiki/pub/TWiki/TwistyContrib/twist.css HTTP/1.1" 304 - "http://lavrsen.dk/twiki/bin/edit/Sandbox/TestTopic1?t=1141083383" "Mozilla/4.0 (compatible; MSIE 6.0; Windows NT 5.1; SV1; .NET CLR 1.1.4322; .NET CLR 2.0.50727)"
83.91.41.235 - - [28/Feb/2006:00:36:28 +0100] "GET /twiki/pub/TWiki/PatternSkin/layout.css HTTP/1.1" 304 - "http://lavrsen.dk/twiki/bin/edit/Sandbox/TestTopic1?t=1141083383" "Mozilla/4.0 (compatible; MSIE 6.0; Windows NT 5.1; SV1; .NET CLR 1.1.4322; .NET CLR 2.0.50727)"
83.91.41.235 - - [28/Feb/2006:00:36:28 +0100] "GET /twiki/pub/TWiki/TWikiDocGraphics/monospace.gif HTTP/1.1" 304 - "http://lavrsen.dk/twiki/bin/edit/Sandbox/TestTopic1?t=1141083383" "Mozilla/4.0 (compatible; MSIE 6.0; Windows NT 5.1; SV1; .NET CLR 1.1.4322; .NET CLR 2.0.50727)"
83.91.41.235 - - [28/Feb/2006:00:36:28 +0100] "GET /twiki/pub/TWiki/TWikiDocGraphics/toggleclose-small.gif HTTP/1.1" 304 - "http://lavrsen.dk/twiki/bin/edit/Sandbox/TestTopic1?t=1141083383" "Mozilla/4.0 (compatible; MSIE 6.0; Windows NT 5.1; SV1; .NET CLR 1.1.4322; .NET CLR 2.0.50727)"
83.91.41.235 - - [28/Feb/2006:00:36:28 +0100] "GET /twiki/pub/TWiki/TWikiDocGraphics/proportional.gif HTTP/1.1" 304 - "http://lavrsen.dk/twiki/bin/edit/Sandbox/TestTopic1?t=1141083383" "Mozilla/4.0 (compatible; MSIE 6.0; Windows NT 5.1; SV1; .NET CLR 1.1.4322; .NET CLR 2.0.50727)"
83.91.41.235 - - [28/Feb/2006:00:36:28 +0100] "GET /twiki/pub/TWiki/PatternSkin/style.css HTTP/1.1" 304 - "http://lavrsen.dk/twiki/bin/edit/Sandbox/TestTopic1?t=1141083383" "Mozilla/4.0 (compatible; MSIE 6.0; Windows NT 5.1; SV1; .NET CLR 1.1.4322; .NET CLR 2.0.50727)"
83.91.41.235 - - [28/Feb/2006:00:36:28 +0100] "GET /twiki/pub/TWiki/TWikiDocGraphics/arrowdown.gif HTTP/1.1" 304 - "http://lavrsen.dk/twiki/bin/edit/Sandbox/TestTopic1?t=1141083383" "Mozilla/4.0 (compatible; MSIE 6.0; Windows NT 5.1; SV1; .NET CLR 1.1.4322; .NET CLR 2.0.50727)"
83.91.41.235 - - [28/Feb/2006:00:36:28 +0100] "GET /twiki/pub/TWiki/TWikiDocGraphics/arrowup.gif HTTP/1.1" 304 - "http://lavrsen.dk/twiki/bin/edit/Sandbox/TestTopic1?t=1141083383" "Mozilla/4.0 (compatible; MSIE 6.0; Windows NT 5.1; SV1; .NET CLR 1.1.4322; .NET CLR 2.0.50727)"
83.91.41.235 - - [28/Feb/2006:00:36:28 +0100] "GET /twiki/pub/Main/TWikiPreferences/user.css HTTP/1.1" 304 - "http://lavrsen.dk/twiki/bin/edit/Sandbox/TestTopic1?t=1141083383" "Mozilla/4.0 (compatible; MSIE 6.0; Windows NT 5.1; SV1; .NET CLR 1.1.4322; .NET CLR 2.0.50727)"
83.91.41.235 - - [28/Feb/2006:00:36:28 +0100] "GET /twiki/pub/TWiki/PatternSkin/colors.css HTTP/1.1" 304 - "http://lavrsen.dk/twiki/bin/edit/Sandbox/TestTopic1?t=1141083383" "Mozilla/4.0 (compatible; MSIE 6.0; Windows NT 5.1; SV1; .NET CLR 1.1.4322; .NET CLR 2.0.50727)"
203.221.251.99 - - [28/Feb/2006:00:36:29 +0100] "GET /twiki/pub/TWiki/TwistyContrib/twist.css HTTP/1.1" 304 - "http://www.lavrsen.dk/twiki/bin/view/Motion/GSTMotionDiscussion" "Mozilla/5.0 (Photon; U; QNX x86pc; en-US; rv:1.7.5) Gecko/20041126 Firefox/1.0"
203.221.251.99 - - [28/Feb/2006:00:36:29 +0100] "GET /twiki/pub/TWiki/PatternSkin/layout.css HTTP/1.1" 304 - "http://www.lavrsen.dk/twiki/bin/view/Motion/GSTMotionDiscussion" "Mozilla/5.0 (Photon; U; QNX x86pc; en-US; rv:1.7.5) Gecko/20041126 Firefox/1.0"
203.221.251.99 - - [28/Feb/2006:00:36:29 +0100] "GET /twiki/pub/TWiki/PatternSkin/style.css HTTP/1.1" 304 - "http://www.lavrsen.dk/twiki/bin/view/Motion/GSTMotionDiscussion" "Mozilla/5.0 (Photon; U; QNX x86pc; en-US; rv:1.7.5) Gecko/20041126 Firefox/1.0"
80.221.240.228 - - [28/Feb/2006:00:36:29 +0100] "GET /twiki/bin/view/Open2300/OpenWSAPI HTTP/1.1" 200 41484 "http://www.lavrsen.dk/twiki/bin/view/Open2300/OpenWSAPI" "Mozilla/5.0 (X11; U; FreeBSD i386; en-US; rv:1.1) Gecko/20021219"
203.221.251.99 - - [28/Feb/2006:00:36:30 +0100] "GET /twiki/pub/TWiki/PatternSkin/colors.css HTTP/1.1" 304 - "http://www.lavrsen.dk/twiki/bin/view/Motion/GSTMotionDiscussion" "Mozilla/5.0 (Photon; U; QNX x86pc; en-US; rv:1.7.5) Gecko/20041126 Firefox/1.0"
203.221.251.99 - - [28/Feb/2006:00:36:31 +0100] "GET /twiki/pub/TWiki/TWikiDocGraphics/arrowright.gif HTTP/1.1" 304 - "http://www.lavrsen.dk/twiki/bin/view/Motion/GSTMotionDiscussion" "Mozilla/5.0 (Photon; U; QNX x86pc; en-US; rv:1.7.5) Gecko/20041126 Firefox/1.0"
203.221.251.99 - - [28/Feb/2006:00:36:31 +0100] "GET /twiki/pub/TWiki/TWikiDocGraphics/searchtopic.gif HTTP/1.1" 304 - "http://www.lavrsen.dk/twiki/bin/view/Motion/GSTMotionDiscussion" "Mozilla/5.0 (Photon; U; QNX x86pc; en-US; rv:1.7.5) Gecko/20041126 Firefox/1.0"
83.91.41.235 - KennethLavrsen [28/Feb/2006:00:36:30 +0100] "POST /twiki/bin/save/Sandbox/TestTopic1 HTTP/1.1" 302 - "http://lavrsen.dk/twiki/bin/edit/Sandbox/TestTopic1?t=1141083383" "Mozilla/4.0 (compatible; MSIE 6.0; Windows NT 5.1; SV1; .NET CLR 1.1.4322; .NET CLR 2.0.50727)"
203.221.251.99 - - [28/Feb/2006:00:36:32 +0100] "GET /twiki/pub/TWiki/TWikiDocGraphics/key.gif HTTP/1.1" 304 - "http://www.lavrsen.dk/twiki/bin/view/Motion/GSTMotionDiscussion" "Mozilla/5.0 (Photon; U; QNX x86pc; en-US; rv:1.7.5) Gecko/20041126 Firefox/1.0"
203.221.251.99 - - [28/Feb/2006:00:36:32 +0100] "GET /twiki/pub/TWiki/TWikiDocGraphics/web-bg.gif HTTP/1.1" 304 - "http://www.lavrsen.dk/twiki/bin/view/Motion/GSTMotionDiscussion" "Mozilla/5.0 (Photon; U; QNX x86pc; en-US; rv:1.7.5) Gecko/20041126 Firefox/1.0"
83.91.41.235 - - [28/Feb/2006:00:36:33 +0100] "GET /twiki/pub/TWiki/TWikiJavascripts/twiki.js HTTP/1.1" 304 - "http://lavrsen.dk/twiki/bin/view/Sandbox/TestTopic1" "Mozilla/4.0 (compatible; MSIE 6.0; Windows NT 5.1; SV1; .NET CLR 1.1.4322; .NET CLR 2.0.50727)"
83.91.41.235 - - [28/Feb/2006:00:36:33 +0100] "GET /twiki/pub/TWiki/PatternSkin/pattern.js HTTP/1.1" 304 - "http://lavrsen.dk/twiki/bin/view/Sandbox/TestTopic1" "Mozilla/4.0 (compatible; MSIE 6.0; Windows NT 5.1; SV1; .NET CLR 1.1.4322; .NET CLR 2.0.50727)"
83.91.41.235 - - [28/Feb/2006:00:36:33 +0100] "GET /twiki/pub/TWiki/TwistyContrib/twist.js HTTP/1.1" 304 - "http://lavrsen.dk/twiki/bin/view/Sandbox/TestTopic1" "Mozilla/4.0 (compatible; MSIE 6.0; Windows NT 5.1; SV1; .NET CLR 1.1.4322; .NET CLR 2.0.50727)"
83.91.41.235 - - [28/Feb/2006:00:36:32 +0100] "GET /twiki/bin/view/Sandbox/TestTopic1 HTTP/1.1" 200 20056 "http://lavrsen.dk/twiki/bin/edit/Sandbox/TestTopic1?t=1141083383" "Mozilla/4.0 (compatible; MSIE 6.0; Windows NT 5.1; SV1; .NET CLR 1.1.4322; .NET CLR 2.0.50727)"
83.91.41.235 - - [28/Feb/2006:00:36:33 +0100] "GET /twiki/pub/Main/TWikiPreferences/kennethwiki-trans.gif HTTP/1.1" 304 - "http://lavrsen.dk/twiki/bin/view/Sandbox/TestTopic1" "Mozilla/4.0 (compatible; MSIE 6.0; Windows NT 5.1; SV1; .NET CLR 1.1.4322; .NET CLR 2.0.50727)"
83.91.41.235 - - [28/Feb/2006:00:36:33 +0100] "GET /twiki/pub/TWiki/TWikiDocGraphics/arrowright.gif HTTP/1.1" 304 - "http://lavrsen.dk/twiki/bin/view/Sandbox/TestTopic1" "Mozilla/4.0 (compatible; MSIE 6.0; Windows NT 5.1; SV1; .NET CLR 1.1.4322; .NET CLR 2.0.50727)"
83.91.41.235 - - [28/Feb/2006:00:36:33 +0100] "GET /twiki/pub/TWiki/TWikiDocGraphics/searchtopic.gif HTTP/1.1" 304 - "http://lavrsen.dk/twiki/bin/view/Sandbox/TestTopic1" "Mozilla/4.0 (compatible; MSIE 6.0; Windows NT 5.1; SV1; .NET CLR 1.1.4322; .NET CLR 2.0.50727)"
83.91.41.235 - - [28/Feb/2006:00:36:33 +0100] "GET /twiki/pub/TWiki/TWikiDocGraphics/home.gif HTTP/1.1" 304 - "http://lavrsen.dk/twiki/bin/view/Sandbox/TestTopic1" "Mozilla/4.0 (compatible; MSIE 6.0; Windows NT 5.1; SV1; .NET CLR 1.1.4322; .NET CLR 2.0.50727)"
83.91.41.235 - - [28/Feb/2006:00:36:33 +0100] "GET /twiki/pub/TWiki/TWikiDocGraphics/newtopic.gif HTTP/1.1" 304 - "http://lavrsen.dk/twiki/bin/view/Sandbox/TestTopic1" "Mozilla/4.0 (compatible; MSIE 6.0; Windows NT 5.1; SV1; .NET CLR 1.1.4322; .NET CLR 2.0.50727)"
83.91.41.235 - - [28/Feb/2006:00:36:33 +0100] "GET /twiki/pub/TWiki/TWikiDocGraphics/index.gif HTTP/1.1" 304 - "http://lavrsen.dk/twiki/bin/view/Sandbox/TestTopic1" "Mozilla/4.0 (compatible; MSIE 6.0; Windows NT 5.1; SV1; .NET CLR 1.1.4322; .NET CLR 2.0.50727)"
83.91.41.235 - - [28/Feb/2006:00:36:33 +0100] "GET /twiki/pub/TWiki/TWikiDocGraphics/changes.gif HTTP/1.1" 304 - "http://lavrsen.dk/twiki/bin/view/Sandbox/TestTopic1" "Mozilla/4.0 (compatible; MSIE 6.0; Windows NT 5.1; SV1; .NET CLR 1.1.4322; .NET CLR 2.0.50727)"
83.91.41.235 - - [28/Feb/2006:00:36:33 +0100] "GET /twiki/pub/TWiki/TWikiDocGraphics/notify.gif HTTP/1.1" 304 - "http://lavrsen.dk/twiki/bin/view/Sandbox/TestTopic1" "Mozilla/4.0 (compatible; MSIE 6.0; Windows NT 5.1; SV1; .NET CLR 1.1.4322; .NET CLR 2.0.50727)"
83.91.41.235 - - [28/Feb/2006:00:36:33 +0100] "GET /twiki/pub/TWiki/TWikiDocGraphics/statistics.gif HTTP/1.1" 304 - "http://lavrsen.dk/twiki/bin/view/Sandbox/TestTopic1" "Mozilla/4.0 (compatible; MSIE 6.0; Windows NT 5.1; SV1; .NET CLR 1.1.4322; .NET CLR 2.0.50727)"
83.91.41.235 - - [28/Feb/2006:00:36:33 +0100] "GET /twiki/pub/TWiki/TWikiDocGraphics/wrench.gif HTTP/1.1" 304 - "http://lavrsen.dk/twiki/bin/view/Sandbox/TestTopic1" "Mozilla/4.0 (compatible; MSIE 6.0; Windows NT 5.1; SV1; .NET CLR 1.1.4322; .NET CLR 2.0.50727)"
83.91.41.235 - - [28/Feb/2006:00:36:33 +0100] "GET /twiki/pub/TWiki/TWikiDocGraphics/web-bg.gif HTTP/1.1" 304 - "http://lavrsen.dk/twiki/bin/view/Sandbox/TestTopic1" "Mozilla/4.0 (compatible; MSIE 6.0; Windows NT 5.1; SV1; .NET CLR 1.1.4322; .NET CLR 2.0.50727)"
83.91.41.235 - - [28/Feb/2006:00:36:33 +0100] "GET /twiki/pub/TWiki/TWikiDocGraphics/web-bg-small.gif HTTP/1.1" 304 - "http://lavrsen.dk/twiki/bin/view/Sandbox/TestTopic1" "Mozilla/4.0 (compatible; MSIE 6.0; Windows NT 5.1; SV1; .NET CLR 1.1.4322; .NET CLR 2.0.50727)"
83.91.41.235 - - [28/Feb/2006:00:36:33 +0100] "GET /twiki/pub/TWiki/TWikiDocGraphics/toggleopen.gif HTTP/1.1" 304 - "http://lavrsen.dk/twiki/bin/view/Sandbox/TestTopic1" "Mozilla/4.0 (compatible; MSIE 6.0; Windows NT 5.1; SV1; .NET CLR 1.1.4322; .NET CLR 2.0.50727)"
83.91.41.235 - - [28/Feb/2006:00:36:33 +0100] "GET /twiki/pub/TWiki/TWikiDocGraphics/toggleclose.gif HTTP/1.1" 304 - "http://lavrsen.dk/twiki/bin/view/Sandbox/TestTopic1" "Mozilla/4.0 (compatible; MSIE 6.0; Windows NT 5.1; SV1; .NET CLR 1.1.4322; .NET CLR 2.0.50727)"
83.91.41.235 - - [28/Feb/2006:00:36:33 +0100] "GET /twiki/pub/TWiki/TWikiDocGraphics/jpg.gif HTTP/1.1" 304 - "http://lavrsen.dk/twiki/bin/view/Sandbox/TestTopic1" "Mozilla/4.0 (compatible; MSIE 6.0; Windows NT 5.1; SV1; .NET CLR 1.1.4322; .NET CLR 2.0.50727)"
203.221.251.99 - - [28/Feb/2006:00:36:33 +0100] "GET /twiki/pub/TWiki/TWikiDocGraphics/web-bg-small.gif HTTP/1.1" 304 - "http://www.lavrsen.dk/twiki/bin/view/Motion/GSTMotionDiscussion" "Mozilla/5.0 (Photon; U; QNX x86pc; en-US; rv:1.7.5) Gecko/20041126 Firefox/1.0"
83.91.41.235 - - [28/Feb/2006:00:36:33 +0100] "GET /twiki/pub/TWiki/TWikiDocGraphics/txt.gif HTTP/1.1" 304 - "http://lavrsen.dk/twiki/bin/view/Sandbox/TestTopic1" "Mozilla/4.0 (compatible; MSIE 6.0; Windows NT 5.1; SV1; .NET CLR 1.1.4322; .NET CLR 2.0.50727)"
83.91.41.235 - - [28/Feb/2006:00:36:33 +0100] "GET /twiki/pub/TWiki/TwistyContrib/twist.css HTTP/1.1" 304 - "http://lavrsen.dk/twiki/bin/view/Sandbox/TestTopic1" "Mozilla/4.0 (compatible; MSIE 6.0; Windows NT 5.1; SV1; .NET CLR 1.1.4322; .NET CLR 2.0.50727)"
83.91.41.235 - - [28/Feb/2006:00:36:33 +0100] "GET /twiki/pub/TWiki/PatternSkin/layout.css HTTP/1.1" 304 - "http://lavrsen.dk/twiki/bin/view/Sandbox/TestTopic1" "Mozilla/4.0 (compatible; MSIE 6.0; Windows NT 5.1; SV1; .NET CLR 1.1.4322; .NET CLR 2.0.50727)"
83.91.41.235 - - [28/Feb/2006:00:36:33 +0100] "GET /twiki/pub/TWiki/PatternSkin/style.css HTTP/1.1" 304 - "http://lavrsen.dk/twiki/bin/view/Sandbox/TestTopic1" "Mozilla/4.0 (compatible; MSIE 6.0; Windows NT 5.1; SV1; .NET CLR 1.1.4322; .NET CLR 2.0.50727)"
83.91.41.235 - - [28/Feb/2006:00:36:33 +0100] "GET /twiki/pub/TWiki/PatternSkin/colors.css HTTP/1.1" 304 - "http://lavrsen.dk/twiki/bin/view/Sandbox/TestTopic1" "Mozilla/4.0 (compatible; MSIE 6.0; Windows NT 5.1; SV1; .NET CLR 1.1.4322; .NET CLR 2.0.50727)"
83.91.41.235 - - [28/Feb/2006:00:36:33 +0100] "GET /twiki/pub/Main/TWikiPreferences/user.css HTTP/1.1" 304 - "http://lavrsen.dk/twiki/bin/view/Sandbox/TestTopic1" "Mozilla/4.0 (compatible; MSIE 6.0; Windows NT 5.1; SV1; .NET CLR 1.1.4322; .NET CLR 2.0.50727)"
203.221.251.99 - - [28/Feb/2006:00:36:32 +0100] "GET /twiki/bin/view/Motion/GSTMotionDiscussion HTTP/1.1" 200 43646 "http://www.lavrsen.dk/twiki/bin/view/Motion/GSTMotionDiscussion" "Mozilla/5.0 (Photon; U; QNX x86pc; en-US; rv:1.7.5) Gecko/20041126 Firefox/1.0"
203.221.251.99 - - [28/Feb/2006:00:36:34 +0100] "GET /twiki/pub/TWiki/SmiliesPlugin/smile.gif HTTP/1.1" 304 - "http://www.lavrsen.dk/twiki/bin/view/Motion/GSTMotionDiscussion" "Mozilla/5.0 (Photon; U; QNX x86pc; en-US; rv:1.7.5) Gecko/20041126 Firefox/1.0"
203.221.251.99 - - [28/Feb/2006:00:36:35 +0100] "GET /twiki/pub/TWiki/TWikiDocGraphics/toggleopen.gif HTTP/1.1" 304 - "http://www.lavrsen.dk/twiki/bin/view/Motion/GSTMotionDiscussion" "Mozilla/5.0 (Photon; U; QNX x86pc; en-US; rv:1.7.5) Gecko/20041126 Firefox/1.0"
203.221.251.99 - - [28/Feb/2006:00:36:36 +0100] "GET /twiki/pub/TWiki/TWikiDocGraphics/toggleclose.gif HTTP/1.1" 304 - "http://www.lavrsen.dk/twiki/bin/view/Motion/GSTMotionDiscussion" "Mozilla/5.0 (Photon; U; QNX x86pc; en-US; rv:1.7.5) Gecko/20041126 Firefox/1.0"
203.221.251.99 - - [28/Feb/2006:00:36:35 +0100] "GET /twiki/pub/Motion/GSTMotionDiscussion/GSTMotion.png HTTP/1.1" 200 19080 "http://www.lavrsen.dk/twiki/bin/view/Motion/GSTMotionDiscussion" "Mozilla/5.0 (Photon; U; QNX x86pc; en-US; rv:1.7.5) Gecko/20041126 Firefox/1.0"
83.91.41.235 - - [28/Feb/2006:00:36:36 +0100] "GET /twiki/pub/TWiki/TWikiJavascripts/twiki.js HTTP/1.1" 304 - "http://lavrsen.dk/twiki/bin/edit/Sandbox/TestTopic1?t=1141083392" "Mozilla/4.0 (compatible; MSIE 6.0; Windows NT 5.1; SV1; .NET CLR 1.1.4322; .NET CLR 2.0.50727)"
